{"id":25,"date":"2015-02-20T16:00:34","date_gmt":"2015-02-20T16:00:34","guid":{"rendered":"https:\/\/www.medicina.ufmg.br\/alo\/?page_id=25"},"modified":"2025-02-19T12:57:59","modified_gmt":"2025-02-19T12:57:59","slug":"sobre","status":"publish","type":"page","link":"https:\/\/www.medicina.ufmg.br\/alo\/sobre\/","title":{"rendered":"Sobre"},"content":{"rendered":"\n<p>At\u00e9 o s\u00e9culo passado, as doen\u00e7as infecciosas eram a maior causa de morte e incapacidade em quase todos os pa\u00edses do mundo. Nos \u00faltimos 100 a 150 anos, as na\u00e7\u00f5es industrializadas passaram por uma transi\u00e7\u00e3o epidemiol\u00f3gica na qual a incid\u00eancia de doen\u00e7as infecciosas declinou com resultante diminui\u00e7\u00e3o da mortalidade infantil e subseq\u00fcente maior expectativa de vida. Ao mesmo tempo houve aumento de outras doen\u00e7as, particularmente, as degenerativas e as traum\u00e1ticas. Em muitas sociedades desenvolvidas o trauma \u00e9 a principal causa de anos potenciais de vida perdidos.<\/p>\n\n\n\n<!--more-->\n\n\n\n<p>Mudan\u00e7as semelhantes na morbidade\/mortalidade est\u00e3o ocorrendo nos pa\u00edses em desenvolvimento. As doen\u00e7as infecciosas, comuns na inf\u00e2ncia, v\u00eam diminuindo e no sentido contr\u00e1rio e simultaneamente a incid\u00eancia de trauma e de doen\u00e7as degenerativas vem aumentando nesses locais. A Organiza\u00e7\u00e3o Mundial de Sa\u00fade estima que em 2020 a situa\u00e7\u00e3o epidemiol\u00f3gica ter\u00e1 mudado para um ponto no qual mundialmente o trauma e as doen\u00e7as degenerativas ultrapassar\u00e3o as doen\u00e7as infecciosas em anos potenciais de vida perdidos.<\/p>\n\n\n\n<p>Sabe-se que desde a d\u00e9cada de 1970 os \u201creumatismos\u201d constituem a terceira causa de incapacidade principal de afastamento do trabalho no Brasil, e dados do INSS, de 1994, atestam que eles representam tamb\u00e9m a terceira causa de aposentadoria por invalidez. Em que pese o esfor\u00e7o do Minist\u00e9rio da Sa\u00fade, oficializando em 1992 o Programa de Educa\u00e7\u00e3o e Controle das Doen\u00e7as Reum\u00e1ticas, at\u00e9 hoje essas doen\u00e7as n\u00e3o se tornaram uma prioridade nos programas dos governos federal, estadual e municipal. As doen\u00e7as reum\u00e1ticas exigem gastos crescentes do Minist\u00e9rio da Sa\u00fade: foram R$ 46,5 milh\u00f5es em 1992 e mais de R$ 60 milh\u00f5es s\u00f3 no primeiro semestre de 1994. Os problemas de sa\u00fade atendidos pelo reumatologista, como osteoporose e seq\u00fcelas de febre reum\u00e1tica (estas respons\u00e1veis por 96% das cirurgias valvulares do pa\u00eds), s\u00e3o verdadeiros fantasmas para o SUS e a pol\u00edtica governamental de sa\u00fade. Considerando-se que, no Brasil, os recursos destinados \u00e0 pesquisa, diagn\u00f3stico e tratamento das doen\u00e7as reum\u00e1ticas s\u00e3o insuficientes e o ambiente social expressa preconceitos de desinteresse por tais pacientes, a incapacidade dos reum\u00e1ticos torna-se, na realidade, um problema de dimens\u00f5es assustadoras, sobretudo com o progresso envelhecimento da popula\u00e7\u00e3o.<\/p>\n\n\n\n<h2 class=\"wp-block-heading\">O Departamento do Aparelho Locomotor<\/h2>\n\n\n\n<p>O Departamento do Aparelho Locomotor congrega a Ortopedia, Traumatologia e a Reumatologia em ambiente de coopera\u00e7\u00e3o e converg\u00eancia de interesses, com participa\u00e7\u00e3o cient\u00edfica e pol\u00edtica expressiva no cen\u00e1rio nacional.<\/p>\n\n\n\n<p>O ciclo profissional do curr\u00edculo m\u00e9dico no Departamento do Aparelho Locomotor (ALO), centrado no atendimento supervisionado de pacientes pelo estudante implica em encargos did\u00e1ticos elevados e intensa atividade de extens\u00e3o\/assist\u00eancia exercida por seus docentes. Vinculados ao Departamento, entretanto, n\u00e3o constitu\u00eddo exclusivamente por docentes, est\u00e3o os Servi\u00e7os Especiais de Ortopedia e de Reumatologia do Hospital das Cl\u00ednicas da UFMG. Atuantes, organizados e produtivos os dois servi\u00e7os atuam na forma\u00e7\u00e3o de especialistas com corpo de m\u00e9dicos residentes nas duas \u00e1reas. Sua atua\u00e7\u00e3o assistencial \u00e9 marcante com mais de 1000 cirurgias anuais e dezenas de pacientes internados assistidos por m\u00e9dicos das duas \u00e1reas. S\u00e3o mais de 1000 pacientes atendidos mensalmente nos ambulat\u00f3rios do Hospital Bias Fortes e Hospital das Cl\u00ednicas, por m\u00e9dicos e professores dos dois Servi\u00e7os. Estes est\u00e3o integrados no Sistema \u00danico de Sa\u00fade (SUS), tanto no Hospital das Cl\u00ednicas como no Hospital Risoleta Tolentino Neves \u2013 Hospital de Venda Nova.<\/p>\n\n\n\n<p>Vale lembrar que as atividades dos docentes do ALO tamb\u00e9m se desenvolvem nos programas de p\u00f3s-gradua\u00e7\u00e3o do Departamento de Cl\u00ednica M\u00e9dica, do Departamento de Cirurgia, e do Departamento de Pediatria, com participa\u00e7\u00e3o nos programas de p\u00f3s-gradua\u00e7\u00e3o &#8211; mestrado e doutorado, em Cl\u00ednica M\u00e9dica, Gastroenterologia, Cirurgia e Pediatria.<\/p>\n\n\n\n<p>Al\u00e9m disto, o ALO est\u00e1 envolvido nos cursos de gradua\u00e7\u00e3o de Fisioterapia e de Terapia Ocupacional da UFMG, com carga hor\u00e1ria semestral de 60 horas.<\/p>\n\n\n\n<h2 class=\"wp-block-heading\">Administra\u00e7\u00e3o<\/h2>\n\n\n\n<p><strong>Chefe de Departamento<\/strong><br>Prof. Jefferson Soares Leal<\/p>\n\n\n\n<p><strong>Subchefe do Departamento<\/strong><br>Prof.\u00aa Gilda Aparecida Ferreira<\/p>\n\n\n\n<p><strong>Secret\u00e1ria Administrativa<\/strong><br>Roberta Mateus de Sousa<\/p>\n\n\n\n<p><strong>Assembleia Departamental<\/strong><br>Adriana Maria Kakehasi<br>Daniela Castelo Azevedo<br>Daniel Soares Baumfeld<br>D\u00e9bora Cerqueira Calderaro<br>Fabiana De Miranda Moura<br>Gilda Aparecida Ferreira<br>Guilherme Moreira De Abreu E Silva<br>Jefferson Soares Leal<br>Luiz Eduardo Moreira Teixeira<br>Marco Antonio Percope De Andrade<br>Robinson Esteves Santos Pires<br>T\u00falio Vinicius De Oliveira Campos<br>Ubiratan Brum De Castro<\/p>\n\n\n\n<p><strong>Representante dos Servidores T\u00e9cnico-Administrativos<\/strong><br>Roberta Mateus de Sousa&nbsp;&#8211; Secret\u00e1ria administrativa<\/p>\n\n\n\n<p><strong>Representantes discentes &#8211; Mandato: 01\/03\/2024 a 28\/02\/2025<\/strong><br>Titular 1: Maria Eduarda de Matos Gomes da Rocha<br>Suplente 1: Rafaela Bessa Monti Mattos<\/p>\n\n\n\n<p>Titular 2:&nbsp; Sofia Dias Campos Machado<br>Suplente 2: Leonardo Massini Pereira Leite<\/p>\n\n\n\n<p>Titular 3: Guilherme Flor Ocampo<br>Suplente 3: Anthony Basilio Dalmacio Cordeiro<br><\/p>\n\n\n\n<h2 class=\"wp-block-heading\">Hist\u00f3rico<\/h2>\n\n\n\n<p>O Departamento do Aparelho Locomotor \u00e9 originado da Cadeira de Cl\u00ednica Pedi\u00e1trica Cir\u00fargica e Ortopedia, que foi criada desde a funda\u00e7\u00e3o da Faculdade de Medicina em mar\u00e7o de 1911.<\/p>\n\n\n\n<p>Durante muitos anos a cadeira funcionou no Hospital da Cruz Vermelha tendo em 1971 sido transferida para o Hospital das Cl\u00ednicas.<\/p>\n\n\n\n<p>Em 1967 o Decreto Lei 252 extinguiu as c\u00e1tedras e instituiu os Departamentos.<\/p>\n\n\n\n<p>Em 1971 a Congrega\u00e7\u00e3o da Faculdade de Medicina aprovou a nova divis\u00e3o departamental, criando assim o Departamento do Aparelho Locomotor (ALO).<\/p>\n\n\n\n<p>Em 1975 come\u00e7ou as aulas de Semiologia II M\u00f3dulo Semiologia do Aparelho Locomotor.<\/p>\n\n\n\n<p>Em 1976 iniciou-se o Internato de Cl\u00ednica Ortop\u00e9dica.<\/p>\n\n\n\n<p>Em 1978 iniciou-se o M\u00f3dulo de Traumatologia Ortop\u00e9dica.<\/p>\n\n\n\n<p>Em 1980 ocorreu a mudan\u00e7a do Departamento para a Faculdade de Medicina e foi criado o Servi\u00e7o de Reumatologia e Fisioterapia do Hospital das Cl\u00ednicas.<\/p>\n\n\n\n<p>Em 1982 o ALO passou a ser respons\u00e1vel pelo ensino da disciplina Fundamentos de Ortopedia para o curso de Fisioterapia e Terapia Ocupacional, da Escola de Educa\u00e7\u00e3o F\u00edsica.<\/p>\n\n\n\n<p>Em 1986 foi criada a Resid\u00eancia M\u00e9dica em Reumatologia.<\/p>\n\n\n\n<p>Em 1994 foi criada a Disciplina Optativa de Ortopedia.<\/p>\n\n\n\n<h2 class=\"wp-block-heading\">Ex-professores do Departamento<\/h2>\n\n\n\n<figure class=\"wp-block-table\"><table><tbody><tr><td><strong style=\"color: #333333;\"><mark style=\"background-color:rgba(0, 0, 0, 0)\" class=\"has-inline-color has-white-color\">Professores<\/mark><\/strong><\/td><td><strong>Situa\u00e7\u00e3o<\/strong><\/td><td><strong>Professores<\/strong><\/td><td><strong>Situa\u00e7\u00e3o<\/strong><\/td><\/tr><tr><td>Antonio C\u00e9sar Mez\u00eanicio da Silveira<\/td><td>Aposentado em 2007<\/td><td>Jos\u00e9 Henrique de Godoy da Mata Machado<\/td><td>Aposentado em 1984<\/td><\/tr><tr><td>Blair Ferreira<\/td><td>&nbsp;<\/td><td>Jos\u00e9 M\u00e1rcio Gon\u00e7alves de Souza<\/td><td>Aposentado em 1991<\/td><\/tr><tr><td>Breno Silva Duarte<\/td><td>&nbsp;<\/td><td>L\u00facio Hon\u00f3rio Carvalho J\u00fanior<\/td><td>Aposentado em 2023<\/td><\/tr><tr><td>C\u00e9sar Luis&nbsp;Ferreira de Andrade Lima<\/td><td>Aposentado em 2008<\/td><td>Luiz Garcia Pedrosa<\/td><td>Aposentado em 1986<\/td><\/tr><tr><td>C\u00e2ndido Melo Leit\u00e3o<\/td><td>&nbsp;<\/td><td>Marco Ant\u00f4nio Parreiras<\/td><td>Aposentado em 2012<\/td><\/tr><tr><td>Carlos Alberto Grossi<\/td><td>Falecido em 1973<\/td><td>Marcus Valadares Guimar\u00e3es<\/td><td>Docente de 1992 a 1993<\/td><\/tr><tr><td>Cristina Costa Duarte Lanna<\/td><td>Aposentada em 2024<\/td><td>M\u00e1rio Aur\u00e9lio Pires<\/td><td>Falecido em 1976<\/td><\/tr><tr><td>David Corr\u00eaa Rabelo<\/td><td>&nbsp;<\/td><td>Maur\u00ed Alves de Azevedo<\/td><td>Falecido em 2001<\/td><\/tr><tr><td>Euler de Carvalho Guedes<\/td><td>Docente de 1976<\/td><td>Nelson Baisi Cerqueira<\/td><td>Docente em 1972<\/td><\/tr><tr><td>Fernando A. Silva Lopes<\/td><td>Docente de 1989 a 1991<\/td><td>Paulo Madureira de P\u00e1dua<\/td><td>Aposentado em 1995<\/td><\/tr><tr><td>Fernando Milton da Cunha<\/td><td>Aposentado em 2003<\/td><td>Paulo Renato Denucci<\/td><td>Docente de 1976 a 1978<\/td><\/tr><tr><td>Francisco Carlos Salles Nogueira<\/td><td>Docente at\u00e9 2014<\/td><td>Pedro Drumond Sales e Silva<\/td><td>&nbsp;<\/td><\/tr><tr><td>Geraldo Guimar\u00e3es Gama<\/td><td>Tranferido (CLM)1972<\/td><td>Renato Magalh\u00e3es Freire<\/td><td>Docente de 1976<\/td><\/tr><tr><td>Gilberto Denoziro V. Silva<\/td><td>Docente de 1979 a 1988<\/td><td>S\u00e9rgio Nogueira Drummond<\/td><td>Aposentado em 2005<\/td><\/tr><tr><td>Gustavo Alves de Mendon\u00e7a<\/td><td>Aposentado em 1990<\/td><td>Wagner Telhada Nascimento<\/td><td>Falecido em 1989<\/td><\/tr><tr><td>Jos\u00e9 Estanislau de Morais<\/td><td>Docente at\u00e9 1972<\/td><td>Wiel Almeida Benevides<\/td><td>Docente de 1992 a 1993<\/td><\/tr><\/tbody><\/table><\/figure>\n","protected":false},"excerpt":{"rendered":"<p>At\u00e9 o s\u00e9culo passado, as doen\u00e7as infecciosas eram a maior causa de morte e incapacidade em quase todos os pa\u00edses do mundo. Nos \u00faltimos 100 a 150 anos, as na\u00e7\u00f5es industrializadas passaram por uma transi\u00e7\u00e3o epidemiol\u00f3gica na qual a incid\u00eancia de doen\u00e7as infecciosas declinou com resultante diminui\u00e7\u00e3o da mortalidade infantil e subseq\u00fcente maior expectativa de [&hellip;]<\/p>\n","protected":false},"author":27,"featured_media":0,"parent":0,"menu_order":0,"comment_status":"closed","ping_status":"closed","template":"","meta":{"footnotes":""},"class_list":["post-25","page","type-page","status-publish","hentry"],"_links":{"self":[{"href":"https:\/\/www.medicina.ufmg.br\/alo\/wp-json\/wp\/v2\/pages\/25","targetHints":{"allow":["GET"]}}],"collection":[{"href":"https:\/\/www.medicina.ufmg.br\/alo\/wp-json\/wp\/v2\/pages"}],"about":[{"href":"https:\/\/www.medicina.ufmg.br\/alo\/wp-json\/wp\/v2\/types\/page"}],"author":[{"embeddable":true,"href":"https:\/\/www.medicina.ufmg.br\/alo\/wp-json\/wp\/v2\/users\/27"}],"replies":[{"embeddable":true,"href":"https:\/\/www.medicina.ufmg.br\/alo\/wp-json\/wp\/v2\/comments?post=25"}],"version-history":[{"count":19,"href":"https:\/\/www.medicina.ufmg.br\/alo\/wp-json\/wp\/v2\/pages\/25\/revisions"}],"predecessor-version":[{"id":467,"href":"https:\/\/www.medicina.ufmg.br\/alo\/wp-json\/wp\/v2\/pages\/25\/revisions\/467"}],"wp:attachment":[{"href":"https:\/\/www.medicina.ufmg.br\/alo\/wp-json\/wp\/v2\/media?parent=25"}],"curies":[{"name":"wp","href":"https:\/\/api.w.org\/{rel}","templated":true}]}}