{"id":28,"date":"2015-02-20T16:00:56","date_gmt":"2015-02-20T16:00:56","guid":{"rendered":"https:\/\/www.medicina.ufmg.br\/alo\/?page_id=28"},"modified":"2025-07-09T17:13:07","modified_gmt":"2025-07-09T17:13:07","slug":"corpo-docente","status":"publish","type":"page","link":"https:\/\/www.medicina.ufmg.br\/alo\/corpo-docente\/","title":{"rendered":"Corpo Docente"},"content":{"rendered":"\n<h2 class=\"wp-block-heading\"><strong>Ortopedia<\/strong><\/h2>\n\n\n\n<figure class=\"wp-block-table\"><table><tbody><tr><td><strong>Professores<\/strong><\/td><td><strong>Cargo<\/strong><\/td><td>Email<\/td><td><strong>T\u00edtulo<\/strong><\/td><\/tr><tr><td><a href=\"http:\/\/lattes.cnpq.br\/0436039813303962\">Ant\u00f4nio Tufi Neder Filho<\/a><\/td><td>Professor<br>Convidado<\/td><td>dr.tufi@gmail.com<\/td><td>P\u00f3s-Doutorado<\/td><\/tr><tr><td><a href=\"http:\/\/lattes.cnpq.br\/7468352243906021\">Cristiano Magalh\u00e3es Menezes<\/a><\/td><td>Professor<br>Convidado<\/td><td>cristiano@vertebral.com.br<\/td><td>Doutor<\/td><\/tr><tr><td><a href=\"http:\/\/buscatextual.cnpq.br\/buscatextual\/visualizacv.do?id=K4443211D6\" target=\"_blank\" rel=\"noopener noreferrer\">Daniel Soares Baumfeld<\/a><\/td><td>Professor<br>Adjunto<\/td><td>danielbaumfeld@gmail.com<\/td><td>Doutor<\/td><\/tr><tr><td><a href=\"http:\/\/buscatextual.cnpq.br\/buscatextual\/visualizacv.do?id=K4453186H7\" target=\"_blank\" rel=\"noopener noreferrer\">Guilherme Moreira de Abreu e Silva<\/a><\/td><td>Professor<br>Adjunto<\/td><td>guilhermeorto@gmail.com<\/td><td>Doutor<\/td><\/tr><tr><td><a href=\"http:\/\/buscatextual.cnpq.br\/buscatextual\/visualizacv.do?metodo=apresentar&amp;id=K4457152E7\">Jefferson Soares Leal<\/a><\/td><td>Professor<br>Associado<\/td><td>jeffersonleal57@gmail.com<\/td><td>Doutor<\/td><\/tr><tr><td><a href=\"http:\/\/lattes.cnpq.br\/8313373362043242\">Lucas de Castro Boechat<\/a><\/td><td>Professor<br>Convidado<\/td><td>lboechat@hotmail.com<\/td><td>P\u00f3s-<br>Gradua\u00e7\u00e3o<\/td><\/tr><tr><td><a href=\"http:\/\/buscatextual.cnpq.br\/buscatextual\/visualizacv.do?metodo=apresentar&amp;id=K4755228Z0\">Luiz Eduardo Moreira Teixeira<\/a><\/td><td>Professor<br>Adjunto<\/td><td>luizmteixeira@yahoo.com.br<\/td><td>Doutor<\/td><\/tr><tr><td><a href=\"http:\/\/lattes.cnpq.br\/5537510377558805\">Marco Ant\u00f4nio Percope de Andrade<\/a><\/td><td>Professor<br>Titular<\/td><td>marcoapercope@gmail.com<\/td><td>Livre<br>Docente<\/td><\/tr><tr><td><a href=\"http:\/\/buscatextual.cnpq.br\/buscatextual\/visualizacv.do?id=K4262871A9\">Robinson Esteves Santos Pires<\/a><\/td><td>Professor<br>Associado<\/td><td>robinsonestevespires@gmail.com<\/td><td><span style=\"color: #333333;\">Doutor<\/span><\/td><\/tr><tr><td><a href=\"http:\/\/lattes.cnpq.br\/9542083316605149\">Tiago Soares Baumfeld<\/a><\/td><td>Professor<br>Adjunto<\/td><td>tiago.baumfeld@gmail.com<\/td><td><span style=\"color: #333333;\">Doutor<\/span><\/td><\/tr><tr><td><a href=\"http:\/\/buscatextual.cnpq.br\/buscatextual\/visualizacv.do?id=K4736426J0\" target=\"_blank\" rel=\"noopener noreferrer\">T\u00falio Vin\u00edcius de Oliveira Campos<\/a><\/td><td>Professor<br>Adjunto<\/td><td>tuliovoc@gmail.com<\/td><td>Doutor<\/td><\/tr><tr><td><a href=\"http:\/\/buscatextual.cnpq.br\/buscatextual\/visualizacv.do?metodo=apresentar&amp;id=K4784955E0\">Ubiratan Brum de Castro<\/a><\/td><td>Professor<br>Associado<\/td><td>ubrum@terra.com.br<\/td><td>P\u00f3s-Doutorado<\/td><\/tr><\/tbody><\/table><\/figure>\n\n\n\n<p><\/p>\n\n\n\n<h2 class=\"wp-block-heading\"><strong>Reumatologia<\/strong><\/h2>\n\n\n\n<figure class=\"wp-block-table\"><table><tbody><tr><td><strong>Professoras<\/strong><\/td><td><strong>Cargo<\/strong><\/td><td>Email<\/td><td><strong>T\u00edtulo<\/strong><\/td><\/tr><tr><td><a href=\"http:\/\/buscatextual.cnpq.br\/buscatextual\/visualizacv.do?metodo=apresentar&amp;id=K4799161D4\">Adriana Maria Kakehasi<\/a><\/td><td>Professora<br>Associada<\/td><td>amkakehasi@gmail.com<\/td><td>Doutora<\/td><\/tr><tr><td><a href=\"http:\/\/lattes.cnpq.br\/7404562063610950\">Cristina Costa Duarte Lanna<\/a><\/td><td>Professora <br>Convidada<\/td><td>duartelanna@gmail.com<\/td><td>Doutora<\/td><\/tr><tr><td><a href=\"http:\/\/lattes.cnpq.br\/6787368933195984\">Daniela Castelo Azevedo<\/a><\/td><td>Professora<br>Adjunta<\/td><td>az.dani@gmail.com<\/td><td>Doutora<\/td><\/tr><tr><td><a href=\"http:\/\/buscatextual.cnpq.br\/buscatextual\/visualizacv.do?id=K4164758T7\" target=\"_blank\" rel=\"noopener noreferrer\">D\u00e9bora Cerqueira Calderaro<\/a><\/td><td>Professora<br>Adjunta<\/td><td>dccalderaro@gmail.com<\/td><td>Doutora<\/td><\/tr><tr><td><a href=\"http:\/\/buscatextual.cnpq.br\/buscatextual\/visualizacv.do?id=K4251826P8\" target=\"_blank\" rel=\"noopener noreferrer\">Fabiana de Miranda Moura<\/a><\/td><td>Professora<br>Adjunta<\/td><td>fabianamirandamoura@gmail.com<\/td><td>Doutora<\/td><\/tr><tr><td><a href=\"http:\/\/buscatextual.cnpq.br\/buscatextual\/visualizacv.do?metodo=apresentar&amp;id=K4701209P6\">Gilda Aparecida Ferreira<\/a><\/td><td>Professora<br>Associada<\/td><td>gildaferreira9@gmail.com<\/td><td>Doutora<\/td><\/tr><\/tbody><\/table><\/figure>\n","protected":false},"excerpt":{"rendered":"<p>Ortopedia Professores Cargo Email T\u00edtulo Ant\u00f4nio Tufi Neder Filho ProfessorConvidado dr.tufi@gmail.com P\u00f3s-Doutorado Cristiano Magalh\u00e3es Menezes ProfessorConvidado cristiano@vertebral.com.br Doutor Daniel Soares Baumfeld ProfessorAdjunto danielbaumfeld@gmail.com Doutor Guilherme Moreira de Abreu e Silva ProfessorAdjunto guilhermeorto@gmail.com Doutor Jefferson Soares Leal ProfessorAssociado jeffersonleal57@gmail.com Doutor Lucas de Castro Boechat ProfessorConvidado lboechat@hotmail.com P\u00f3s-Gradua\u00e7\u00e3o Luiz Eduardo Moreira Teixeira ProfessorAdjunto luizmteixeira@yahoo.com.br Doutor Marco Ant\u00f4nio [&hellip;]<\/p>\n","protected":false},"author":27,"featured_media":0,"parent":0,"menu_order":0,"comment_status":"closed","ping_status":"closed","template":"","meta":{"footnotes":""},"class_list":["post-28","page","type-page","status-publish","hentry"],"_links":{"self":[{"href":"https:\/\/www.medicina.ufmg.br\/alo\/wp-json\/wp\/v2\/pages\/28","targetHints":{"allow":["GET"]}}],"collection":[{"href":"https:\/\/www.medicina.ufmg.br\/alo\/wp-json\/wp\/v2\/pages"}],"about":[{"href":"https:\/\/www.medicina.ufmg.br\/alo\/wp-json\/wp\/v2\/types\/page"}],"author":[{"embeddable":true,"href":"https:\/\/www.medicina.ufmg.br\/alo\/wp-json\/wp\/v2\/users\/27"}],"replies":[{"embeddable":true,"href":"https:\/\/www.medicina.ufmg.br\/alo\/wp-json\/wp\/v2\/comments?post=28"}],"version-history":[{"count":23,"href":"https:\/\/www.medicina.ufmg.br\/alo\/wp-json\/wp\/v2\/pages\/28\/revisions"}],"predecessor-version":[{"id":492,"href":"https:\/\/www.medicina.ufmg.br\/alo\/wp-json\/wp\/v2\/pages\/28\/revisions\/492"}],"wp:attachment":[{"href":"https:\/\/www.medicina.ufmg.br\/alo\/wp-json\/wp\/v2\/media?parent=28"}],"curies":[{"name":"wp","href":"https:\/\/api.w.org\/{rel}","templated":true}]}}