{"id":6,"date":"2024-05-22T16:13:42","date_gmt":"2024-05-22T19:13:42","guid":{"rendered":"https:\/\/www.medicina.ufmg.br\/testearvoresdocampus\/?page_id=6"},"modified":"2025-08-14T13:29:12","modified_gmt":"2025-08-14T16:29:12","slug":"pagina-inicial","status":"publish","type":"page","link":"https:\/\/www.medicina.ufmg.br\/arvoresdocampus\/","title":{"rendered":"P\u00e1gina Inicial"},"content":{"rendered":"\t\t<div data-elementor-type=\"wp-page\" data-elementor-id=\"6\" class=\"elementor elementor-6\">\n\t\t\t\t<div class=\"elementor-element elementor-element-db3c466 e-flex e-con-boxed e-con e-parent\" data-id=\"db3c466\" data-element_type=\"container\" data-settings=\"{&quot;background_background&quot;:&quot;classic&quot;}\">\n\t\t\t\t\t<div class=\"e-con-inner\">\n\t\t<div class=\"elementor-element elementor-element-0093268 e-con-full e-flex e-con e-child\" data-id=\"0093268\" data-element_type=\"container\">\n\t\t\t\t<div class=\"elementor-element elementor-element-94113ea elementor-widget__width-initial elementor-widget elementor-widget-image\" data-id=\"94113ea\" data-element_type=\"widget\" data-widget_type=\"image.default\">\n\t\t\t\t<div class=\"elementor-widget-container\">\n\t\t\t\t\t\t\t\t\t\t\t\t\t\t\t\t<a href=\"https:\/\/ufmg.br\/\">\n\t\t\t\t\t\t\t<img fetchpriority=\"high\" decoding=\"async\" width=\"697\" height=\"246\" src=\"https:\/\/www.medicina.ufmg.br\/arvoresdocampus\/wp-content\/uploads\/sites\/111\/2024\/11\/Marcas.png\" class=\"attachment-large size-large wp-image-120\" alt=\"\" srcset=\"https:\/\/www.medicina.ufmg.br\/arvoresdocampus\/wp-content\/uploads\/sites\/111\/2024\/11\/Marcas.png 697w, https:\/\/www.medicina.ufmg.br\/arvoresdocampus\/wp-content\/uploads\/sites\/111\/2024\/11\/Marcas-300x106.png 300w\" sizes=\"(max-width: 697px) 100vw, 697px\" \/>\t\t\t\t\t\t\t\t<\/a>\n\t\t\t\t\t\t\t\t\t\t\t\t\t\t\t<\/div>\n\t\t\t\t<\/div>\n\t\t\t\t<\/div>\n\t\t<div class=\"elementor-element elementor-element-131d5b9 e-con-full e-flex e-con e-child\" data-id=\"131d5b9\" data-element_type=\"container\">\n\t\t\t\t<div class=\"elementor-element elementor-element-2d34984 elementor-widget elementor-widget-menu-anchor\" data-id=\"2d34984\" data-element_type=\"widget\" data-widget_type=\"menu-anchor.default\">\n\t\t\t\t<div class=\"elementor-widget-container\">\n\t\t\t\t\t\t\t<div class=\"elementor-menu-anchor\" id=\"topo\"><\/div>\n\t\t\t\t\t\t<\/div>\n\t\t\t\t<\/div>\n\t\t\t\t<\/div>\n\t\t<div class=\"elementor-element elementor-element-fd5b75d e-con-full e-flex e-con e-child\" data-id=\"fd5b75d\" data-element_type=\"container\">\n\t\t\t\t<\/div>\n\t\t<div class=\"elementor-element elementor-element-dd02346 e-con-full e-flex e-con e-child\" data-id=\"dd02346\" data-element_type=\"container\">\n\t\t\t\t<div class=\"elementor-element elementor-element-fad1c9d elementor-icon-list--layout-traditional elementor-list-item-link-full_width elementor-widget elementor-widget-icon-list\" data-id=\"fad1c9d\" data-element_type=\"widget\" data-widget_type=\"icon-list.default\">\n\t\t\t\t<div class=\"elementor-widget-container\">\n\t\t\t\t\t\t\t<ul class=\"elementor-icon-list-items\">\n\t\t\t\t\t\t\t<li class=\"elementor-icon-list-item\">\n\t\t\t\t\t\t\t\t\t\t\t<a href=\"#mapa\">\n\n\t\t\t\t\t\t\t\t\t\t\t\t<span class=\"elementor-icon-list-icon\">\n\t\t\t\t\t\t\t<svg aria-hidden=\"true\" class=\"e-font-icon-svg e-fas-tree\" viewBox=\"0 0 384 512\" xmlns=\"http:\/\/www.w3.org\/2000\/svg\"><path d=\"M378.31 378.49L298.42 288h30.63c9.01 0 16.98-5 20.78-13.06 3.8-8.04 2.55-17.26-3.28-24.05L268.42 160h28.89c9.1 0 17.3-5.35 20.86-13.61 3.52-8.13 1.86-17.59-4.24-24.08L203.66 4.83c-6.03-6.45-17.28-6.45-23.32 0L70.06 122.31c-6.1 6.49-7.75 15.95-4.24 24.08C69.38 154.65 77.59 160 86.69 160h28.89l-78.14 90.91c-5.81 6.78-7.06 15.99-3.27 24.04C37.97 283 45.93 288 54.95 288h30.63L5.69 378.49c-6 6.79-7.36 16.09-3.56 24.26 3.75 8.05 12 13.25 21.01 13.25H160v24.45l-30.29 48.4c-5.32 10.64 2.42 23.16 14.31 23.16h95.96c11.89 0 19.63-12.52 14.31-23.16L224 440.45V416h136.86c9.01 0 17.26-5.2 21.01-13.25 3.8-8.17 2.44-17.47-3.56-24.26z\"><\/path><\/svg>\t\t\t\t\t\t<\/span>\n\t\t\t\t\t\t\t\t\t\t<span class=\"elementor-icon-list-text\">Mapa completo<\/span>\n\t\t\t\t\t\t\t\t\t\t\t<\/a>\n\t\t\t\t\t\t\t\t\t<\/li>\n\t\t\t\t\t\t<\/ul>\n\t\t\t\t\t\t<\/div>\n\t\t\t\t<\/div>\n\t\t\t\t<\/div>\n\t\t\t\t\t<\/div>\n\t\t\t\t<\/div>\n\t\t<div class=\"elementor-element elementor-element-0a82c8f e-con-full e-flex e-con e-parent\" data-id=\"0a82c8f\" data-element_type=\"container\" data-settings=\"{&quot;background_background&quot;:&quot;classic&quot;}\">\n\t\t\t\t<\/div>\n\t\t<div class=\"elementor-element elementor-element-8299391 e-flex e-con-boxed e-con e-parent\" data-id=\"8299391\" data-element_type=\"container\" data-settings=\"{&quot;background_background&quot;:&quot;classic&quot;}\">\n\t\t\t\t\t<div class=\"e-con-inner\">\n\t\t\t\t<div class=\"elementor-element elementor-element-8e4c356 elementor-widget elementor-widget-spacer\" data-id=\"8e4c356\" data-element_type=\"widget\" data-widget_type=\"spacer.default\">\n\t\t\t\t<div class=\"elementor-widget-container\">\n\t\t\t\t\t\t\t<div class=\"elementor-spacer\">\n\t\t\t<div class=\"elementor-spacer-inner\"><\/div>\n\t\t<\/div>\n\t\t\t\t\t\t<\/div>\n\t\t\t\t<\/div>\n\t\t\t\t<div class=\"elementor-element elementor-element-8b88d3d elementor-widget elementor-widget-image\" data-id=\"8b88d3d\" data-element_type=\"widget\" data-widget_type=\"image.default\">\n\t\t\t\t<div class=\"elementor-widget-container\">\n\t\t\t\t\t\t\t\t\t\t\t\t\t\t\t<img decoding=\"async\" width=\"768\" height=\"168\" src=\"https:\/\/www.medicina.ufmg.br\/arvoresdocampus\/wp-content\/uploads\/sites\/111\/2024\/11\/Titulo-768x168.png\" class=\"attachment-medium_large size-medium_large wp-image-121\" alt=\"\" srcset=\"https:\/\/www.medicina.ufmg.br\/arvoresdocampus\/wp-content\/uploads\/sites\/111\/2024\/11\/Titulo-768x168.png 768w, https:\/\/www.medicina.ufmg.br\/arvoresdocampus\/wp-content\/uploads\/sites\/111\/2024\/11\/Titulo-300x66.png 300w, https:\/\/www.medicina.ufmg.br\/arvoresdocampus\/wp-content\/uploads\/sites\/111\/2024\/11\/Titulo-1024x224.png 1024w, https:\/\/www.medicina.ufmg.br\/arvoresdocampus\/wp-content\/uploads\/sites\/111\/2024\/11\/Titulo-1536x336.png 1536w, https:\/\/www.medicina.ufmg.br\/arvoresdocampus\/wp-content\/uploads\/sites\/111\/2024\/11\/Titulo-2048x447.png 2048w\" sizes=\"(max-width: 768px) 100vw, 768px\" \/>\t\t\t\t\t\t\t\t\t\t\t\t\t\t\t<\/div>\n\t\t\t\t<\/div>\n\t\t\t\t\t<\/div>\n\t\t\t\t<\/div>\n\t\t<div class=\"elementor-element elementor-element-d092364 e-flex e-con-boxed e-con e-parent\" data-id=\"d092364\" data-element_type=\"container\" data-settings=\"{&quot;background_background&quot;:&quot;classic&quot;}\">\n\t\t\t\t\t<div class=\"e-con-inner\">\n\t\t\t\t<div class=\"elementor-element elementor-element-8380e75 elementor-widget elementor-widget-text-editor\" data-id=\"8380e75\" data-element_type=\"widget\" data-widget_type=\"text-editor.default\">\n\t\t\t\t<div class=\"elementor-widget-container\">\n\t\t\t\t\t\t\t\t\t<p>O Campus Sa\u00fade da UFMG \u00e9 uma \u00e1rea bem arborizada. Essa vegeta\u00e7\u00e3o proporciona sombra e qualidade ambiental para a comunidade, contribuindo tamb\u00e9m para a conserva\u00e7\u00e3o da biodiversidade.\u00a0<\/p><p>Al\u00e9m de deixar a regi\u00e3o muito mais bonita, constitui importante patrim\u00f4nio do Campus da Sa\u00fade e da cidade de Belo Horizonte. S\u00e3o diversas esp\u00e9cies, em sua maioria nativas do Brasil.\u00a0<\/p><p>Sendo um l\u00f3cus de ensino, pesquisa e extens\u00e3o, a vegeta\u00e7\u00e3o presente no Campus tamb\u00e9m possui a\u00e7\u00e3o educacional. Proposto pelo Departamento de Pediatria, o\u00a0<b>Projeto \u00c1rvores do Campus Sa\u00fade UFMG<\/b>\u00a0identifica os indiv\u00edduos arb\u00f3reos pelo seu nome cultural e popular, seu nome cient\u00edfico e sua origem.\u00a0<\/p><p>H\u00e1 ainda um circuito de visita\u00e7\u00e3o sugerido, come\u00e7ando na pra\u00e7a em frente \u00e0 Faculdade de Medicina. Basta seguir a numera\u00e7\u00e3o indicada no mapa.<\/p><p><a href=\"#mapa\">Acesse o mapa e a lista completa<\/a>.<\/p>\t\t\t\t\t\t\t\t<\/div>\n\t\t\t\t<\/div>\n\t\t\t\t<div class=\"elementor-element elementor-element-e7b9c9b elementor-widget elementor-widget-spacer\" data-id=\"e7b9c9b\" data-element_type=\"widget\" data-widget_type=\"spacer.default\">\n\t\t\t\t<div class=\"elementor-widget-container\">\n\t\t\t\t\t\t\t<div class=\"elementor-spacer\">\n\t\t\t<div class=\"elementor-spacer-inner\"><\/div>\n\t\t<\/div>\n\t\t\t\t\t\t<\/div>\n\t\t\t\t<\/div>\n\t\t\t\t\t<\/div>\n\t\t\t\t<\/div>\n\t\t<div class=\"elementor-element elementor-element-a2174c9 e-flex e-con-boxed e-con e-parent\" data-id=\"a2174c9\" data-element_type=\"container\" data-settings=\"{&quot;background_background&quot;:&quot;classic&quot;}\">\n\t\t\t\t\t<div class=\"e-con-inner\">\n\t\t\t\t<div class=\"elementor-element elementor-element-905bc81 elementor-align-center elementor-widget elementor-widget-button\" data-id=\"905bc81\" data-element_type=\"widget\" data-widget_type=\"button.default\">\n\t\t\t\t<div class=\"elementor-widget-container\">\n\t\t\t\t\t\t\t\t\t<div class=\"elementor-button-wrapper\">\n\t\t\t\t\t<a class=\"elementor-button elementor-button-link elementor-size-sm elementor-animation-shrink\" href=\"https:\/\/www.medicina.ufmg.br\/arvoresdocampus\/wp-content\/uploads\/sites\/111\/2025\/08\/Mapa-arvores-do-campus.png\" target=\"_blank\">\n\t\t\t\t\t\t<span class=\"elementor-button-content-wrapper\">\n\t\t\t\t\t\t\t\t\t<span class=\"elementor-button-text\">Baixe o mapa<\/span>\n\t\t\t\t\t<\/span>\n\t\t\t\t\t<\/a>\n\t\t\t\t<\/div>\n\t\t\t\t\t\t\t\t<\/div>\n\t\t\t\t<\/div>\n\t\t\t\t\t<\/div>\n\t\t\t\t<\/div>\n\t\t<div class=\"elementor-element elementor-element-257de4e e-flex e-con-boxed e-con e-parent\" data-id=\"257de4e\" data-element_type=\"container\" data-settings=\"{&quot;background_background&quot;:&quot;classic&quot;}\">\n\t\t\t\t\t<div class=\"e-con-inner\">\n\t\t\t\t<div class=\"elementor-element elementor-element-8085e4d elementor-widget elementor-widget-spacer\" data-id=\"8085e4d\" data-element_type=\"widget\" data-widget_type=\"spacer.default\">\n\t\t\t\t<div class=\"elementor-widget-container\">\n\t\t\t\t\t\t\t<div class=\"elementor-spacer\">\n\t\t\t<div class=\"elementor-spacer-inner\"><\/div>\n\t\t<\/div>\n\t\t\t\t\t\t<\/div>\n\t\t\t\t<\/div>\n\t\t\t\t<div class=\"elementor-element elementor-element-70765ae elementor-hidden-desktop elementor-hidden-tablet elementor-hidden-mobile elementor-widget elementor-widget-image\" data-id=\"70765ae\" data-element_type=\"widget\" data-widget_type=\"image.default\">\n\t\t\t\t<div class=\"elementor-widget-container\">\n\t\t\t\t\t\t\t\t\t\t\t\t\t\t\t<img decoding=\"async\" width=\"768\" height=\"168\" src=\"https:\/\/www.medicina.ufmg.br\/arvoresdocampus\/wp-content\/uploads\/sites\/111\/2024\/11\/Titulo-mapa_Prancheta-1-768x168.png\" class=\"attachment-medium_large size-medium_large wp-image-134\" alt=\"\" srcset=\"https:\/\/www.medicina.ufmg.br\/arvoresdocampus\/wp-content\/uploads\/sites\/111\/2024\/11\/Titulo-mapa_Prancheta-1-768x168.png 768w, https:\/\/www.medicina.ufmg.br\/arvoresdocampus\/wp-content\/uploads\/sites\/111\/2024\/11\/Titulo-mapa_Prancheta-1-300x66.png 300w, https:\/\/www.medicina.ufmg.br\/arvoresdocampus\/wp-content\/uploads\/sites\/111\/2024\/11\/Titulo-mapa_Prancheta-1-1024x224.png 1024w, https:\/\/www.medicina.ufmg.br\/arvoresdocampus\/wp-content\/uploads\/sites\/111\/2024\/11\/Titulo-mapa_Prancheta-1-1536x336.png 1536w, https:\/\/www.medicina.ufmg.br\/arvoresdocampus\/wp-content\/uploads\/sites\/111\/2024\/11\/Titulo-mapa_Prancheta-1.png 1980w\" sizes=\"(max-width: 768px) 100vw, 768px\" \/>\t\t\t\t\t\t\t\t\t\t\t\t\t\t\t<\/div>\n\t\t\t\t<\/div>\n\t\t\t\t<div class=\"elementor-element elementor-element-d9aa840 elementor-widget elementor-widget-menu-anchor\" data-id=\"d9aa840\" data-element_type=\"widget\" data-widget_type=\"menu-anchor.default\">\n\t\t\t\t<div class=\"elementor-widget-container\">\n\t\t\t\t\t\t\t<div class=\"elementor-menu-anchor\" id=\"mapa\"><\/div>\n\t\t\t\t\t\t<\/div>\n\t\t\t\t<\/div>\n\t\t\t\t\t<\/div>\n\t\t\t\t<\/div>\n\t\t<div class=\"elementor-element elementor-element-1446b8e e-flex e-con-boxed e-con e-parent\" data-id=\"1446b8e\" data-element_type=\"container\" data-settings=\"{&quot;background_background&quot;:&quot;classic&quot;}\">\n\t\t\t\t\t<div class=\"e-con-inner\">\n\t\t\t\t<div class=\"elementor-element elementor-element-9ffb260 elementor-widget elementor-widget-image\" data-id=\"9ffb260\" data-element_type=\"widget\" data-widget_type=\"image.default\">\n\t\t\t\t<div class=\"elementor-widget-container\">\n\t\t\t\t\t\t\t\t\t\t\t\t\t\t\t<img loading=\"lazy\" decoding=\"async\" width=\"1024\" height=\"689\" src=\"https:\/\/www.medicina.ufmg.br\/arvoresdocampus\/wp-content\/uploads\/sites\/111\/2025\/08\/Mapa-arvores-do-campus-1024x689.png\" class=\"attachment-large size-large wp-image-245\" alt=\"\" srcset=\"https:\/\/www.medicina.ufmg.br\/arvoresdocampus\/wp-content\/uploads\/sites\/111\/2025\/08\/Mapa-arvores-do-campus-1024x689.png 1024w, https:\/\/www.medicina.ufmg.br\/arvoresdocampus\/wp-content\/uploads\/sites\/111\/2025\/08\/Mapa-arvores-do-campus-300x202.png 300w, https:\/\/www.medicina.ufmg.br\/arvoresdocampus\/wp-content\/uploads\/sites\/111\/2025\/08\/Mapa-arvores-do-campus-768x517.png 768w, https:\/\/www.medicina.ufmg.br\/arvoresdocampus\/wp-content\/uploads\/sites\/111\/2025\/08\/Mapa-arvores-do-campus-1536x1033.png 1536w, https:\/\/www.medicina.ufmg.br\/arvoresdocampus\/wp-content\/uploads\/sites\/111\/2025\/08\/Mapa-arvores-do-campus-2048x1378.png 2048w\" sizes=\"(max-width: 1024px) 100vw, 1024px\" \/>\t\t\t\t\t\t\t\t\t\t\t\t\t\t\t<\/div>\n\t\t\t\t<\/div>\n\t\t\t\t<div class=\"elementor-element elementor-element-2a082ba elementor-view-default elementor-widget elementor-widget-icon\" data-id=\"2a082ba\" data-element_type=\"widget\" data-widget_type=\"icon.default\">\n\t\t\t\t<div class=\"elementor-widget-container\">\n\t\t\t\t\t\t\t<div class=\"elementor-icon-wrapper\">\n\t\t\t<a class=\"elementor-icon elementor-animation-shrink\" href=\"#topo\">\n\t\t\t<svg aria-hidden=\"true\" class=\"e-font-icon-svg e-fas-angle-up\" viewBox=\"0 0 320 512\" xmlns=\"http:\/\/www.w3.org\/2000\/svg\"><path d=\"M177 159.7l136 136c9.4 9.4 9.4 24.6 0 33.9l-22.6 22.6c-9.4 9.4-24.6 9.4-33.9 0L160 255.9l-96.4 96.4c-9.4 9.4-24.6 9.4-33.9 0L7 329.7c-9.4-9.4-9.4-24.6 0-33.9l136-136c9.4-9.5 24.6-9.5 34-.1z\"><\/path><\/svg>\t\t\t<\/a>\n\t\t<\/div>\n\t\t\t\t\t\t<\/div>\n\t\t\t\t<\/div>\n\t\t\t\t<div class=\"elementor-element elementor-element-8ac261d elementor-widget elementor-widget-spacer\" data-id=\"8ac261d\" data-element_type=\"widget\" data-widget_type=\"spacer.default\">\n\t\t\t\t<div class=\"elementor-widget-container\">\n\t\t\t\t\t\t\t<div class=\"elementor-spacer\">\n\t\t\t<div class=\"elementor-spacer-inner\"><\/div>\n\t\t<\/div>\n\t\t\t\t\t\t<\/div>\n\t\t\t\t<\/div>\n\t\t\t\t\t<\/div>\n\t\t\t\t<\/div>\n\t\t<div class=\"elementor-element elementor-element-d72e222 e-con-full e-flex e-con e-parent\" data-id=\"d72e222\" data-element_type=\"container\" data-settings=\"{&quot;background_background&quot;:&quot;classic&quot;}\">\n\t\t\t\t<\/div>\n\t\t<div class=\"elementor-element elementor-element-0baf772 e-con-full e-flex e-con e-parent\" data-id=\"0baf772\" data-element_type=\"container\" data-settings=\"{&quot;background_background&quot;:&quot;classic&quot;}\">\n\t\t<div class=\"elementor-element elementor-element-d3a5ff7 e-con-full e-flex e-con e-child\" data-id=\"d3a5ff7\" data-element_type=\"container\">\n\t\t\t\t<div class=\"elementor-element elementor-element-a97c26c elementor-widget__width-auto elementor-widget elementor-widget-image\" data-id=\"a97c26c\" data-element_type=\"widget\" data-widget_type=\"image.default\">\n\t\t\t\t<div class=\"elementor-widget-container\">\n\t\t\t\t\t\t\t\t\t\t\t\t\t\t\t<img loading=\"lazy\" decoding=\"async\" width=\"1024\" height=\"275\" src=\"https:\/\/www.medicina.ufmg.br\/arvoresdocampus\/wp-content\/uploads\/sites\/111\/2024\/05\/logomedufmg-1024x275.png\" class=\"attachment-large size-large wp-image-13\" alt=\"\" srcset=\"https:\/\/www.medicina.ufmg.br\/arvoresdocampus\/wp-content\/uploads\/sites\/111\/2024\/05\/logomedufmg-1024x275.png 1024w, https:\/\/www.medicina.ufmg.br\/arvoresdocampus\/wp-content\/uploads\/sites\/111\/2024\/05\/logomedufmg-300x81.png 300w, https:\/\/www.medicina.ufmg.br\/arvoresdocampus\/wp-content\/uploads\/sites\/111\/2024\/05\/logomedufmg-768x206.png 768w, https:\/\/www.medicina.ufmg.br\/arvoresdocampus\/wp-content\/uploads\/sites\/111\/2024\/05\/logomedufmg-1536x412.png 1536w, https:\/\/www.medicina.ufmg.br\/arvoresdocampus\/wp-content\/uploads\/sites\/111\/2024\/05\/logomedufmg-2048x550.png 2048w\" sizes=\"(max-width: 1024px) 100vw, 1024px\" \/>\t\t\t\t\t\t\t\t\t\t\t\t\t\t\t<\/div>\n\t\t\t\t<\/div>\n\t\t\t\t<div class=\"elementor-element elementor-element-c562ff6 elementor-shape-circle elementor-grid-0 e-grid-align-center elementor-widget elementor-widget-social-icons\" data-id=\"c562ff6\" data-element_type=\"widget\" data-widget_type=\"social-icons.default\">\n\t\t\t\t<div class=\"elementor-widget-container\">\n\t\t\t\t\t\t\t<div class=\"elementor-social-icons-wrapper elementor-grid\">\n\t\t\t\t\t\t\t<span class=\"elementor-grid-item\">\n\t\t\t\t\t<a class=\"elementor-icon elementor-social-icon elementor-social-icon-instagram elementor-repeater-item-31f2e60\" href=\"https:\/\/www.instagram.com\/facmedicinaufmg\" target=\"_blank\">\n\t\t\t\t\t\t<span class=\"elementor-screen-only\">Instagram<\/span>\n\t\t\t\t\t\t<svg class=\"e-font-icon-svg e-fab-instagram\" viewBox=\"0 0 448 512\" xmlns=\"http:\/\/www.w3.org\/2000\/svg\"><path d=\"M224.1 141c-63.6 0-114.9 51.3-114.9 114.9s51.3 114.9 114.9 114.9S339 319.5 339 255.9 287.7 141 224.1 141zm0 189.6c-41.1 0-74.7-33.5-74.7-74.7s33.5-74.7 74.7-74.7 74.7 33.5 74.7 74.7-33.6 74.7-74.7 74.7zm146.4-194.3c0 14.9-12 26.8-26.8 26.8-14.9 0-26.8-12-26.8-26.8s12-26.8 26.8-26.8 26.8 12 26.8 26.8zm76.1 27.2c-1.7-35.9-9.9-67.7-36.2-93.9-26.2-26.2-58-34.4-93.9-36.2-37-2.1-147.9-2.1-184.9 0-35.8 1.7-67.6 9.9-93.9 36.1s-34.4 58-36.2 93.9c-2.1 37-2.1 147.9 0 184.9 1.7 35.9 9.9 67.7 36.2 93.9s58 34.4 93.9 36.2c37 2.1 147.9 2.1 184.9 0 35.9-1.7 67.7-9.9 93.9-36.2 26.2-26.2 34.4-58 36.2-93.9 2.1-37 2.1-147.8 0-184.8zM398.8 388c-7.8 19.6-22.9 34.7-42.6 42.6-29.5 11.7-99.5 9-132.1 9s-102.7 2.6-132.1-9c-19.6-7.8-34.7-22.9-42.6-42.6-11.7-29.5-9-99.5-9-132.1s-2.6-102.7 9-132.1c7.8-19.6 22.9-34.7 42.6-42.6 29.5-11.7 99.5-9 132.1-9s102.7-2.6 132.1 9c19.6 7.8 34.7 22.9 42.6 42.6 11.7 29.5 9 99.5 9 132.1s2.7 102.7-9 132.1z\"><\/path><\/svg>\t\t\t\t\t<\/a>\n\t\t\t\t<\/span>\n\t\t\t\t\t\t\t<span class=\"elementor-grid-item\">\n\t\t\t\t\t<a class=\"elementor-icon elementor-social-icon elementor-social-icon-twitter elementor-repeater-item-a4d1c73\" href=\"http:\/\/twitter.com\/facmedicinaufmg\" target=\"_blank\">\n\t\t\t\t\t\t<span class=\"elementor-screen-only\">Twitter<\/span>\n\t\t\t\t\t\t<svg class=\"e-font-icon-svg e-fab-twitter\" viewBox=\"0 0 512 512\" xmlns=\"http:\/\/www.w3.org\/2000\/svg\"><path d=\"M459.37 151.716c.325 4.548.325 9.097.325 13.645 0 138.72-105.583 298.558-298.558 298.558-59.452 0-114.68-17.219-161.137-47.106 8.447.974 16.568 1.299 25.34 1.299 49.055 0 94.213-16.568 130.274-44.832-46.132-.975-84.792-31.188-98.112-72.772 6.498.974 12.995 1.624 19.818 1.624 9.421 0 18.843-1.3 27.614-3.573-48.081-9.747-84.143-51.98-84.143-102.985v-1.299c13.969 7.797 30.214 12.67 47.431 13.319-28.264-18.843-46.781-51.005-46.781-87.391 0-19.492 5.197-37.36 14.294-52.954 51.655 63.675 129.3 105.258 216.365 109.807-1.624-7.797-2.599-15.918-2.599-24.04 0-57.828 46.782-104.934 104.934-104.934 30.213 0 57.502 12.67 76.67 33.137 23.715-4.548 46.456-13.32 66.599-25.34-7.798 24.366-24.366 44.833-46.132 57.827 21.117-2.273 41.584-8.122 60.426-16.243-14.292 20.791-32.161 39.308-52.628 54.253z\"><\/path><\/svg>\t\t\t\t\t<\/a>\n\t\t\t\t<\/span>\n\t\t\t\t\t\t\t<span class=\"elementor-grid-item\">\n\t\t\t\t\t<a class=\"elementor-icon elementor-social-icon elementor-social-icon-facebook elementor-repeater-item-9611e04\" href=\"https:\/\/www.facebook.com\/facmedicinaufmg\" target=\"_blank\">\n\t\t\t\t\t\t<span class=\"elementor-screen-only\">Facebook<\/span>\n\t\t\t\t\t\t<svg class=\"e-font-icon-svg e-fab-facebook\" viewBox=\"0 0 512 512\" xmlns=\"http:\/\/www.w3.org\/2000\/svg\"><path d=\"M504 256C504 119 393 8 256 8S8 119 8 256c0 123.78 90.69 226.38 209.25 245V327.69h-63V256h63v-54.64c0-62.15 37-96.48 93.67-96.48 27.14 0 55.52 4.84 55.52 4.84v61h-31.28c-30.8 0-40.41 19.12-40.41 38.73V256h68.78l-11 71.69h-57.78V501C413.31 482.38 504 379.78 504 256z\"><\/path><\/svg>\t\t\t\t\t<\/a>\n\t\t\t\t<\/span>\n\t\t\t\t\t\t\t<span class=\"elementor-grid-item\">\n\t\t\t\t\t<a class=\"elementor-icon elementor-social-icon elementor-social-icon-headphones-alt elementor-repeater-item-7843b54\" href=\"https:\/\/podcast.medicina.ufmg.br\/index.php\/links-uteis\/\" target=\"_blank\">\n\t\t\t\t\t\t<span class=\"elementor-screen-only\">Headphones-alt<\/span>\n\t\t\t\t\t\t<svg class=\"e-font-icon-svg e-fas-headphones-alt\" viewBox=\"0 0 512 512\" xmlns=\"http:\/\/www.w3.org\/2000\/svg\"><path d=\"M160 288h-16c-35.35 0-64 28.7-64 64.12v63.76c0 35.41 28.65 64.12 64 64.12h16c17.67 0 32-14.36 32-32.06V320.06c0-17.71-14.33-32.06-32-32.06zm208 0h-16c-17.67 0-32 14.35-32 32.06v127.88c0 17.7 14.33 32.06 32 32.06h16c35.35 0 64-28.71 64-64.12v-63.76c0-35.41-28.65-64.12-64-64.12zM256 32C112.91 32 4.57 151.13 0 288v112c0 8.84 7.16 16 16 16h16c8.84 0 16-7.16 16-16V288c0-114.67 93.33-207.8 208-207.82 114.67.02 208 93.15 208 207.82v112c0 8.84 7.16 16 16 16h16c8.84 0 16-7.16 16-16V288C507.43 151.13 399.09 32 256 32z\"><\/path><\/svg>\t\t\t\t\t<\/a>\n\t\t\t\t<\/span>\n\t\t\t\t\t<\/div>\n\t\t\t\t\t\t<\/div>\n\t\t\t\t<\/div>\n\t\t\t\t<\/div>\n\t\t<div class=\"elementor-element elementor-element-eb0ef46 e-con-full e-flex e-con e-child\" data-id=\"eb0ef46\" data-element_type=\"container\">\n\t\t\t\t<\/div>\n\t\t<div class=\"elementor-element elementor-element-83bdeb7 e-con-full e-flex e-con e-child\" data-id=\"83bdeb7\" data-element_type=\"container\">\n\t\t\t\t<div class=\"elementor-element elementor-element-3786643 elementor-widget elementor-widget-spacer\" data-id=\"3786643\" data-element_type=\"widget\" data-widget_type=\"spacer.default\">\n\t\t\t\t<div class=\"elementor-widget-container\">\n\t\t\t\t\t\t\t<div class=\"elementor-spacer\">\n\t\t\t<div class=\"elementor-spacer-inner\"><\/div>\n\t\t<\/div>\n\t\t\t\t\t\t<\/div>\n\t\t\t\t<\/div>\n\t\t\t\t<div class=\"elementor-element elementor-element-66dc23e elementor-widget elementor-widget-text-editor\" data-id=\"66dc23e\" data-element_type=\"widget\" data-widget_type=\"text-editor.default\">\n\t\t\t\t<div class=\"elementor-widget-container\">\n\t\t\t\t\t\t\t\t\t<p>\u00a0<\/p><p><span style=\"color: #ffffff;\">2024 &#8211; Site produzido pelo Centro de Comunica\u00e7\u00e3o Social<\/span><br \/><span style=\"color: #ffffff;\">da Faculdade de Medicina da da UFMG<\/span><\/p>\t\t\t\t\t\t\t\t<\/div>\n\t\t\t\t<\/div>\n\t\t\t\t<\/div>\n\t\t\t\t<\/div>\n\t\t\t\t<\/div>\n\t\t","protected":false},"excerpt":{"rendered":"<p>Mapa completo O Campus Sa\u00fade da UFMG \u00e9 uma \u00e1rea bem arborizada. Essa vegeta\u00e7\u00e3o proporciona sombra e qualidade ambiental para a comunidade, contribuindo tamb\u00e9m para a conserva\u00e7\u00e3o da biodiversidade.\u00a0 Al\u00e9m de deixar a regi\u00e3o muito mais bonita, constitui importante patrim\u00f4nio do Campus da Sa\u00fade e da cidade de Belo Horizonte. S\u00e3o diversas esp\u00e9cies, em sua [&hellip;]<\/p>\n","protected":false},"author":105,"featured_media":0,"parent":0,"menu_order":0,"comment_status":"closed","ping_status":"closed","template":"","meta":{"footnotes":""},"class_list":["post-6","page","type-page","status-publish","hentry"],"_links":{"self":[{"href":"https:\/\/www.medicina.ufmg.br\/arvoresdocampus\/wp-json\/wp\/v2\/pages\/6","targetHints":{"allow":["GET"]}}],"collection":[{"href":"https:\/\/www.medicina.ufmg.br\/arvoresdocampus\/wp-json\/wp\/v2\/pages"}],"about":[{"href":"https:\/\/www.medicina.ufmg.br\/arvoresdocampus\/wp-json\/wp\/v2\/types\/page"}],"author":[{"embeddable":true,"href":"https:\/\/www.medicina.ufmg.br\/arvoresdocampus\/wp-json\/wp\/v2\/users\/105"}],"replies":[{"embeddable":true,"href":"https:\/\/www.medicina.ufmg.br\/arvoresdocampus\/wp-json\/wp\/v2\/comments?post=6"}],"version-history":[{"count":146,"href":"https:\/\/www.medicina.ufmg.br\/arvoresdocampus\/wp-json\/wp\/v2\/pages\/6\/revisions"}],"predecessor-version":[{"id":248,"href":"https:\/\/www.medicina.ufmg.br\/arvoresdocampus\/wp-json\/wp\/v2\/pages\/6\/revisions\/248"}],"wp:attachment":[{"href":"https:\/\/www.medicina.ufmg.br\/arvoresdocampus\/wp-json\/wp\/v2\/media?parent=6"}],"curies":[{"name":"wp","href":"https:\/\/api.w.org\/{rel}","templated":true}]}}