{"id":15,"date":"2017-03-23T10:16:17","date_gmt":"2017-03-23T13:16:17","guid":{"rendered":"https:\/\/www.medicina.ufmg.br\/avas21\/?page_id=15"},"modified":"2018-11-21T15:26:33","modified_gmt":"2018-11-21T17:26:33","slug":"sobre","status":"publish","type":"page","link":"https:\/\/www.medicina.ufmg.br\/avas21\/sobre\/","title":{"rendered":"Sobre"},"content":{"rendered":"<p><span style=\"font-weight: 400;\">O AVAS 21, programa de inser\u00e7\u00e3o da tecnologia no ensino na \u00e1rea da sa\u00fade, uma iniciativa da diretoria da Faculdade de Medicina da UFMG, promove, em 30 de novembro, o seu terceiro semin\u00e1rio anual, cujo foco ser\u00e1 inova\u00e7\u00e3o em sa\u00fade e empreendendorismo.<\/span><\/p>\n<p><span style=\"font-weight: 400;\">Ser\u00e3o discutidos temas como os desafios da educa\u00e7\u00e3o a dist\u00e2ncia para profissionais de sa\u00fade, o uso da plataforma Moodle no cotidiano do docente e, dentro do contexto de inova\u00e7\u00e3o, um convite a pensar conte\u00fados educacionais \u201cfora da caixa\u201d, explorando outras plataformas de ensino. Ser\u00e1 apresentado o novo marco regulat\u00f3rio de tecnologia e inova\u00e7\u00e3o, que facilitar\u00e1 e mudar\u00e1, de maneira substancial, a forma como estudantes e docentes da UFMG poder\u00e3o empreender e buscar parcerias para projetos desenvolvidos na gradua\u00e7\u00e3o e p\u00f3s gradua\u00e7\u00e3o.<\/span><\/p>\n<p><!--more--><\/p>\n<p><span style=\"font-weight: 400;\">Temas instigantes, como o uso da intelig\u00eancia artificial na tomada de decis\u00f5es cl\u00ednicas, realidade virtual, realidade aumentada e modelagem 3D ser\u00e3o apresentados neste semin\u00e1rio por professores e pesquisadores dentro e fora da UFMG e pelo bra\u00e7o-aluno do AVAS21, que desenvolve v\u00e1rios projetos inovadores, aplic\u00e1veis ao ensino, pesquisa e extens\u00e3o, sob orienta\u00e7\u00e3o de professores da Faculdade de Medicina.<\/span><\/p>\n<p><span style=\"font-weight: 400;\">A <\/span><span style=\"font-weight: 400;\">manipula\u00e7\u00e3o e reconstru\u00e7\u00e3o 3D de imagens radiol\u00f3gicas, especialmente quando associadas \u00e0 prototipagem r\u00e1pida, abrem novas perspectivas na medicina e j\u00e1 s\u00e3o realidade para muitos profissionais das \u00e1reas de radiologia e cirurgia. <\/span><b>O uso de impressoras 3D tem revolucionado algumas especialidades m\u00e9dicas e proporcionado solu\u00e7\u00f5es inusitadas para uma gama enorme de situa\u00e7\u00f5es.<\/b><span style=\"font-weight: 400;\"> Trazer \u00e0 comunidade informa\u00e7\u00f5es sobre algumas das possibilidades da chamada \u201c<\/span><i><span style=\"font-weight: 400;\">m<\/span><\/i><i><span style=\"font-weight: 400;\">edicina impressa\u201d<\/span><\/i><span style=\"font-weight: 400;\"> ser\u00e1 um dos pontos altos desta edi\u00e7\u00e3o 2018 do AVAS21. Venha conhecer nossa pequena impressora 3D, que nos permitiu dar o primeiro passo para compreender os avan\u00e7os que esta tecnologia pode trazer para a medicina ao permitir impress\u00e3o de r\u00e9plicas perfeitas e sob medida de partes do corpo, pr\u00f3teses e implantes. Mas o melhor da impress\u00e3o 3D j\u00e1 come\u00e7a a tomar contornos reais com a possibilidade de <\/span><span style=\"font-weight: 400;\">impress\u00f5es tridimensionais de pele, ossos, vasos sangu\u00edneos e, <\/span><span style=\"font-weight: 400;\">inclusive, de \u00f3rg\u00e3os humanos.<\/span><\/p>\n<p><span style=\"font-weight: 400;\">O III Semin\u00e1rio AVAS21 espera por voc\u00ea. Venha com seu sonho, sua curiosidade e seu projeto. Vamos, juntos, pensar grande.<\/span><\/p>\n","protected":false},"excerpt":{"rendered":"<p>O AVAS 21, programa de inser\u00e7\u00e3o da tecnologia no ensino na \u00e1rea da sa\u00fade, uma iniciativa da diretoria da Faculdade de Medicina da UFMG, promove, em 30 de novembro, o seu terceiro semin\u00e1rio anual, cujo foco ser\u00e1 inova\u00e7\u00e3o em sa\u00fade e empreendendorismo. Ser\u00e3o discutidos temas como os desafios da educa\u00e7\u00e3o a dist\u00e2ncia para profissionais de [&hellip;]<\/p>\n","protected":false},"author":33,"featured_media":0,"parent":0,"menu_order":0,"comment_status":"closed","ping_status":"closed","template":"","meta":{"footnotes":""},"class_list":["post-15","page","type-page","status-publish","hentry"],"_links":{"self":[{"href":"https:\/\/www.medicina.ufmg.br\/avas21\/wp-json\/wp\/v2\/pages\/15","targetHints":{"allow":["GET"]}}],"collection":[{"href":"https:\/\/www.medicina.ufmg.br\/avas21\/wp-json\/wp\/v2\/pages"}],"about":[{"href":"https:\/\/www.medicina.ufmg.br\/avas21\/wp-json\/wp\/v2\/types\/page"}],"author":[{"embeddable":true,"href":"https:\/\/www.medicina.ufmg.br\/avas21\/wp-json\/wp\/v2\/users\/33"}],"replies":[{"embeddable":true,"href":"https:\/\/www.medicina.ufmg.br\/avas21\/wp-json\/wp\/v2\/comments?post=15"}],"version-history":[{"count":4,"href":"https:\/\/www.medicina.ufmg.br\/avas21\/wp-json\/wp\/v2\/pages\/15\/revisions"}],"predecessor-version":[{"id":227,"href":"https:\/\/www.medicina.ufmg.br\/avas21\/wp-json\/wp\/v2\/pages\/15\/revisions\/227"}],"wp:attachment":[{"href":"https:\/\/www.medicina.ufmg.br\/avas21\/wp-json\/wp\/v2\/media?parent=15"}],"curies":[{"name":"wp","href":"https:\/\/api.w.org\/{rel}","templated":true}]}}