{"id":99,"date":"2020-06-26T16:23:07","date_gmt":"2020-06-26T19:23:07","guid":{"rendered":"https:\/\/www.medicina.ufmg.br\/avascast\/?page_id=99"},"modified":"2020-06-26T17:03:07","modified_gmt":"2020-06-26T20:03:07","slug":"sobre","status":"publish","type":"page","link":"https:\/\/www.medicina.ufmg.br\/avascast\/sobre\/","title":{"rendered":"Sobre"},"content":{"rendered":"\n<p>O AVAScast \u00e9 um projeto de extens\u00e3o da Faculdade de Medicina da UFMG que tem como objetivo a produ\u00e7\u00e3o de podcasts com tem\u00e1ticas na \u00e1rea da sa\u00fade. A cada epis\u00f3dio, temas em pauta na sociedade e \u00e1rea m\u00e9dica s\u00e3o debatidos por meio de entrevistas com especialistas no assunto.\u00a0<\/p>\n\n\n\n<p>O projeto integra o Ambiente Virtual de Aprendizagem do S\u00e9culo 21 (AVAS21), programa da Faculdade de Medicina da UFMG que busca promover a tecnologia no ensino da sa\u00fade, principalmente no \u00e2mbito acad\u00eamico.<\/p>\n\n\n\n<h2 class=\"wp-block-heading\">Quem somos:<\/h2>\n\n\n\n<p>O AVAScast \u00e9 realizado por alunos de diferentes per\u00edodos da UFMG e coordenado pela professora do Departamento de Cl\u00ednica M\u00e9dica da Faculdade, Dra. Ros\u00e1lia Morais Torres. O projeto tamb\u00e9m conta com a colabora\u00e7\u00e3o dos professores da Unidade, Carolina Coimbra Marinho, Cristina Costa Duarte Lanna e Marco T\u00falio Gualberto Cintra. O apoio t\u00e9cnico \u00e9 de equipe do Centro de Comunica\u00e7\u00e3o Social (CCS) da Faculdade de Medicina da UFMG, formada por Gilberto Boaventura Carvalho, Karla Eloara Escarmigliat Cruz e F\u00e1bio Xavier Andrade.\u00a0<\/p>\n\n\n\n<p><\/p>\n","protected":false},"excerpt":{"rendered":"<p>O AVAScast \u00e9 um projeto de extens\u00e3o da Faculdade de Medicina da UFMG que tem como objetivo a produ\u00e7\u00e3o de podcasts com tem\u00e1ticas na \u00e1rea da sa\u00fade. A cada epis\u00f3dio, temas em pauta na sociedade e \u00e1rea m\u00e9dica s\u00e3o debatidos por meio de entrevistas com especialistas no assunto.\u00a0 O projeto integra o Ambiente Virtual de [&hellip;]<\/p>\n","protected":false},"author":33,"featured_media":0,"parent":0,"menu_order":0,"comment_status":"closed","ping_status":"closed","template":"","meta":{"footnotes":""},"class_list":["post-99","page","type-page","status-publish","hentry"],"_links":{"self":[{"href":"https:\/\/www.medicina.ufmg.br\/avascast\/wp-json\/wp\/v2\/pages\/99","targetHints":{"allow":["GET"]}}],"collection":[{"href":"https:\/\/www.medicina.ufmg.br\/avascast\/wp-json\/wp\/v2\/pages"}],"about":[{"href":"https:\/\/www.medicina.ufmg.br\/avascast\/wp-json\/wp\/v2\/types\/page"}],"author":[{"embeddable":true,"href":"https:\/\/www.medicina.ufmg.br\/avascast\/wp-json\/wp\/v2\/users\/33"}],"replies":[{"embeddable":true,"href":"https:\/\/www.medicina.ufmg.br\/avascast\/wp-json\/wp\/v2\/comments?post=99"}],"version-history":[{"count":7,"href":"https:\/\/www.medicina.ufmg.br\/avascast\/wp-json\/wp\/v2\/pages\/99\/revisions"}],"predecessor-version":[{"id":152,"href":"https:\/\/www.medicina.ufmg.br\/avascast\/wp-json\/wp\/v2\/pages\/99\/revisions\/152"}],"wp:attachment":[{"href":"https:\/\/www.medicina.ufmg.br\/avascast\/wp-json\/wp\/v2\/media?parent=99"}],"curies":[{"name":"wp","href":"https:\/\/api.w.org\/{rel}","templated":true}]}}