{"id":221,"date":"2022-07-25T15:09:46","date_gmt":"2022-07-25T18:09:46","guid":{"rendered":"https:\/\/www.medicina.ufmg.br\/cegradnovo\/?page_id=221"},"modified":"2026-08-03T16:43:34","modified_gmt":"2026-08-03T19:43:34","slug":"colegiado","status":"publish","type":"page","link":"https:\/\/www.medicina.ufmg.br\/cegrad\/radiologia\/colegiado\/","title":{"rendered":"Colegiado"},"content":{"rendered":"\n<p class=\"wp-block-paragraph\">Profa. Luciene das Gra\u00e7as Mota<br>(Coordenadora)<\/p>\n\n\n\n<p class=\"wp-block-paragraph\">Profa. Priscila do Carmo Santana<br>(Subcoordenadora)<\/p>\n\n\n\n<p class=\"wp-block-paragraph\">Profa. Adriana de Souza Medeiros Batista<br>(Titular)<br>Profa. Luciana Batista Nogueira<br>(Suplente)<\/p>\n\n\n\n<p class=\"wp-block-paragraph\">Profa. Annamaria Ravara Vago<br>(Titular)<br>Prof. Remo de Castro Russo<br>(Suplente)<\/p>\n\n\n\n<p class=\"wp-block-paragraph\">Prof. Daniel Silva Calheiro<br>(Titular)<br>Prof. Jony Marques Geraldo<br>(Suplente)<\/p>\n\n\n\n<p class=\"wp-block-paragraph\">Prof. Lucas Paix\u00e3o Reis<br>(Titular)<br>Profa. Sandra Monetti Dumont Sanches<br>(Suplente)<\/p>\n\n\n\n<p class=\"wp-block-paragraph\">Prof. Paulo M\u00e1rcio Campos de Oliveira<br>(Titular)<br>Prof. Luiz Cl\u00e1udio de Souza<br>(Suplente)<\/p>\n\n\n\n<p class=\"wp-block-paragraph\">Discente Carolina Carvalho Freitas<br>(Titular)<\/p>\n\n\n\n<p class=\"wp-block-paragraph\">E-mail: coltecrad@medicina.ufmg.br \u2013 Telefone: (31) 3409-8063<\/p>\n\n\n\n<p class=\"wp-block-paragraph\"><strong>Hor\u00e1rio de Funcionamento<\/strong><\/p>\n\n\n\n<p class=\"wp-block-paragraph\">2\u00aa a 5\u00aa feira \u2013 1030h \u00e0s 15h30 e das 17h30 \u00e0s 19h30<br>6\u00aa feira \u2013 10h \u00e0s 16h<\/p>\n\n\n\n<p class=\"wp-block-paragraph\">Sala: 065 (T\u00e9rreo) \u2013 Centro de Gradua\u00e7\u00e3o da Faculdade de Medicina\/UFMG<\/p>\n","protected":false},"excerpt":{"rendered":"<p>Profa. Luciene das Gra\u00e7as Mota(Coordenadora) Profa. Priscila do Carmo Santana(Subcoordenadora) Profa. Adriana de Souza Medeiros Batista(Titular)Profa. Luciana Batista Nogueira(Suplente) Profa. Annamaria Ravara Vago(Titular)Prof. Remo de Castro Russo(Suplente) Prof. Daniel Silva Calheiro(Titular)Prof. Jony Marques Geraldo(Suplente) Prof. Lucas Paix\u00e3o Reis(Titular)Profa. Sandra Monetti Dumont Sanches(Suplente) Prof. Paulo M\u00e1rcio Campos de Oliveira(Titular)Prof. Luiz Cl\u00e1udio de Souza(Suplente) Discente Carolina Carvalho [&hellip;]<\/p>\n","protected":false},"author":17,"featured_media":0,"parent":4,"menu_order":0,"comment_status":"closed","ping_status":"closed","template":"pagina-radiologia.php","meta":{"footnotes":""},"class_list":["post-221","page","type-page","status-publish","hentry"],"_links":{"self":[{"href":"https:\/\/www.medicina.ufmg.br\/cegrad\/wp-json\/wp\/v2\/pages\/221","targetHints":{"allow":["GET"]}}],"collection":[{"href":"https:\/\/www.medicina.ufmg.br\/cegrad\/wp-json\/wp\/v2\/pages"}],"about":[{"href":"https:\/\/www.medicina.ufmg.br\/cegrad\/wp-json\/wp\/v2\/types\/page"}],"author":[{"embeddable":true,"href":"https:\/\/www.medicina.ufmg.br\/cegrad\/wp-json\/wp\/v2\/users\/17"}],"replies":[{"embeddable":true,"href":"https:\/\/www.medicina.ufmg.br\/cegrad\/wp-json\/wp\/v2\/comments?post=221"}],"version-history":[{"count":12,"href":"https:\/\/www.medicina.ufmg.br\/cegrad\/wp-json\/wp\/v2\/pages\/221\/revisions"}],"predecessor-version":[{"id":6117,"href":"https:\/\/www.medicina.ufmg.br\/cegrad\/wp-json\/wp\/v2\/pages\/221\/revisions\/6117"}],"up":[{"embeddable":true,"href":"https:\/\/www.medicina.ufmg.br\/cegrad\/wp-json\/wp\/v2\/pages\/4"}],"wp:attachment":[{"href":"https:\/\/www.medicina.ufmg.br\/cegrad\/wp-json\/wp\/v2\/media?parent=221"}],"curies":[{"name":"wp","href":"https:\/\/api.w.org\/{rel}","templated":true}]}}

<p class="wp-block-paragraph">Profa. Luciene das Graças Mota<br>(Coordenadora)</p>



<p class="wp-block-paragraph">Profa. Priscila do Carmo Santana<br>(Subcoordenadora)</p>



<p class="wp-block-paragraph">Profa. Adriana de Souza Medeiros Batista<br>(Titular)<br>Profa. Luciana Batista Nogueira<br>(Suplente)</p>



<p class="wp-block-paragraph">Profa. Annamaria Ravara Vago<br>(Titular)<br>Prof. Remo de Castro Russo<br>(Suplente)</p>



<p class="wp-block-paragraph">Prof. Daniel Silva Calheiro<br>(Titular)<br>Prof. Jony Marques Geraldo<br>(Suplente)</p>



<p class="wp-block-paragraph">Prof. Lucas Paixão Reis<br>(Titular)<br>Profa. Sandra Monetti Dumont Sanches<br>(Suplente)</p>



<p class="wp-block-paragraph">Prof. Paulo Márcio Campos de Oliveira<br>(Titular)<br>Prof. Luiz Cláudio de Souza<br>(Suplente)</p>



<p class="wp-block-paragraph">Discente Carolina Carvalho Freitas<br>(Titular)</p>



<p class="wp-block-paragraph">E-mail: coltecrad@medicina.ufmg.br – Telefone: (31) 3409-8063</p>



<p class="wp-block-paragraph"><strong>Horário de Funcionamento</strong></p>



<p class="wp-block-paragraph">2ª a 5ª feira – 1030h às 15h30 e das 17h30 às 19h30<br>6ª feira – 10h às 16h</p>



<p class="wp-block-paragraph">Sala: 065 (Térreo) – Centro de Graduação da Faculdade de Medicina/UFMG</p>

<p>Profa. Luciene das Graças Mota(Coordenadora) Profa. Priscila do Carmo Santana(Subcoordenadora) Profa. Adriana de Souza Medeiros Batista(Titular)Profa. Luciana Batista Nogueira(Suplente) Profa. Annamaria Ravara Vago(Titular)Prof. Remo de Castro Russo(Suplente) Prof. Daniel Silva Calheiro(Titular)Prof. Jony Marques Geraldo(Suplente) Prof. Lucas Paixão Reis(Titular)Profa. Sandra Monetti Dumont Sanches(Suplente) Prof. Paulo Márcio Campos de Oliveira(Titular)Prof. Luiz Cláudio de Souza(Suplente) Discente Carolina Carvalho [&hellip;]</p>
