{"id":247,"date":"2022-07-25T15:16:00","date_gmt":"2022-07-25T18:16:00","guid":{"rendered":"https:\/\/www.medicina.ufmg.br\/cegradnovo\/?page_id=247"},"modified":"2024-09-13T14:27:13","modified_gmt":"2024-09-13T17:27:13","slug":"resolucoes-e-regulamentos","status":"publish","type":"page","link":"https:\/\/www.medicina.ufmg.br\/cegrad\/radiologia\/sobre-o-curso-de-radiologia\/resolucoes-e-regulamentos\/","title":{"rendered":"Regulamento e PPC"},"content":{"rendered":"\n<p>*Resolu\u00e7\u00f5es e Regulamentos do Colegiado do Curso Superior de Tecnologia em Radiologia<\/p>\n\n\n\n<p>Vigentes: PPC 2024 e o Regulamento 2024.<\/p>\n\n\n\n<p><a href=\"https:\/\/www.ufmg.br\/prograd\/arquivos\/cursos\/projeto\/PPCRadiologia.pdf\" data-type=\"link\" data-id=\"https:\/\/www.ufmg.br\/prograd\/arquivos\/cursos\/projeto\/PPCRadiologia.pdf\">PPC<\/a><\/p>\n\n\n\n<p><a href=\"https:\/\/www.ufmg.br\/prograd\/arquivos\/cursos\/projeto\/RegRadiologia.pdf\" data-type=\"link\" data-id=\"https:\/\/www.ufmg.br\/prograd\/arquivos\/cursos\/projeto\/RegRadiologia.pdf\">Regulamento<\/a><\/p>\n\n\n\n<p><a href=\"https:\/\/www.medicina.ufmg.br\/cegrad\/wp-content\/uploads\/sites\/10\/2020\/11\/SEI_UFMG-0344857-Resolu%C3%A7%C3%A3o-12-11-2020.pdf\" target=\"_blank\" rel=\"noreferrer noopener\">Resolu\u00e7\u00e3o 05\/2020, de 30 de outubro de 2020<\/a><br>\u2013 Regulamenta o apoio financeiro com recursos administrados pela Faculdade de Medicina da UFMG \u00e0 participa\u00e7\u00e3o do estudante de gradua\u00e7\u00e3o em eventos.<\/p>\n","protected":false},"excerpt":{"rendered":"<p>*Resolu\u00e7\u00f5es e Regulamentos do Colegiado do Curso Superior de Tecnologia em Radiologia Vigentes: PPC 2024 e o Regulamento 2024. PPC Regulamento Resolu\u00e7\u00e3o 05\/2020, de 30 de outubro de 2020\u2013 Regulamenta o apoio financeiro com recursos administrados pela Faculdade de Medicina da UFMG \u00e0 participa\u00e7\u00e3o do estudante de gradua\u00e7\u00e3o em eventos.<\/p>\n","protected":false},"author":17,"featured_media":0,"parent":64,"menu_order":0,"comment_status":"closed","ping_status":"closed","template":"pagina-radiologia.php","meta":{"footnotes":""},"class_list":["post-247","page","type-page","status-publish","hentry"],"_links":{"self":[{"href":"https:\/\/www.medicina.ufmg.br\/cegrad\/wp-json\/wp\/v2\/pages\/247","targetHints":{"allow":["GET"]}}],"collection":[{"href":"https:\/\/www.medicina.ufmg.br\/cegrad\/wp-json\/wp\/v2\/pages"}],"about":[{"href":"https:\/\/www.medicina.ufmg.br\/cegrad\/wp-json\/wp\/v2\/types\/page"}],"author":[{"embeddable":true,"href":"https:\/\/www.medicina.ufmg.br\/cegrad\/wp-json\/wp\/v2\/users\/17"}],"replies":[{"embeddable":true,"href":"https:\/\/www.medicina.ufmg.br\/cegrad\/wp-json\/wp\/v2\/comments?post=247"}],"version-history":[{"count":3,"href":"https:\/\/www.medicina.ufmg.br\/cegrad\/wp-json\/wp\/v2\/pages\/247\/revisions"}],"predecessor-version":[{"id":5392,"href":"https:\/\/www.medicina.ufmg.br\/cegrad\/wp-json\/wp\/v2\/pages\/247\/revisions\/5392"}],"up":[{"embeddable":true,"href":"https:\/\/www.medicina.ufmg.br\/cegrad\/wp-json\/wp\/v2\/pages\/64"}],"wp:attachment":[{"href":"https:\/\/www.medicina.ufmg.br\/cegrad\/wp-json\/wp\/v2\/media?parent=247"}],"curies":[{"name":"wp","href":"https:\/\/api.w.org\/{rel}","templated":true}]}}