{"id":531,"date":"2022-07-29T09:51:22","date_gmt":"2022-07-29T12:51:22","guid":{"rendered":"https:\/\/www.medicina.ufmg.br\/cegradnovo\/?page_id=531"},"modified":"2022-07-29T09:51:22","modified_gmt":"2022-07-29T12:51:22","slug":"nucleos","status":"publish","type":"page","link":"https:\/\/www.medicina.ufmg.br\/cegrad\/centro-de-educacao-em-saude\/nucleos\/","title":{"rendered":"N\u00facleos"},"content":{"rendered":"\n<p><strong>\u2022 N\u00facleo de Estudo e Pesquisa em Educa\u00e7\u00e3o M\u00e9dica<\/strong><br>Coordena\u00e7\u00e3o: Prof.\u00aa Eliane Costa Dias Gontijo (MPS)<br>Objetivos: discutir m\u00e9todos educacionais e pr\u00e1ticas avaliativas para o processo de ensino-aprendizagem, implementar e desenvolver estrat\u00e9gias para forma\u00e7\u00e3o e desenvolvimento docente, al\u00e9m de desenvolver pesquisa no campo da Educa\u00e7\u00e3o em Sa\u00fade.<\/p>\n\n\n\n<p><strong>\u2022 N\u00facleo de Aten\u00e7\u00e3o Prim\u00e1ria \u00e0 Sa\u00fade<\/strong><br>Coordena\u00e7\u00e3o: Prof. Marco T\u00falio Gualberto Cintra (CLM)<br>Objetivos: Apoiar a reforma curricular da Faculdade de Medicina em quest\u00f5es referentes \u00e0s disciplinas voltadas para a Aten\u00e7\u00e3o Prim\u00e1ria \u00e0 Sa\u00fade, al\u00e9m de estimular a produ\u00e7\u00e3o cient\u00edfica visando o desenvolvimento te\u00f3rico-pr\u00e1tico de temas relacionados \u00e0 Aten\u00e7\u00e3o Prim\u00e1ria \u00e0 Sa\u00fade e ao aprimoramento do SUS;<br>Disciplinas MED:<br>Inicia\u00e7\u00e3o \u00e0 Aten\u00e7\u00e3o Prim\u00e1ria \u00e0 Sa\u00fade I, II e III (MED065, MED 067 e MED 069)<\/p>\n\n\n\n<p><strong>\u2022 N\u00facleo de \u00c9tica e Bio\u00e9tica<\/strong><br>Coordena\u00e7\u00e3o: Prof.\u00aa Cristina Gon\u00e7alves Alvim (PED)<br>Subcoordena\u00e7\u00e3o: Prof. Rodrigo Ribeiro dos Santos (CLM)<br>Objetivos: Garantir a inser\u00e7\u00e3o de conte\u00fados de \u00e9tica e bio\u00e9tica no curr\u00edculo m\u00e9dico, al\u00e9m de fomentar a produ\u00e7\u00e3o de conhecimento, por meio da cria\u00e7\u00e3o de linhas de pesquisa afins em diferentes programas de p\u00f3s-gradua\u00e7\u00e3o da UFMG.<br>Disciplinas MED:<br>Confer\u00eancias de \u00c9tica e Bio\u00e9tica (MED 070) e \u00c9tica (MED0071)<\/p>\n\n\n\n<p><strong>\u2022 N\u00facleo de Metodologia Cient\u00edfica<\/strong><br>Coordena\u00e7\u00e3o: Prof. Fernando Marcos dos Reis (GOB)<br>Objetivos: participar da coordena\u00e7\u00e3o do ensino de metodologia cient\u00edfica, bioestat\u00edstica e pr\u00e1ticas baseadas em evid\u00eancias nos cursos de gradua\u00e7\u00e3o da Faculdade de Medicina.<br>Disciplinas MED:<br>Introdu\u00e7\u00e3o \u00e0 Pesquisa Cient\u00edfica I e II (MED 063 e MED069)<\/p>\n\n\n\n<p><strong>\u2022 N\u00facleo de Assist\u00eancia Psicopedag\u00f3gica ao Estudante de Medicina (NAPEM)<\/strong><br>Coordena\u00e7\u00e3o: Profa. Maria M\u00f4nica Freitas Ribeiro (CLM)<br>Objetivos: prevenir problemas emocionais e ajudar os alunos a supercar tanto problemas j\u00e1 existentes quanto dificuldades encontradas durante o curso.<br>Disciplinas MED:<br>Tutoria (MED 066)<\/p>\n\n\n\n<p><strong>\u2022 N\u00facleo de Proped\u00eautica e Terap\u00eautica Integradas (Nuproti)<\/strong><br>Coordena\u00e7\u00e3o: Prof.\u00aa Wanessa Trindade Clemente (PRO)<br>Objetivos: ser um espa\u00e7o inter e multidisciplinar, envolvendo docentes, discentes e funcion\u00e1rios t\u00e9cnico-administrativos em educa\u00e7\u00e3o para discuss\u00e3o, reflex\u00e3o e a\u00e7\u00e3o sobre as quest\u00f5es relativas \u00e0 ensino, pesquisa e extens\u00e3o referentes aos m\u00e9todos proped\u00eauticos e terap\u00eauticos.<br>Disciplinas MED:<br>Proped\u00eautica Contextualizada I, II, III e IV (MED073, MED074, MED075 e MED076)<\/p>\n\n\n\n<p><strong>\u2022 N\u00facleo de Urg\u00eancia e Emerg\u00eancia (NUE)<\/strong><br>Coordenador: Prof. Marcus Vin\u00edcius Melo de Andrade (CLM)<br>Objetivo: ser um espa\u00e7o interdepartamental para discuss\u00e3o, reflex\u00e3o e desenvolvimento de a\u00e7\u00f5es voltadas para a melhoria da qualidade da assist\u00eancia aos pacientes em situa\u00e7\u00f5es de urg\u00eancia e emerg\u00eancia, atrav\u00e9s da melhoria do ensino (da gradua\u00e7\u00e3o, p\u00f3s-gradua\u00e7\u00e3o e educa\u00e7\u00e3o permanente), treinamento pr\u00e1tico e simula\u00e7\u00e3o, e pesquisa aplicada na \u00e1rea de urg\u00eancia e emerg\u00eancia, integrando ensino, pesquisa e extens\u00e3o.<br>Disciplinas MED:<br>Atendimento Pr\u00e9-Hospitalar e Primeiros Socorros (MED064)<br>Suporte de Vida em Urg\u00eancia e Emerg\u00eancia (MED072)<br>Est\u00e1gio em Urg\u00eancia e Emerg\u00eancia (MED077)<br>Est\u00e1gio em Urg\u00eancia e Emerg\u00eancia II (MED 078)<\/p>\n","protected":false},"excerpt":{"rendered":"<p>\u2022 N\u00facleo de Estudo e Pesquisa em Educa\u00e7\u00e3o M\u00e9dicaCoordena\u00e7\u00e3o: Prof.\u00aa Eliane Costa Dias Gontijo (MPS)Objetivos: discutir m\u00e9todos educacionais e pr\u00e1ticas avaliativas para o processo de ensino-aprendizagem, implementar e desenvolver estrat\u00e9gias para forma\u00e7\u00e3o e desenvolvimento docente, al\u00e9m de desenvolver pesquisa no campo da Educa\u00e7\u00e3o em Sa\u00fade. \u2022 N\u00facleo de Aten\u00e7\u00e3o Prim\u00e1ria \u00e0 Sa\u00fadeCoordena\u00e7\u00e3o: Prof. Marco T\u00falio [&hellip;]<\/p>\n","protected":false},"author":17,"featured_media":0,"parent":518,"menu_order":0,"comment_status":"closed","ping_status":"closed","template":"pagina-ces.php","meta":{"footnotes":""},"class_list":["post-531","page","type-page","status-publish","hentry"],"_links":{"self":[{"href":"https:\/\/www.medicina.ufmg.br\/cegrad\/wp-json\/wp\/v2\/pages\/531","targetHints":{"allow":["GET"]}}],"collection":[{"href":"https:\/\/www.medicina.ufmg.br\/cegrad\/wp-json\/wp\/v2\/pages"}],"about":[{"href":"https:\/\/www.medicina.ufmg.br\/cegrad\/wp-json\/wp\/v2\/types\/page"}],"author":[{"embeddable":true,"href":"https:\/\/www.medicina.ufmg.br\/cegrad\/wp-json\/wp\/v2\/users\/17"}],"replies":[{"embeddable":true,"href":"https:\/\/www.medicina.ufmg.br\/cegrad\/wp-json\/wp\/v2\/comments?post=531"}],"version-history":[{"count":1,"href":"https:\/\/www.medicina.ufmg.br\/cegrad\/wp-json\/wp\/v2\/pages\/531\/revisions"}],"predecessor-version":[{"id":532,"href":"https:\/\/www.medicina.ufmg.br\/cegrad\/wp-json\/wp\/v2\/pages\/531\/revisions\/532"}],"up":[{"embeddable":true,"href":"https:\/\/www.medicina.ufmg.br\/cegrad\/wp-json\/wp\/v2\/pages\/518"}],"wp:attachment":[{"href":"https:\/\/www.medicina.ufmg.br\/cegrad\/wp-json\/wp\/v2\/media?parent=531"}],"curies":[{"name":"wp","href":"https:\/\/api.w.org\/{rel}","templated":true}]}}