{"id":1613,"date":"2020-09-22T18:31:06","date_gmt":"2020-09-22T18:31:06","guid":{"rendered":"https:\/\/www.medicina.ufmg.br\/cememor\/?page_id=1613"},"modified":"2021-09-29T14:31:22","modified_gmt":"2021-09-29T14:31:22","slug":"exposicao-alzira-reis","status":"publish","type":"page","link":"https:\/\/www.medicina.ufmg.br\/cememor\/exposicao-alzira-reis\/","title":{"rendered":"Exposi\u00e7\u00e3o Alzira Reis"},"content":{"rendered":"\n<p>Alzira Nogueira Reis (1886-1970) foi a primeira aluna a se formar na Faculdade de Medicina de Bello Horizonte m 1919. De l\u00e1 para c\u00e1 muita coisa mudou.<\/p>\n\n\n\n<p>Em 2020 ocorreu a cola\u00e7\u00e3o de grau da \u00faltima turma da Medicina de maneira remota devido aos cuidados necess\u00e1rios devido \u00e0 pandemia. Atualmente s\u00e3o 1780 alunos matriculados, sendo 766 mulheres no curso de Medicina. <br><br> A distribui\u00e7\u00e3o entre os sexos no curso de Fonoaudiologia evidencia uma maioria de mulheres. De 241 alunos, 211s\u00e3o do \u201csexo fr\u00e1gil\u201d. E no curso de Radiologia as mulheres s\u00e3o maioria. Dos 262 alunos matriculados, 152 s\u00e3o mulheres.<\/p>\n\n\n\n<p>Atualmente a Faculdade tem na gradua\u00e7\u00e3o 2283 alunos matriculados nos tr\u00eas cursos, e 1129 mulheres no total.<\/p>\n\n\n\n<p>A Faculdade conta com a primeira mulher a ocupar cargo de vice-diretora, a professora Alamanda Kfouri Pereira. <\/p>\n\n\n\n<p>Hoje Alzira d\u00e1 nome \u00e0 Maternidade Municipal Dra.Alzira Reis Vieira Ferreira em Niter\u00f3i -RJ e a Coletivo de Mulheres na Faculdade de Medicina da UFMG.<\/p>\n\n\n\n<ul class=\"wp-block-list\"><li><a href=\"https:\/\/www.medicina.ufmg.br\/cememor\/wp-content\/uploads\/sites\/51\/2020\/09\/DIPLOMA-ALZIRA-REIS.jpg\">DIPLOMA ALZIRA REIS<\/a><br><\/li><\/ul>\n\n\n\n<br><iframe width=\"560\" height=\"315\" src=\"https:\/\/www.youtube.com\/embed\/1HYkAjMDH1I\" title=\"YouTube video player\" frameborder=\"0\" allow=\"accelerometer; autoplay; clipboard-write; encrypted-media; gyroscope; picture-in-picture\" allowfullscreen><\/iframe>\n","protected":false},"excerpt":{"rendered":"<p>Alzira Nogueira Reis (1886-1970) foi a primeira aluna a se formar na Faculdade de Medicina de Bello Horizonte m 1919. De l\u00e1 para c\u00e1 muita coisa mudou. Em 2020 ocorreu a cola\u00e7\u00e3o de grau da \u00faltima turma da Medicina de maneira remota devido aos cuidados necess\u00e1rios devido \u00e0 pandemia. Atualmente s\u00e3o 1780 alunos matriculados, sendo [&hellip;]<\/p>\n","protected":false},"author":33,"featured_media":0,"parent":0,"menu_order":0,"comment_status":"closed","ping_status":"closed","template":"templates\/fullwidth.php","meta":{"footnotes":""},"class_list":["post-1613","page","type-page","status-publish","hentry","page-entry","loop-entry clr"],"_links":{"self":[{"href":"https:\/\/www.medicina.ufmg.br\/cememor\/wp-json\/wp\/v2\/pages\/1613","targetHints":{"allow":["GET"]}}],"collection":[{"href":"https:\/\/www.medicina.ufmg.br\/cememor\/wp-json\/wp\/v2\/pages"}],"about":[{"href":"https:\/\/www.medicina.ufmg.br\/cememor\/wp-json\/wp\/v2\/types\/page"}],"author":[{"embeddable":true,"href":"https:\/\/www.medicina.ufmg.br\/cememor\/wp-json\/wp\/v2\/users\/33"}],"replies":[{"embeddable":true,"href":"https:\/\/www.medicina.ufmg.br\/cememor\/wp-json\/wp\/v2\/comments?post=1613"}],"version-history":[{"count":7,"href":"https:\/\/www.medicina.ufmg.br\/cememor\/wp-json\/wp\/v2\/pages\/1613\/revisions"}],"predecessor-version":[{"id":1657,"href":"https:\/\/www.medicina.ufmg.br\/cememor\/wp-json\/wp\/v2\/pages\/1613\/revisions\/1657"}],"wp:attachment":[{"href":"https:\/\/www.medicina.ufmg.br\/cememor\/wp-json\/wp\/v2\/media?parent=1613"}],"curies":[{"name":"wp","href":"https:\/\/api.w.org\/{rel}","templated":true}]}}