
{"id":1709,"date":"2021-03-31T17:09:21","date_gmt":"2021-03-31T17:09:21","guid":{"rendered":"https:\/\/www.medicina.ufmg.br\/cenex\/?page_id=1709"},"modified":"2024-08-21T14:26:13","modified_gmt":"2024-08-21T14:26:13","slug":"registro-de-participantes","status":"publish","type":"page","link":"https:\/\/www.medicina.ufmg.br\/cenex\/registro-de-participantes\/","title":{"rendered":"REGISTRO DE PARTICIPANTES"},"content":{"rendered":"\n<p><strong>ALUNOS VOLUNT\u00c1RIOS DA UFMG DE GRADUA\u00c7\u00c3O E P\u00d3S-GRADUA\u00c7\u00c3O:&nbsp;<\/strong>Devem ser inseridos pelo docente coordenador do&nbsp;<strong>projeto ou programa<\/strong>&nbsp;na aba&nbsp;<strong>Equipe<\/strong>&nbsp;do&nbsp;<strong>SIEX \u2013 Sistema de Informa\u00e7\u00e3o da Extens\u00e3o<\/strong>.<\/p>\n\n\n\n<p><strong>ALUNOS DE OUTRAS INSTITUI\u00c7\u00d5ES,<\/strong>\u00a0servidores da UFMG aposentados, colaboradores via FUNDEP, profissionais externos ou vinculados \u00e0 Ebserh\u00a0s\u00e3o considerados\u00a0<strong>Colaboradores Externos\u00a0<\/strong>e devem assinar o\u00a0<strong>Termo de Ades\u00e3o do Colaborador Externo \u00e0 UFMG<\/strong>\u00a0antes de serem inseridos na aba\u00a0<strong>Equipe<\/strong>\u00a0do\u00a0<strong>SIEX \u2013 Sistema de Informa\u00e7\u00e3o da Extens\u00e3o<\/strong>. <a href=\"http:\/\/www.medicina.ufmg.br\/cenex\/wp-content\/uploads\/sites\/52\/2024\/08\/TUTORIAL-TRAMITE-DO-TERMO-DE-ADESAO-COLABORADOR-EXTERNO-SEI-.pdf\" data-type=\"link\" data-id=\"http:\/\/www.medicina.ufmg.br\/cenex\/wp-content\/uploads\/sites\/52\/2024\/08\/TUTORIAL-TRAMITE-DO-TERMO-DE-ADESAO-COLABORADOR-EXTERNO-SEI-.pdf\">Clique<\/a> para ver o tutorial do tr\u00e2mite do\u00a0<strong>Termo de Ades\u00e3o do Colaborador Externo via SEI.<\/strong><\/p>\n\n\n\n<p><\/p>\n","protected":false},"excerpt":{"rendered":"<p>ALUNOS VOLUNT\u00c1RIOS DA UFMG DE GRADUA\u00c7\u00c3O E P\u00d3S-GRADUA\u00c7\u00c3O:&nbsp;Devem ser inseridos pelo docente coordenador do&nbsp;projeto ou programa&nbsp;na aba&nbsp;Equipe&nbsp;do&nbsp;SIEX \u2013 Sistema de Informa\u00e7\u00e3o da Extens\u00e3o. ALUNOS DE OUTRAS INSTITUI\u00c7\u00d5ES,\u00a0servidores da UFMG aposentados, colaboradores via FUNDEP, profissionais externos ou vinculados \u00e0 Ebserh\u00a0s\u00e3o considerados\u00a0Colaboradores Externos\u00a0e devem assinar o\u00a0Termo de Ades\u00e3o do Colaborador Externo \u00e0 UFMG\u00a0antes de serem inseridos na [&hellip;]<\/p>\n","protected":false},"author":105,"featured_media":0,"parent":0,"menu_order":0,"comment_status":"closed","ping_status":"closed","template":"","meta":{"footnotes":""},"class_list":["post-1709","page","type-page","status-publish","hentry"],"_links":{"self":[{"href":"https:\/\/www.medicina.ufmg.br\/cenex\/wp-json\/wp\/v2\/pages\/1709","targetHints":{"allow":["GET"]}}],"collection":[{"href":"https:\/\/www.medicina.ufmg.br\/cenex\/wp-json\/wp\/v2\/pages"}],"about":[{"href":"https:\/\/www.medicina.ufmg.br\/cenex\/wp-json\/wp\/v2\/types\/page"}],"author":[{"embeddable":true,"href":"https:\/\/www.medicina.ufmg.br\/cenex\/wp-json\/wp\/v2\/users\/105"}],"replies":[{"embeddable":true,"href":"https:\/\/www.medicina.ufmg.br\/cenex\/wp-json\/wp\/v2\/comments?post=1709"}],"version-history":[{"count":5,"href":"https:\/\/www.medicina.ufmg.br\/cenex\/wp-json\/wp\/v2\/pages\/1709\/revisions"}],"predecessor-version":[{"id":2069,"href":"https:\/\/www.medicina.ufmg.br\/cenex\/wp-json\/wp\/v2\/pages\/1709\/revisions\/2069"}],"wp:attachment":[{"href":"https:\/\/www.medicina.ufmg.br\/cenex\/wp-json\/wp\/v2\/media?parent=1709"}],"curies":[{"name":"wp","href":"https:\/\/api.w.org\/{rel}","templated":true}]}}