
{"id":2499,"date":"2025-09-11T15:08:41","date_gmt":"2025-09-11T15:08:41","guid":{"rendered":"https:\/\/www.medicina.ufmg.br\/cenex\/?page_id=2499"},"modified":"2025-09-12T13:07:55","modified_gmt":"2025-09-12T13:07:55","slug":"modalidades-de-extensao","status":"publish","type":"page","link":"https:\/\/www.medicina.ufmg.br\/cenex\/modalidades-de-extensao\/","title":{"rendered":"Modalidades de Extens\u00e3o"},"content":{"rendered":"\n<details class=\"wp-block-details is-layout-flow wp-block-details-is-layout-flow\"><summary><strong>PROGRAMA<\/strong><\/summary>\n<p><strong>Programa<\/strong>:&nbsp;Atividade caracterizada pela atua\u00e7\u00e3o diversificada e integrada de atividades e extens\u00e3o orientadas por um eixo articulador, que deve ser em torno de determinado p\u00fablico, tem\u00e1tica, linha de extens\u00e3o ou recorte territorial, devendo conter, pelo menos,&nbsp;<strong>2&nbsp;<\/strong>(<strong>dois) projetos<\/strong>&nbsp;<strong>de extens\u00e3o<\/strong>&nbsp;<strong>vinculados.<\/strong><\/p>\n\n\n\n<p><\/p>\n<\/details>\n\n\n\n<div style=\"height:20px\" aria-hidden=\"true\" class=\"wp-block-spacer\"><\/div>\n\n\n\n<details class=\"wp-block-details is-layout-flow wp-block-details-is-layout-flow\"><summary><strong>PROJETO<\/strong><\/summary>\n<p><strong>Projeto:<\/strong> Atividade que se constr\u00f3i juntamente com a comunidade externa em torno de objetivos que necessitam de trabalho processual e cont\u00ednuo para serem alcan\u00e7ados, com atua\u00e7\u00e3o na produ\u00e7\u00e3o e na constru\u00e7\u00e3o de conhecimento voltados para o desenvolvimento social, cultural, art\u00edstico e tecnol\u00f3gico, podendo abranger, de forma vinculada, cursos, eventos e presta\u00e7\u00e3o de servi\u00e7os.<\/p>\n<\/details>\n\n\n\n<div style=\"height:20px\" aria-hidden=\"true\" class=\"wp-block-spacer\"><\/div>\n\n\n\n<details class=\"wp-block-details is-layout-flow wp-block-details-is-layout-flow\"><summary><strong>CURSO<\/strong><\/summary>\n<p><strong>Curso:<\/strong> Atividade pedag\u00f3gica de car\u00e1ter te\u00f3rico ou pr\u00e1tico, presencial ou \u00e0 dist\u00e2ncia, planejada e organizada de modo sistem\u00e1tico, com carga hor\u00e1ria m\u00ednima de&nbsp;<strong>8 (oito) horas<\/strong>, com avalia\u00e7\u00e3o de frequ\u00eancia e de aprendizagem e emiss\u00e3o de certificado. Caracteriza\u00e7\u00f5es de Cursos:<\/p>\n\n\n\n<p><strong>Inicia\u00e7\u00e3o:\u00a0<\/strong>Oferece no\u00e7\u00f5es introdut\u00f3rias em uma \u00e1rea do conhecimento.<br><strong>Atualiza\u00e7\u00e3o:<\/strong>\u00a0Atualiza e amplia conhecimentos, habilidades ou t\u00e9cnicas em uma \u00e1rea do conhecimento.<br><strong>Treinamento Profissional<\/strong>: Treina e capacita pessoas em atividades profissionais espec\u00edficas.<br><strong>Aperfei\u00e7oamento<\/strong>: Atualiza ou aprofunda habilidades t\u00e9cnicas, cient\u00edficas, art\u00edsticas e culturais de pessoas com titula\u00e7\u00e3o acad\u00eamica de n\u00edvel superior em uma \u00e1rea do conhecimento. Possuem\u00a0<strong>carga hor\u00e1ria m\u00ednima de 180 horas\u00a0<\/strong>e aprova\u00e7\u00e3o final na<strong>\u00a0Pr\u00f3-Reitoria de Extens\u00e3o.<\/strong><\/p>\n<\/details>\n\n\n\n<div style=\"height:20px\" aria-hidden=\"true\" class=\"wp-block-spacer\"><\/div>\n\n\n\n<details class=\"wp-block-details is-layout-flow wp-block-details-is-layout-flow\"><summary><strong>EVENTO<\/strong><\/summary>\n<p><strong>Evento:<\/strong>&nbsp;Atividade que implica a apresenta\u00e7\u00e3o ou exibi\u00e7\u00e3o p\u00fablica, livre ou com p\u00fablico espec\u00edfico, do conhecimento ou produto cultural, art\u00edstico, esportivo, cient\u00edfico\/acad\u00eamico ou tecnol\u00f3gico desenvolvido ou reconhecido pela Universidade. <br><br>Caracteriza\u00e7\u00f5es:<br><br><strong>Congresso<\/strong>: Evento de \u00e2mbito regional, nacional ou internacional, em geral com dura\u00e7\u00e3o de 3 a 7 dias, que re\u00fane participantes de uma comunidade cient\u00edfica ou profissional ampla. Realizado como um conjunto de atividades, como mesas redondas, palestras, confer\u00eancias, apresenta\u00e7\u00e3o de trabalhos, cursos, minicursos, oficinas\/workshops.<br><br><strong>Semin\u00e1rio e evento an\u00e1logo<\/strong>: Evento cient\u00edfico de \u00e2mbito menor do que o Congresso, tanto em termos de dura\u00e7\u00e3o quanto de n\u00famero de participantes. Incluem-se nessa classifica\u00e7\u00e3o eventos de m\u00e9dio porte, como encontro, simp\u00f3sio, jornada, col\u00f3quio, f\u00f3rum etc.<br><br><strong>Ciclo de debates<\/strong>: &nbsp; Encontros sequenciais que visam \u00e0 discuss\u00e3o de um tema espec\u00edfico. Inclui: Ciclo de&#8230;, Circuito de&#8230;, Semana de&#8230;<br><br><strong>Exposi\u00e7\u00e3o<\/strong>: Exibi\u00e7\u00e3o p\u00fablica de bens de car\u00e1ter cient\u00edfico, cultural, tecnol\u00f3gico, social e educativo. Inclui: feira, sal\u00e3o, mostra, lan\u00e7amento etc.<\/p>\n<\/details>\n\n\n\n<div style=\"height:20px\" aria-hidden=\"true\" class=\"wp-block-spacer\"><\/div>\n\n\n\n<details class=\"wp-block-details is-layout-flow wp-block-details-is-layout-flow\"><summary><strong>PRESTA\u00c7\u00c3O DE SERVI\u00c7O<\/strong><\/summary>\n<p><strong>Presta\u00e7\u00e3o de servi\u00e7o:<\/strong>Atividade com tempo determinado de execu\u00e7\u00e3o para a solu\u00e7\u00e3o de problemas produtivos ou sociais a partir de conhecimento existente e que poder\u00e1 resultar em desenvolvimento, aperfei\u00e7oamento ou difus\u00e3o de solu\u00e7\u00f5es tecnol\u00f3gicas.<\/p>\n\n\n\n<p>Caracteriza\u00e7\u00f5es e subcaracteriza\u00e7\u00f5es:<br><br><strong>Servi\u00e7o eventual<\/strong><\/p>\n\n\n\n<ul class=\"wp-block-list\">\n<li>Consultoria: An\u00e1lise e emiss\u00e3o de pareceres acerca de situa\u00e7\u00f5es e\/ou temas espec\u00edficos.<\/li>\n\n\n\n<li>Assessoria: Assist\u00eancia ou aux\u00edlio t\u00e9cnico em um assunto espec\u00edfico referente a conhecimentos especializados.<\/li>\n\n\n\n<li>Curadoria: Organiza\u00e7\u00e3o e manuten\u00e7\u00e3o de acervos e mostras de arte e cultura.Outros: Incluem-se nessa categoria, participa\u00e7\u00e3o em palestras, confer\u00eancias ou mesas redondas, restaura\u00e7\u00e3o de bens m\u00f3veis e im\u00f3veis e outras presta\u00e7\u00f5es de servi\u00e7o eventuais.<\/li>\n<\/ul>\n\n\n\n<p><strong>Exames e laudos t\u00e9cnicos<\/strong><\/p>\n\n\n\n<p>Exames, per\u00edcias e laudos realizados pelas diversas unidades da UFMG que oferecem servi\u00e7o permanente. Inclui: an\u00e1lise de solos, exames agron\u00f4micos e bot\u00e2nicos, an\u00e1lise farmacol\u00f3gica, qualidades de produtos, laudos m\u00e9dicos, psicol\u00f3gicos, antropol\u00f3gicos, per\u00edcia ambiental, dentre outros.<\/p>\n\n\n\n<p><strong>Atendimento em sa\u00fade humana<\/strong><\/p>\n\n\n\n<ul class=\"wp-block-list\">\n<li>Consultas Ambulatoriais: Consulta ambulatorial ou domiciliar programada.<\/li>\n\n\n\n<li>Consultas de Emerg\u00eancia e Urg\u00eancia: Consultas de Emerg\u00eancia e Urg\u00eancia.<\/li>\n\n\n\n<li>Interna\u00e7\u00f5es: Atendimento a pacientes internados.<\/li>\n\n\n\n<li>Cirurgias: Interven\u00e7\u00f5es cir\u00fargicas (hospitalares e ambulatoriais).<\/li>\n\n\n\n<li>Exames laboratoriais: Exames de patologia cl\u00ednica e anatomopatologia.<\/li>\n\n\n\n<li>Exames Secund\u00e1rios\/ Complementares: Radiologia, ultrassonografia e outros exames por imagem, provas funcionais, endoscopia etc. Atendimentos n\u00e3o inclu\u00eddos nos itens anteriores.<\/li>\n\n\n\n<li>Outros atendimentos: Atendimentos n\u00e3o inclu\u00eddos nos itens anteriores<\/li>\n<\/ul>\n<\/details>\n\n\n\n<p><\/p>\n\n\n\n<div style=\"height:20px\" aria-hidden=\"true\" class=\"wp-block-spacer\"><\/div>\n","protected":false},"excerpt":{"rendered":"","protected":false},"author":105,"featured_media":0,"parent":0,"menu_order":0,"comment_status":"closed","ping_status":"closed","template":"","meta":{"footnotes":""},"class_list":["post-2499","page","type-page","status-publish","hentry"],"_links":{"self":[{"href":"https:\/\/www.medicina.ufmg.br\/cenex\/wp-json\/wp\/v2\/pages\/2499","targetHints":{"allow":["GET"]}}],"collection":[{"href":"https:\/\/www.medicina.ufmg.br\/cenex\/wp-json\/wp\/v2\/pages"}],"about":[{"href":"https:\/\/www.medicina.ufmg.br\/cenex\/wp-json\/wp\/v2\/types\/page"}],"author":[{"embeddable":true,"href":"https:\/\/www.medicina.ufmg.br\/cenex\/wp-json\/wp\/v2\/users\/105"}],"replies":[{"embeddable":true,"href":"https:\/\/www.medicina.ufmg.br\/cenex\/wp-json\/wp\/v2\/comments?post=2499"}],"version-history":[{"count":6,"href":"https:\/\/www.medicina.ufmg.br\/cenex\/wp-json\/wp\/v2\/pages\/2499\/revisions"}],"predecessor-version":[{"id":2515,"href":"https:\/\/www.medicina.ufmg.br\/cenex\/wp-json\/wp\/v2\/pages\/2499\/revisions\/2515"}],"wp:attachment":[{"href":"https:\/\/www.medicina.ufmg.br\/cenex\/wp-json\/wp\/v2\/media?parent=2499"}],"curies":[{"name":"wp","href":"https:\/\/api.w.org\/{rel}","templated":true}]}}