
{"id":80,"date":"2016-04-29T15:59:42","date_gmt":"2016-04-29T15:59:42","guid":{"rendered":"https:\/\/www.medicina.ufmg.br\/cenex\/?page_id=80"},"modified":"2025-09-05T13:30:44","modified_gmt":"2025-09-05T13:30:44","slug":"certificados","status":"publish","type":"page","link":"https:\/\/www.medicina.ufmg.br\/cenex\/certificados\/","title":{"rendered":"Certificados"},"content":{"rendered":"\n<p>O CENEX\/MED certifica os Projetos e Programas, Cursos e Eventos realizados no \u00e2mbito da Faculdade de Medicina e registrados&nbsp;no <strong>Sistema de Informa\u00e7\u00e3o da Extens\u00e3o \u2013&nbsp;SIEX.&nbsp;<\/strong><br><strong>A certifica\u00e7\u00e3o \u00e9 realizada via Sistema Eletr\u00f4nico criado pela Faculdade de Medicina\/CINS.<\/strong><br><strong>A solicita\u00e7\u00e3o deve<\/strong> ser enviada para o email&nbsp;<a href=\"mailto:cenexmed@medicina.ufmg.br\"><strong>cenexmed@medicina.ufmg.br<\/strong><\/a>&nbsp;pelo&nbsp;<strong>docente&nbsp;<\/strong>coordenador da a\u00e7\u00e3o.<\/p>\n\n\n\n<p><strong>PROJETOS E PROGRAMAS<\/strong><\/p>\n\n\n\n<p>Para serem certificados, os alunos&nbsp;<strong>volunt\u00e1rios da UFMG<\/strong>&nbsp;devem constar na equipe do Projeto\/Programa no SIEX&nbsp;com a mesma data que constar na solicita\u00e7\u00e3o.<\/p>\n\n\n\n<p>Para serem certificados, os<strong>&nbsp;volunt\u00e1rios de outras institui\u00e7\u00f5es<\/strong>&nbsp;que participarem de a\u00e7\u00f5es de extens\u00e3o na UFMG devem constar na equipe do Projeto\/Programa no SIEX e realizar o aceite do Termo de Ades\u00e3o de Prestador de Servi\u00e7o Volunt\u00e1rio em A\u00e7\u00f5es de Extens\u00e3o Universit\u00e1ria pelo&nbsp;<strong>Sistema SEI \u2013 Sistema Eletr\u00f4nico de Informa\u00e7\u00f5es.&nbsp;<\/strong>O in\u00edcio do processo no&nbsp;<strong>SEI&nbsp;<\/strong>e todo seu fluxo \u00e9 de responsabilidade do coordenador da a\u00e7\u00e3o de extens\u00e3o.&nbsp;O link a seguir cont\u00e9m instru\u00e7\u00f5es sobre como iniciar o processo no&nbsp;<strong>SEI<\/strong>:&nbsp;<a href=\"https:\/\/sei.ufmg.br\/index.php\/2019\/08\/28\/bases-de-conhecimento\/?id=100000657\"><strong>https:\/\/sei.ufmg.br\/index.php\/2019\/08\/28\/base-de-conhecimento\/?id_procedimento=100000657&amp;id_base=592<\/strong><\/a><\/p>\n\n\n\n<p>Clique abaixo para acessar o modelo atual de solicita\u00e7\u00e3o para participantes volunt\u00e1rios em&nbsp;<strong>Projetos e Programas<\/strong>.&nbsp;<\/p>\n\n\n\n<div class=\"wp-block-buttons is-layout-flex wp-block-buttons-is-layout-flex\">\n<div class=\"wp-block-button is-style-fill\"><a class=\"wp-block-button__link wp-element-button\" href=\"https:\/\/ftp.medicina.ufmg.br\/cenex\/2025\/PROJETOS%20E%20PROGRAMAS%202025%20novo.xlsx\"><strong><mark style=\"background-color:rgba(0, 0, 0, 0)\" class=\"has-inline-color has-white-color\">Modelo de solicita\u00e7\u00e3o Projetos e Programas<\/mark><\/strong><\/a><\/div>\n<\/div>\n\n\n\n<p><strong>CURSOS<\/strong><\/p>\n\n\n\n<p><strong>O Per\u00edodo de Realiza\u00e7\u00e3o deve ser igual ao Siex \u2013 campo OFERTAS<\/strong><\/p>\n\n\n\n<ul class=\"wp-block-list\">\n<li>No corpo do e-mail de solicita\u00e7\u00e3o de certificados informar o Conte\u00fado Program\u00e1tico.<\/li>\n\n\n\n<li>\u00c9 necess\u00e1rio uma aba da planilha para cada categoria, ex.: Participante, Comiss\u00e3o Organizadora, etc.<\/li>\n\n\n\n<li>Clique abaixo para acessar o modelo atual de solicita\u00e7\u00e3o de <strong>Cursos<\/strong>.<\/li>\n<\/ul>\n\n\n\n<div class=\"wp-block-buttons is-layout-flex wp-block-buttons-is-layout-flex\">\n<div class=\"wp-block-button\"><a class=\"wp-block-button__link wp-element-button\" href=\"https:\/\/ftp.medicina.ufmg.br\/cenex\/2025\/CURSO%202025.xlsx\"><strong><mark style=\"background-color:rgba(0, 0, 0, 0)\" class=\"has-inline-color has-white-color\">Modelo de solicita\u00e7\u00e3o Cursos<\/mark><\/strong><\/a><\/div>\n<\/div>\n\n\n\n<p><strong>EVENTOS<\/strong><\/p>\n\n\n\n<p><strong>O Per\u00edodo de Realiza\u00e7\u00e3o deve ser igual ao Siex \u2013 campo OFERTAS<\/strong><\/p>\n\n\n\n<ul class=\"wp-block-list\">\n<li>\u00c9 necess\u00e1rio uma aba da planilha para cada categoria, ex.: Participante, Comiss\u00e3o Organizadora, Palestrante, etc.<\/li>\n\n\n\n<li>Clique abaixo para acessar o modelo atual de solicita\u00e7\u00e3o de <strong>Eventos.<\/strong><\/li>\n<\/ul>\n\n\n\n<div class=\"wp-block-buttons is-layout-flex wp-block-buttons-is-layout-flex\">\n<div class=\"wp-block-button\"><a class=\"wp-block-button__link wp-element-button\" href=\"https:\/\/ftp.medicina.ufmg.br\/cenex\/2025\/EVENTO%202025%20atualizado.xlsx\"><strong><mark style=\"background-color:rgba(0, 0, 0, 0)\" class=\"has-inline-color has-white-color\">Modelo de solicita\u00e7\u00e3o Eventos<\/mark><\/strong><\/a><\/div>\n<\/div>\n\n\n\n<p><\/p>\n","protected":false},"excerpt":{"rendered":"<p>O CENEX\/MED certifica os Projetos e Programas, Cursos e Eventos realizados no \u00e2mbito da Faculdade de Medicina e registrados&nbsp;no Sistema de Informa\u00e7\u00e3o da Extens\u00e3o \u2013&nbsp;SIEX.&nbsp;A certifica\u00e7\u00e3o \u00e9 realizada via Sistema Eletr\u00f4nico criado pela Faculdade de Medicina\/CINS.A solicita\u00e7\u00e3o deve ser enviada para o email&nbsp;cenexmed@medicina.ufmg.br&nbsp;pelo&nbsp;docente&nbsp;coordenador da a\u00e7\u00e3o. PROJETOS E PROGRAMAS Para serem certificados, os alunos&nbsp;volunt\u00e1rios da UFMG&nbsp;devem [&hellip;]<\/p>\n","protected":false},"author":17,"featured_media":0,"parent":0,"menu_order":0,"comment_status":"closed","ping_status":"closed","template":"","meta":{"footnotes":""},"class_list":["post-80","page","type-page","status-publish","hentry"],"_links":{"self":[{"href":"https:\/\/www.medicina.ufmg.br\/cenex\/wp-json\/wp\/v2\/pages\/80","targetHints":{"allow":["GET"]}}],"collection":[{"href":"https:\/\/www.medicina.ufmg.br\/cenex\/wp-json\/wp\/v2\/pages"}],"about":[{"href":"https:\/\/www.medicina.ufmg.br\/cenex\/wp-json\/wp\/v2\/types\/page"}],"author":[{"embeddable":true,"href":"https:\/\/www.medicina.ufmg.br\/cenex\/wp-json\/wp\/v2\/users\/17"}],"replies":[{"embeddable":true,"href":"https:\/\/www.medicina.ufmg.br\/cenex\/wp-json\/wp\/v2\/comments?post=80"}],"version-history":[{"count":325,"href":"https:\/\/www.medicina.ufmg.br\/cenex\/wp-json\/wp\/v2\/pages\/80\/revisions"}],"predecessor-version":[{"id":2415,"href":"https:\/\/www.medicina.ufmg.br\/cenex\/wp-json\/wp\/v2\/pages\/80\/revisions\/2415"}],"wp:attachment":[{"href":"https:\/\/www.medicina.ufmg.br\/cenex\/wp-json\/wp\/v2\/media?parent=80"}],"curies":[{"name":"wp","href":"https:\/\/api.w.org\/{rel}","templated":true}]}}