{"id":329,"date":"2019-08-19T12:49:59","date_gmt":"2019-08-19T12:49:59","guid":{"rendered":"https:\/\/www.medicina.ufmg.br\/cins-novo\/?page_id=329"},"modified":"2022-09-09T11:55:18","modified_gmt":"2022-09-09T14:55:18","slug":"cursos-de-extensao","status":"publish","type":"page","link":"https:\/\/www.medicina.ufmg.br\/cins\/cursos-de-extensao\/","title":{"rendered":"CURSOS DE EXTENS\u00c3O"},"content":{"rendered":"\t\t<div data-elementor-type=\"wp-post\" data-elementor-id=\"329\" class=\"elementor elementor-329\">\n\t\t\t\t\t\t<section class=\"elementor-section elementor-top-section elementor-element elementor-element-521331fe elementor-section-boxed elementor-section-height-default elementor-section-height-default\" data-id=\"521331fe\" data-element_type=\"section\">\n\t\t\t\t\t\t<div class=\"elementor-container elementor-column-gap-default\">\n\t\t\t\t\t<div class=\"elementor-column elementor-col-100 elementor-top-column elementor-element elementor-element-7ffedcab\" data-id=\"7ffedcab\" data-element_type=\"column\">\n\t\t\t<div class=\"elementor-widget-wrap elementor-element-populated\">\n\t\t\t\t\t\t<div class=\"elementor-element elementor-element-d2928be elementor-widget elementor-widget-text-editor\" data-id=\"d2928be\" data-element_type=\"widget\" data-widget_type=\"text-editor.default\">\n\t\t\t\t<div class=\"elementor-widget-container\">\n\t\t\t\t\t\t\t\t\t<p><\/p>\n<p><\/p>\n<p><\/p>\n<p>Alinhado ao princ\u00edpio da indissociabilidade das a\u00e7\u00f5es das universidade p\u00fablicas no ensino, pesquisa e extens\u00e3o, o CINS prop\u00f5e cursos para preparar pesquisadores da \u00e1rea da sa\u00fade, oferecendo suporte \u00e0s suas investiga\u00e7\u00f5es cientificas por meio de cursos de extens\u00e3o, abrangendo desde a utiliza\u00e7\u00e3o de ferramentas de gest\u00e3o de bibliografias, estrutura\u00e7\u00e3o e cria\u00e7\u00e3o de bases de dados em sa\u00fade, an\u00e1lise de dados estat\u00edsticos, entre outros temas. Vinculado ao Programa de Extens\u00e3o Inform\u00e1tica e Sa\u00fade que tem por objetivo atuar no processo interdisciplinar educativo capaz de promover intera\u00e7\u00e3o transformadora na sociedade, envolvendo a inform\u00e1tica para promo\u00e7\u00e3o da sa\u00fade.<\/p>\n<p><\/p>\n<p><\/p>\n<h2 class=\"wp-block-heading\">Informa\u00e7\u00f5es Gerais<\/h2>\n<p><\/p>\n<p><\/p>\n<p><\/p>\n<p><strong>P\u00fablico Alvo:<\/strong>&nbsp;Profissionais e pesquisadores da \u00e1rea da sa\u00fade; alunos de gradua\u00e7\u00e3o, p\u00f3s-gradua\u00e7\u00e3o, professores e pesquisadores independentes; demais interessados&nbsp;<\/p><p><strong>Local:<\/strong>&nbsp;Sala 609, Laborat\u00f3rio de Inform\u00e1tica da Faculdade de Medicina da UFMG&nbsp;<\/p><p><strong>Certificado:<\/strong>&nbsp;sim (emitido pela UFMG por meio da plataforma AROUCA do UNASUS)&nbsp;<\/p><p><strong>Vagas:<\/strong>&nbsp;m\u00e1ximo 32 alunos (m\u00ednimo de 7 inscritos confirmados, at\u00e9 o dia anterior, para realiza\u00e7\u00e3o de cada turma)<\/p>\n<p><\/p>\n<h2>Pr\u00f3ximas turmas<\/h2>\n<p><\/p>\t\t\t\t\t\t\t\t<\/div>\n\t\t\t\t<\/div>\n\t\t\t\t\t<\/div>\n\t\t<\/div>\n\t\t\t\t\t<\/div>\n\t\t<\/section>\n\t\t\t\t<section class=\"elementor-section elementor-top-section elementor-element elementor-element-7a29dd6 elementor-hidden-desktop elementor-hidden-tablet elementor-hidden-mobile elementor-section-boxed elementor-section-height-default elementor-section-height-default\" data-id=\"7a29dd6\" data-element_type=\"section\">\n\t\t\t\t\t\t<div class=\"elementor-container elementor-column-gap-default\">\n\t\t\t\t\t<div class=\"elementor-column elementor-col-50 elementor-top-column elementor-element elementor-element-0b7592d\" data-id=\"0b7592d\" data-element_type=\"column\">\n\t\t\t<div class=\"elementor-widget-wrap elementor-element-populated\">\n\t\t\t\t\t\t<div class=\"elementor-element elementor-element-65ef9ac elementor-widget elementor-widget-text-editor\" data-id=\"65ef9ac\" data-element_type=\"widget\" data-widget_type=\"text-editor.default\">\n\t\t\t\t<div class=\"elementor-widget-container\">\n\t\t\t\t\t\t\t\t\t<h3 class=\"elementor-image-box-title elementor-inline-editing pen\" style=\"text-align: center\" data-elementor-setting-key=\"title_text\" data-elementor-inline-editing-toolbar=\"none\" data-pen-placeholder=\"Digite aqui...\">Curso de Base de Dados<\/h3>\n<p><img fetchpriority=\"high\" decoding=\"async\" class=\"alignnone size-medium wp-image-621 aligncenter\" src=\"https:\/\/www.medicina.ufmg.br\/cins\/wp-content\/uploads\/sites\/84\/2019\/10\/2-300x300.png\" alt=\"\" width=\"300\" height=\"300\" srcset=\"https:\/\/www.medicina.ufmg.br\/cins\/wp-content\/uploads\/sites\/84\/2019\/10\/2-300x300.png 300w, https:\/\/www.medicina.ufmg.br\/cins\/wp-content\/uploads\/sites\/84\/2019\/10\/2-150x150.png 150w, https:\/\/www.medicina.ufmg.br\/cins\/wp-content\/uploads\/sites\/84\/2019\/10\/2-768x768.png 768w, https:\/\/www.medicina.ufmg.br\/cins\/wp-content\/uploads\/sites\/84\/2019\/10\/2-230x230.png 230w, https:\/\/www.medicina.ufmg.br\/cins\/wp-content\/uploads\/sites\/84\/2019\/10\/2-350x350.png 350w, https:\/\/www.medicina.ufmg.br\/cins\/wp-content\/uploads\/sites\/84\/2019\/10\/2-480x480.png 480w, https:\/\/www.medicina.ufmg.br\/cins\/wp-content\/uploads\/sites\/84\/2019\/10\/2.png 800w\" sizes=\"(max-width: 300px) 100vw, 300px\" \/><\/p>\t\t\t\t\t\t\t\t<\/div>\n\t\t\t\t<\/div>\n\t\t\t\t\t<\/div>\n\t\t<\/div>\n\t\t\t\t<div class=\"elementor-column elementor-col-50 elementor-top-column elementor-element elementor-element-c32cf48\" data-id=\"c32cf48\" data-element_type=\"column\">\n\t\t\t<div class=\"elementor-widget-wrap elementor-element-populated\">\n\t\t\t\t\t\t<div class=\"elementor-element elementor-element-6b834a3 elementor-widget elementor-widget-text-editor\" data-id=\"6b834a3\" data-element_type=\"widget\" data-widget_type=\"text-editor.default\">\n\t\t\t\t<div class=\"elementor-widget-container\">\n\t\t\t\t\t\t\t\t\t<p><\/p>\n<p>Per\u00edodo de matr\u00edcula: 11\/12\/2019 a 11\/03\/2020&nbsp;<br>Per\u00edodo de realiza\u00e7\u00e3o: 11\/03\/2020 e 13\/03\/2020 <br>Hor\u00e1rio: 18hs as 22hs&nbsp; &#8211;&nbsp; Sala: 321<br>Carga hor\u00e1ria: 08 horas\/aula&nbsp;<\/p>\n<p><span style=\"font-weight: bold\">Valor do investimento:<br><\/span>R$ 100,00&nbsp; &#8211;&nbsp; Alunos de gradua\u00e7\u00e3o da UFMG<br>R$ 200,00&nbsp; &#8211;&nbsp; Alunos de p\u00f3s gradua\u00e7\u00e3o e servidores da UFMG<br>R$ 230,00&nbsp; &#8211;&nbsp; Professores da UFMG<br>R$ 250,00&nbsp; &#8211;&nbsp; P\u00fablico externo (comunidade)<\/p>\n<p><strong>Inscri\u00e7\u00f5es<\/strong>:&nbsp;<span style=\"color: #0000ff\"><a style=\"background-color: #ffffff;margin: 0px;padding: 0px;font-family: Tahoma, Arial, Helvetica, sans-serif;line-height: 22.75px;font-size: 13px;color: #0000ff\" title=\"site da Fepe\" href=\"http:\/\/www.cursoseeventos.ufmg.br\/CAE\/DetalharCae.aspx?CAE=9744\" target=\"_blank\" rel=\"noopener noreferrer\">site da FUNDEP<\/a><\/span><\/p>\t\t\t\t\t\t\t\t<\/div>\n\t\t\t\t<\/div>\n\t\t\t\t\t<\/div>\n\t\t<\/div>\n\t\t\t\t\t<\/div>\n\t\t<\/section>\n\t\t\t\t<section class=\"elementor-section elementor-top-section elementor-element elementor-element-2a6d8c8 elementor-section-boxed elementor-section-height-default elementor-section-height-default\" data-id=\"2a6d8c8\" data-element_type=\"section\">\n\t\t\t\t\t\t<div class=\"elementor-container elementor-column-gap-default\">\n\t\t\t\t\t<div class=\"elementor-column elementor-col-100 elementor-top-column elementor-element elementor-element-9486836\" data-id=\"9486836\" data-element_type=\"column\">\n\t\t\t<div class=\"elementor-widget-wrap elementor-element-populated\">\n\t\t\t\t\t\t<div class=\"elementor-element elementor-element-88c7b1d elementor-widget-divider--view-line elementor-widget elementor-widget-divider\" data-id=\"88c7b1d\" data-element_type=\"widget\" data-widget_type=\"divider.default\">\n\t\t\t\t<div class=\"elementor-widget-container\">\n\t\t\t\t\t\t\t<div class=\"elementor-divider\">\n\t\t\t<span class=\"elementor-divider-separator\">\n\t\t\t\t\t\t<\/span>\n\t\t<\/div>\n\t\t\t\t\t\t<\/div>\n\t\t\t\t<\/div>\n\t\t\t\t\t<\/div>\n\t\t<\/div>\n\t\t\t\t\t<\/div>\n\t\t<\/section>\n\t\t\t\t<section class=\"elementor-section elementor-top-section elementor-element elementor-element-f26925f elementor-section-boxed elementor-section-height-default elementor-section-height-default\" data-id=\"f26925f\" data-element_type=\"section\">\n\t\t\t\t\t\t<div class=\"elementor-container elementor-column-gap-default\">\n\t\t\t\t\t<div class=\"elementor-column elementor-col-50 elementor-top-column elementor-element elementor-element-c3fbc4a\" data-id=\"c3fbc4a\" data-element_type=\"column\">\n\t\t\t<div class=\"elementor-widget-wrap elementor-element-populated\">\n\t\t\t\t\t\t<div class=\"elementor-element elementor-element-bdf8170 elementor-widget elementor-widget-text-editor\" data-id=\"bdf8170\" data-element_type=\"widget\" data-widget_type=\"text-editor.default\">\n\t\t\t\t<div class=\"elementor-widget-container\">\n\t\t\t\t\t\t\t\t\t<h3 class=\"elementor-image-box-title\" style=\"text-align: center;\"><img decoding=\"async\" class=\"aligncenter size-full wp-image-1035\" src=\"https:\/\/www.medicina.ufmg.br\/cins\/wp-content\/uploads\/sites\/84\/2022\/09\/Analytics.gif\" alt=\"\" width=\"500\" height=\"500\" \/><\/h3>\n<div>\u00a0<\/div>\t\t\t\t\t\t\t\t<\/div>\n\t\t\t\t<\/div>\n\t\t\t\t\t<\/div>\n\t\t<\/div>\n\t\t\t\t<div class=\"elementor-column elementor-col-50 elementor-top-column elementor-element elementor-element-ce3e8df\" data-id=\"ce3e8df\" data-element_type=\"column\">\n\t\t\t<div class=\"elementor-widget-wrap elementor-element-populated\">\n\t\t\t\t\t\t<div class=\"elementor-element elementor-element-62a17df elementor-widget elementor-widget-spacer\" data-id=\"62a17df\" data-element_type=\"widget\" data-widget_type=\"spacer.default\">\n\t\t\t\t<div class=\"elementor-widget-container\">\n\t\t\t\t\t\t\t<div class=\"elementor-spacer\">\n\t\t\t<div class=\"elementor-spacer-inner\"><\/div>\n\t\t<\/div>\n\t\t\t\t\t\t<\/div>\n\t\t\t\t<\/div>\n\t\t\t\t<div class=\"elementor-element elementor-element-794e5a6 elementor-widget elementor-widget-text-editor\" data-id=\"794e5a6\" data-element_type=\"widget\" data-widget_type=\"text-editor.default\">\n\t\t\t\t<div class=\"elementor-widget-container\">\n\t\t\t\t\t\t\t\t\t<h3 style=\"text-align: center;\">Introdu\u00e7\u00e3o \u00e0 An\u00e1lise de Dados em Sa\u00fade com Python<\/h3>\n<p>Curso grat\u00faito<\/p>\n<p>Per\u00edodo de matr\u00edcula: at\u00e9 dia 18\/09\/2022\u00a0<\/p>\n<p>Segundas-feiras e quartas-feiras<\/p>\n<p>Hor\u00e1rio: das 18:30 \u00e0s 21:30<\/p>\n<p>Datas:<br \/>Setembro: 19, 21, 26 e 28.<br \/>Outubro: 03, 05, 10, 17 e 19<\/p>\t\t\t\t\t\t\t\t<\/div>\n\t\t\t\t<\/div>\n\t\t\t\t\t<\/div>\n\t\t<\/div>\n\t\t\t\t\t<\/div>\n\t\t<\/section>\n\t\t\t\t<section class=\"elementor-section elementor-top-section elementor-element elementor-element-d51c4b8 elementor-section-boxed elementor-section-height-default elementor-section-height-default\" data-id=\"d51c4b8\" data-element_type=\"section\">\n\t\t\t\t\t\t<div class=\"elementor-container elementor-column-gap-default\">\n\t\t\t\t\t<div class=\"elementor-column elementor-col-100 elementor-top-column elementor-element elementor-element-b1b9e7d\" data-id=\"b1b9e7d\" data-element_type=\"column\">\n\t\t\t<div class=\"elementor-widget-wrap elementor-element-populated\">\n\t\t\t\t\t\t<div class=\"elementor-element elementor-element-755a1e2 elementor-widget-divider--view-line elementor-widget elementor-widget-divider\" data-id=\"755a1e2\" data-element_type=\"widget\" data-widget_type=\"divider.default\">\n\t\t\t\t<div class=\"elementor-widget-container\">\n\t\t\t\t\t\t\t<div class=\"elementor-divider\">\n\t\t\t<span class=\"elementor-divider-separator\">\n\t\t\t\t\t\t<\/span>\n\t\t<\/div>\n\t\t\t\t\t\t<\/div>\n\t\t\t\t<\/div>\n\t\t\t\t\t<\/div>\n\t\t<\/div>\n\t\t\t\t\t<\/div>\n\t\t<\/section>\n\t\t\t\t<section class=\"elementor-section elementor-top-section elementor-element elementor-element-ff19e3b elementor-section-boxed elementor-section-height-default elementor-section-height-default\" data-id=\"ff19e3b\" data-element_type=\"section\">\n\t\t\t\t\t\t<div class=\"elementor-container elementor-column-gap-default\">\n\t\t\t\t\t<div class=\"elementor-column elementor-col-100 elementor-top-column elementor-element elementor-element-958bfcf\" data-id=\"958bfcf\" data-element_type=\"column\">\n\t\t\t<div class=\"elementor-widget-wrap elementor-element-populated\">\n\t\t\t\t\t\t<div class=\"elementor-element elementor-element-1a9fb8e elementor-widget elementor-widget-text-editor\" data-id=\"1a9fb8e\" data-element_type=\"widget\" data-widget_type=\"text-editor.default\">\n\t\t\t\t<div class=\"elementor-widget-container\">\n\t\t\t\t\t\t\t\t\t<p class=\"MsoNormal\" style=\"margin-bottom: 10pt; line-height: 115%; text-align: center;\"><strong><span lang=\"pt\">Local: Laborat\u00f3rios de inform\u00e1tica da Faculdade de Medicina da UFMG<\/span><\/strong><\/p>\n<p class=\"MsoNormal\" style=\"margin-bottom: 10pt; line-height: 115%; text-align: center;\"><strong><span lang=\"pt\">Certificado emitido pela Faculdade de Medicina da UFMG<\/span><\/strong><\/p>\n<p class=\"MsoNormal\" style=\"margin-bottom: 10pt; line-height: 115%; text-align: center;\"><strong><span lang=\"pt\">Vagas: 32 vagas por turma<\/span><\/strong><\/p>\n<p>\u00a0<\/p>\n<p class=\"MsoNormal\" style=\"margin-bottom: 10pt; line-height: 115%; text-align: right;\"><span lang=\"pt\" style=\"font-size: 9pt; line-height: 115%; color: #808080;\">10% das vagas preenchidas para bolsistas (inscri\u00e7\u00f5es CENEX)<\/span><\/p>\t\t\t\t\t\t\t\t<\/div>\n\t\t\t\t<\/div>\n\t\t\t\t\t<\/div>\n\t\t<\/div>\n\t\t\t\t\t<\/div>\n\t\t<\/section>\n\t\t\t\t<section class=\"elementor-section elementor-top-section elementor-element elementor-element-626d47b elementor-section-boxed elementor-section-height-default elementor-section-height-default\" data-id=\"626d47b\" data-element_type=\"section\">\n\t\t\t\t\t\t<div class=\"elementor-container elementor-column-gap-default\">\n\t\t\t\t\t<div class=\"elementor-column elementor-col-100 elementor-top-column elementor-element elementor-element-1bac806\" data-id=\"1bac806\" data-element_type=\"column\">\n\t\t\t<div class=\"elementor-widget-wrap elementor-element-populated\">\n\t\t\t\t\t\t<div class=\"elementor-element elementor-element-5aa025e elementor-widget-divider--view-line elementor-widget elementor-widget-divider\" data-id=\"5aa025e\" data-element_type=\"widget\" data-widget_type=\"divider.default\">\n\t\t\t\t<div class=\"elementor-widget-container\">\n\t\t\t\t\t\t\t<div class=\"elementor-divider\">\n\t\t\t<span class=\"elementor-divider-separator\">\n\t\t\t\t\t\t<\/span>\n\t\t<\/div>\n\t\t\t\t\t\t<\/div>\n\t\t\t\t<\/div>\n\t\t\t\t\t<\/div>\n\t\t<\/div>\n\t\t\t\t\t<\/div>\n\t\t<\/section>\n\t\t\t\t<section class=\"elementor-section elementor-top-section elementor-element elementor-element-9683548 elementor-section-boxed elementor-section-height-default elementor-section-height-default\" data-id=\"9683548\" data-element_type=\"section\">\n\t\t\t\t\t\t<div class=\"elementor-container elementor-column-gap-default\">\n\t\t\t\t\t<div class=\"elementor-column elementor-col-100 elementor-top-column elementor-element elementor-element-8625521\" data-id=\"8625521\" data-element_type=\"column\">\n\t\t\t<div class=\"elementor-widget-wrap elementor-element-populated\">\n\t\t\t\t\t\t<div class=\"elementor-element elementor-element-fa9d975 elementor-widget elementor-widget-text-editor\" data-id=\"fa9d975\" data-element_type=\"widget\" data-widget_type=\"text-editor.default\">\n\t\t\t\t<div class=\"elementor-widget-container\">\n\t\t\t\t\t\t\t\t\t<h4 style=\"margin-bottom: 0px;padding: 0px 0px 0px 30px;font-size: 15px;font-family: Verdana, Geneva, Arial, Helvetica, sans-serif;font-weight: normal;line-height: 18px;color: #292929\">Valores sujeitos a atualiza\u00e7\u00e3o. Em caso de diferen\u00e7a, considerar o valor constante no boleto de inscri\u00e7\u00e3o. Em caso de d\u00favida sobre a programa\u00e7\u00e3o ou dados incorretos em nosso site, entre em contato atrav\u00e9s do cinsextensao@medicina.ufmg.br ou (31) 3409-9928.<\/h4>\t\t\t\t\t\t\t\t<\/div>\n\t\t\t\t<\/div>\n\t\t\t\t\t<\/div>\n\t\t<\/div>\n\t\t\t\t\t<\/div>\n\t\t<\/section>\n\t\t\t\t<\/div>\n\t\t","protected":false},"excerpt":{"rendered":"<p>Alinhado ao princ\u00edpio da indissociabilidade das a\u00e7\u00f5es das universidade p\u00fablicas no ensino, pesquisa e extens\u00e3o, o CINS prop\u00f5e cursos para preparar pesquisadores [&hellip;]<\/p>\n","protected":false},"author":101,"featured_media":0,"parent":0,"menu_order":0,"comment_status":"closed","ping_status":"closed","template":"","meta":{"footnotes":""},"class_list":["post-329","page","type-page","status-publish","hentry"],"_links":{"self":[{"href":"https:\/\/www.medicina.ufmg.br\/cins\/wp-json\/wp\/v2\/pages\/329","targetHints":{"allow":["GET"]}}],"collection":[{"href":"https:\/\/www.medicina.ufmg.br\/cins\/wp-json\/wp\/v2\/pages"}],"about":[{"href":"https:\/\/www.medicina.ufmg.br\/cins\/wp-json\/wp\/v2\/types\/page"}],"author":[{"embeddable":true,"href":"https:\/\/www.medicina.ufmg.br\/cins\/wp-json\/wp\/v2\/users\/101"}],"replies":[{"embeddable":true,"href":"https:\/\/www.medicina.ufmg.br\/cins\/wp-json\/wp\/v2\/comments?post=329"}],"version-history":[{"count":66,"href":"https:\/\/www.medicina.ufmg.br\/cins\/wp-json\/wp\/v2\/pages\/329\/revisions"}],"predecessor-version":[{"id":1038,"href":"https:\/\/www.medicina.ufmg.br\/cins\/wp-json\/wp\/v2\/pages\/329\/revisions\/1038"}],"wp:attachment":[{"href":"https:\/\/www.medicina.ufmg.br\/cins\/wp-json\/wp\/v2\/media?parent=329"}],"curies":[{"name":"wp","href":"https:\/\/api.w.org\/{rel}","templated":true}]}}