{"id":25,"date":"2015-02-23T20:55:49","date_gmt":"2015-02-23T20:55:49","guid":{"rendered":"https:\/\/www.medicina.ufmg.br\/cir\/?page_id=25"},"modified":"2024-03-20T16:58:43","modified_gmt":"2024-03-20T16:58:43","slug":"sobre","status":"publish","type":"page","link":"https:\/\/www.medicina.ufmg.br\/cir\/sobre\/","title":{"rendered":"Sobre"},"content":{"rendered":"\n<p>O Departamento de Cirurgia tem como compromisso avaliar continuamente as disciplinas ministradas por seus professores com a inten\u00e7\u00e3o de aprimor\u00e1-las e de oferecer aos alunos oficinas que revisam o conte\u00fado te\u00f3rico, os m\u00f3dulos pr\u00e1ticos e a metodologia de avalia\u00e7\u00e3o.&nbsp;Sua cria\u00e7\u00e3o e aprova\u00e7\u00e3o&nbsp; pela Congrega\u00e7\u00e3o da Faculdade de Medicina da UFMG datam do ano de 1970. Foram eleitos para primeiro Chefe e Sub-Chefe respectivamente, os professores Jo\u00e3o Baptista Resende Alves e Antonio Dilson Lemos Fernandes.&nbsp;<\/p>\n\n\n\n<h2 class=\"wp-block-heading\">Administra\u00e7\u00e3o<\/h2>\n\n\n\n<p><strong>Chefe<\/strong><br>Prof. Cristiano Xavier Lima<\/p>\n\n\n\n<p><strong>Subchefe<\/strong><br>Prof. Bernardo Almeida Campos<\/p>\n\n\n\n<p><strong>Secretaria Administrativa<\/strong><br>Sra. Evelin Alves Moreira<\/p>\n\n\n\n<p><strong>Laborat\u00f3rio de T\u00e9cnica Cir\u00fargica<\/strong><br>Sra. Ros\u00e1lia Nery<\/p>\n\n\n\n<p><strong>Hor\u00e1rio de funcionamento<\/strong>&nbsp;<strong>EXTERNO<\/strong><br>09h \u00e0s 12:00 e 14 \u00e0s 15:00h<\/p>\n\n\n\n<h3 class=\"wp-block-heading\"><strong>C\u00e2mara Departamental<\/strong><\/h3>\n\n\n\n<figure class=\"wp-block-table\"><table><tbody><tr><td><strong>Efetivos<\/strong><\/td><td><strong>Suplentes<\/strong><\/td><\/tr><tr><td>Prof. Renato Santiago Gomez<\/td><td>Prof.&nbsp; Luiz Armando Cunha De Marco<\/td><\/tr><tr><td>Prof.&nbsp;Marcello Eller Miranda<\/td><td>Prof. Antonio Lacerda Filho<\/td><\/tr><\/tbody><\/table><\/figure>\n\n\n\n<h3 class=\"wp-block-heading\"><strong><strong>Representantes Professores n\u00e3o titulares<\/strong><\/strong><\/h3>\n\n\n\n<figure class=\"wp-block-table\"><table><tbody><tr><td><strong>Efetivos<\/strong><\/td><td><strong>Suplentes<\/strong><\/td><\/tr><tr><td>Prof. Alexandre Varella Giannetti<\/td><td>Prof. Alexandre de Andrade Sousa<\/td><\/tr><tr><td>Prof.&nbsp;Marco Antonio Gon\u00e7alves Rodrigues<\/td><td>Prof. T\u00falio Pinho Navarro<\/td><\/tr><tr><td>Profa.&nbsp;Magda Maria Profeta da Luz<\/td><td>Prof.&nbsp;Marcelo Dias Sanches<\/td><\/tr><tr><td>Prof.&nbsp;Cl\u00e9cio Pi\u00e7arro<\/td><td>Prof.&nbsp;Paulo Cust\u00f3dio Furtado Cruzeiro<\/td><\/tr><tr><td>Prof.&nbsp;Rafael Calv\u00e3o Barbuto<\/td><td>Prof\u00aa.&nbsp;&nbsp;D\u00e9bora Balabram<\/td><\/tr><tr><td>Prof\u00aa.&nbsp;Soraya Rodrigues de Almeida Sanches<\/td><td>Prof.&nbsp;Rodrigo Gomes da Silva<\/td><\/tr><\/tbody><\/table><\/figure>\n\n\n\n<p><strong>Coordenador do Programa de Monitoria (PMG)&nbsp;<\/strong><br>Prof. Bernardo Almeida Campos<\/p>\n\n\n\n<p><strong>Representante dos Servidores T\u00e9c. Administrativos<br><\/strong>Sra. Evelin Alves Moreira&nbsp;<\/p>\n\n\n\n<h3 class=\"wp-block-heading\"><strong>Comiss\u00e3o de Coordena\u00e7\u00e3o Did\u00e1tica- CCD<\/strong><\/h3>\n\n\n\n<p><strong>Prof. Bernardo Almeida Campos<\/strong><br>Presidente da CCD<br><\/p>\n\n\n\n<h3 class=\"wp-block-heading\"><strong>Disciplinas Obrigat\u00f3rias<\/strong><\/h3>\n\n\n\n<p><strong>Prof. Luiz Ronaldo Alberti<\/strong><br>Coordenador CIRURGIA I<br><br><strong>Prof. Paulo Cust\u00f3dio Furtado Cruzeiro<\/strong><br>Coordenador CIRURGIA II<br><br><strong>Prof. Marco Antonio Rodrigues<\/strong><br>Coord. CIRURGIA III<br><br><strong>Profa. Soraya Rodrigues de Almeida Sanches<\/strong><br>Coordenadora CIRURGIA IV<br><br><strong>Prof. Fabio Rodrigues Gontijo&nbsp;<\/strong><br>Coordenador do Est\u00e1gio de Urg\u00eancia e Emerg\u00eancia &#8211; m\u00f3dulo de Cirurgia<br><br><strong>Profa. Magda Profeta da Luz<\/strong><br>Coordenadora do Est\u00e1gio em Clinica Cir\u00fargica<br><br><strong>Prof. Daniel Xavier Lima<\/strong><br>Coordenador do Est\u00e1gio Optativo Obrigat\u00f3rio de Cl\u00ednica Cir\u00fargica<\/p>\n\n\n\n<p><strong>Prof. Emerson Seiberlich Rezende<\/strong><br>Coordenador do Est\u00e1gio Optativo Obrigat\u00f3rio de Anestesiologia e Cl\u00ednica da Dor<\/p>\n\n\n\n<h3 class=\"wp-block-heading\"><strong>Disciplinas Optativas<\/strong><\/h3>\n\n\n\n<p><strong>Prof. Marcelo Eller Miranda<\/strong><br>Coordenador da Disciplina de Cirurgia Pedi\u00e1trica<\/p>\n\n\n\n<p><strong>Profa. Kelly Cristine L. R. Buzatti<\/strong><br>Coordenador da Disciplina de Coloproctologia<\/p>\n\n\n\n<p><strong>Prof. Marcelo Eller Miranda<\/strong><br>Coordenador da Disciplina de Anatomia Cir\u00fargica<\/p>\n\n\n\n<h3 class=\"wp-block-heading\"><strong>T\u00f3picos em Cirurgia<\/strong><\/h3>\n\n\n\n<p><strong>Prof. T\u00falio Pinho Navarro<\/strong><br>Coordenador da Disciplina de Cirurgia Vascular I e Cirurgia Vascular II<\/p>\n\n\n\n<p><strong>Prof. Marcelo Eller Miranda<\/strong><br>Coordenador da Disciplina de Anatomia Cir\u00fargica<\/p>\n\n\n\n<p><strong>Prof. Evandro Luis de Oliveira Costa<\/strong><br>Coordenador da Disciplina de Abdome Agudo<\/p>\n\n\n\n<p><strong>Profa. Clarissa Leite Turrer<\/strong><br>Coordenadora do Est\u00e1gio em Cirurgia Pl\u00e1stica<\/p>\n\n\n\n<p><strong>Prof. Evandro Luis de Oliveira Costa<\/strong><br>Coordenador do Est\u00e1gio de Sutura<\/p>\n\n\n\n<h3 class=\"wp-block-heading\"><strong>Representantes Discentes<\/strong><\/h3>\n\n\n\n<p><strong>Titular 1:&nbsp;<\/strong>Amanda Campos Piva<br><strong>Titular 2:<\/strong>&nbsp;Pedro Lucas B. Reis&nbsp;<\/p>\n\n\n\n<p><strong>Suplente 1:<\/strong>&nbsp; Fernando Augusto B. Andrade<br><strong>Suplente 2:<\/strong>&nbsp;Alessandra F\u00e1tima da Costa<\/p>\n","protected":false},"excerpt":{"rendered":"<p>O Departamento de Cirurgia tem como compromisso avaliar continuamente as disciplinas ministradas por seus professores com a inten\u00e7\u00e3o de aprimor\u00e1-las e de oferecer aos alunos oficinas que revisam o conte\u00fado te\u00f3rico, os m\u00f3dulos pr\u00e1ticos e a metodologia de avalia\u00e7\u00e3o.&nbsp;Sua cria\u00e7\u00e3o e aprova\u00e7\u00e3o&nbsp; pela Congrega\u00e7\u00e3o da Faculdade de Medicina da UFMG datam do ano de 1970. [&hellip;]<\/p>\n","protected":false},"author":27,"featured_media":0,"parent":0,"menu_order":0,"comment_status":"closed","ping_status":"closed","template":"","meta":{"footnotes":""},"class_list":["post-25","page","type-page","status-publish","hentry"],"_links":{"self":[{"href":"https:\/\/www.medicina.ufmg.br\/cir\/wp-json\/wp\/v2\/pages\/25","targetHints":{"allow":["GET"]}}],"collection":[{"href":"https:\/\/www.medicina.ufmg.br\/cir\/wp-json\/wp\/v2\/pages"}],"about":[{"href":"https:\/\/www.medicina.ufmg.br\/cir\/wp-json\/wp\/v2\/types\/page"}],"author":[{"embeddable":true,"href":"https:\/\/www.medicina.ufmg.br\/cir\/wp-json\/wp\/v2\/users\/27"}],"replies":[{"embeddable":true,"href":"https:\/\/www.medicina.ufmg.br\/cir\/wp-json\/wp\/v2\/comments?post=25"}],"version-history":[{"count":19,"href":"https:\/\/www.medicina.ufmg.br\/cir\/wp-json\/wp\/v2\/pages\/25\/revisions"}],"predecessor-version":[{"id":2146,"href":"https:\/\/www.medicina.ufmg.br\/cir\/wp-json\/wp\/v2\/pages\/25\/revisions\/2146"}],"wp:attachment":[{"href":"https:\/\/www.medicina.ufmg.br\/cir\/wp-json\/wp\/v2\/media?parent=25"}],"curies":[{"name":"wp","href":"https:\/\/api.w.org\/{rel}","templated":true}]}}