{"id":26,"date":"2015-02-23T18:32:20","date_gmt":"2015-02-23T18:32:20","guid":{"rendered":"https:\/\/www.medicina.ufmg.br\/clm\/?page_id=26"},"modified":"2025-03-18T13:59:15","modified_gmt":"2025-03-18T13:59:15","slug":"sobre","status":"publish","type":"page","link":"https:\/\/www.medicina.ufmg.br\/clm\/sobre\/","title":{"rendered":"Sobre"},"content":{"rendered":"<p>O Departamento de Cl\u00ednica M\u00e9dica (CLM) foi criado em 1970, em decorr\u00eancia da reforma universit\u00e1ria, com 95 docentes distribu\u00eddos em 13 disciplinas do curso m\u00e9dico. Em 1988, quando contava com 134 docentes, foram desmembradas as \u00e1reas de Radiologia, Patologia Cl\u00ednica e Hematologia que deram origem ao Departamento de Proped\u00eautica Complementar.<\/p>\n<p><!--more-->Atualmente, o CLM conta com 95 docentes e 3 funcion\u00e1rios administrativos, e \u00e9 respons\u00e1vel pelo ensino de 23 disciplinas da gradua\u00e7\u00e3o, o que corresponde a 18% da carga total do curso m\u00e9dico.<br \/>O CLM abriga dois programas de <a href=\"http:\/\/www.medicina.ufmg.br\/cpg\/\">P\u00f3s-Gradua\u00e7\u00e3o<\/a> nos n\u00edveis de mestrado e doutorado (<a href=\"http:\/\/www.medicina.ufmg.br\/cpg\/programas\/saude_adulto\/\">Programa de P\u00f3s-Gradua\u00e7\u00e3o Sa\u00fade do Adulto<\/a> e <a href=\"http:\/\/www.medicina.ufmg.br\/cpg\/programas\/infectologia\/\">Programa de P\u00f3s-Gradua\u00e7\u00e3o em Infectologia e Medicina Tropical<\/a>), desenvolve 6 programas de resid\u00eancia m\u00e9dica no Hospital das Cl\u00ednicas.<\/p>\n<h2>Administra\u00e7\u00e3o<\/h2>\n<p><strong>Chefe do Departamento<br \/><\/strong><span class=\"selectable-text copyable-text\">Fernando Ant\u00f4nio Botoni<\/span><\/p>\n<p><strong>Subchefe do Departamento<br \/><\/strong><span class=\"selectable-text copyable-text\">Arnaldo Santos Leite<\/span><\/p>\n<p><strong>Secretaria Administrativa\u00a0<br \/><\/strong>Caroline Alves de Menezes<br \/>Evanete Gomes Diniz<br \/>Sheila Dam\u00e1zio de Paula<\/p>\n<p><strong>Hor\u00e1rio de funcionamento<br \/><\/strong>Das 8h \u00e0s 12h e das 13h30 \u00e0s 16h<\/p>\n<h3><strong>C\u00e2mara Departamental<br \/><\/strong><\/h3>\n<table>\n<tbody>\n<tr>\n<td>\u00a0<\/td>\n<td>\n<p><span style=\"color: #ffffff;\"><b>NOME<\/b><\/span><\/p>\n<\/td>\n<td>\n<p><span style=\"color: #ffffff;\"><b>IN\u00cdCIO<\/b><\/span><\/p>\n<\/td>\n<td>\n<p><span style=\"color: #ffffff;\"><b>FIM<\/b><\/span><\/p>\n<\/td>\n<td>\n<p><span style=\"color: #ffffff;\"><b>TIPO DE REPRESENTA\u00c7\u00c3O<\/b><\/span><\/p>\n<\/td>\n<\/tr>\n<tr>\n<td>\n<p>1<\/p>\n<\/td>\n<td>\n<p><span class=\"selectable-text copyable-text\">Fernando Ant\u00f4nio Botoni<\/span><\/p>\n<\/td>\n<td>\n<p>08\/02\/2025<\/p>\n<\/td>\n<td>\n<p>08\/02\/2027<\/p>\n<\/td>\n<td>\n<p><span style=\"font-weight: 400;\">Chefe do Departamento<\/span><\/p>\n<\/td>\n<\/tr>\n<tr>\n<td>\n<p>2<\/p>\n<\/td>\n<td>\n<p><span class=\"selectable-text copyable-text\">Arnaldo Santos Leite<\/span><\/p>\n<\/td>\n<td>\n<p>08\/02\/2025<\/p>\n<\/td>\n<td>\n<p>08\/02\/2027<\/p>\n<\/td>\n<td>\n<p><span style=\"font-weight: 400;\">Subchefe do Departamento<\/span><\/p>\n<\/td>\n<\/tr>\n<tr>\n<td>\n<p>3<\/p>\n<\/td>\n<td>\n<p>Ana Paula Gon\u00e7alves<br \/>Carolina Lins Rodrigues (suplente)<\/p>\n<\/td>\n<td>\n<p>08\/04\/2025<\/p>\n<\/td>\n<td>\n<p>08\/04\/2027<\/p>\n<\/td>\n<td>\n<p><span style=\"font-weight: 400;\">Representante n\u00e3o titular<\/span><\/p>\n<\/td>\n<\/tr>\n<tr>\n<td>\n<p>4<\/p>\n<\/td>\n<td>\n<p>Gabriela Miana de Mattos Paix\u00e3o<br \/>Isabela Nascimento Borges (suplente)<\/p>\n<\/td>\n<td>\n<p>08\/04\/2025<\/p>\n<\/td>\n<td>\n<p>08\/04\/2027<\/p>\n<\/td>\n<td>\n<p><span style=\"font-weight: 400;\">Representante n\u00e3o Titular<\/span><\/p>\n<\/td>\n<\/tr>\n<tr>\n<td>\n<p>5<\/p>\n<\/td>\n<td>\n<p>Maria Aparecida Camargos Bicalho<br \/>Marco T\u00falio Gualberto Cintra (suplente)<\/p>\n<\/td>\n<td>\n<p>08\/04\/2025<\/p>\n<\/td>\n<td>\n<p>08\/04\/2027<\/p>\n<\/td>\n<td>\n<p><span style=\"font-weight: 400;\">Representante n\u00e3o titular<\/span><\/p>\n<\/td>\n<\/tr>\n<tr>\n<td>\n<p>6<\/p>\n<\/td>\n<td>Melissa Orlandin Premaor<br \/>M\u00e1rcio Weissheimer Lauria (suplente)<\/td>\n<td>\n<p>08\/04\/2025<\/p>\n<\/td>\n<td>\n<p>08\/04\/2027<\/p>\n<\/td>\n<td>\n<p><span style=\"font-weight: 400;\">Representante n\u00e3o titular<\/span><\/p>\n<\/td>\n<\/tr>\n<tr>\n<td>\n<p>7<\/p>\n<\/td>\n<td>\n<p>Paulo Henrique Costa Diniz<br \/>Gustavo Cancela e Penna (suplente)<\/p>\n<\/td>\n<td>\n<p>08\/04\/2025<\/p>\n<\/td>\n<td>\n<p>08\/04\/2027<\/p>\n<\/td>\n<td>\n<p><span style=\"font-weight: 400;\">Representante n\u00e3o titular<\/span><\/p>\n<\/td>\n<\/tr>\n<tr>\n<td>\n<p>8<\/p>\n<\/td>\n<td>\n<p>\u00canio Pietra Pedroso<br \/>Teresa Cristina de A. Ferrari (suplente)<\/p>\n<\/td>\n<td>\n<p>08\/04\/2025<\/p>\n<\/td>\n<td>\n<p>08\/04\/2027<\/p>\n<\/td>\n<td>\n<p><span style=\"font-weight: 400;\">Representante Titular<\/span><\/p>\n<\/td>\n<\/tr>\n<tr>\n<td>\n<p>9<\/p>\n<\/td>\n<td>\n<p>Maria Marta Sarquis<br \/>Flavia Vasques Bitencourt (suplente)<\/p>\n<\/td>\n<td>\n<p>08\/04\/2025<\/p>\n<\/td>\n<td>\n<p>08\/04\/2027<\/p>\n<\/td>\n<td>\n<p><span style=\"font-weight: 400;\">Representante Titular<\/span><\/p>\n<\/td>\n<\/tr>\n<tr>\n<td>\n<p>10<\/p>\n<\/td>\n<td>\n<p>Suely Meireles Rezende<br \/>Unai Tupinamb\u00e1s (suplente)<\/p>\n<\/td>\n<td>\n<p>08\/04\/2025<\/p>\n<\/td>\n<td>\n<p>08\/04\/2027<\/p>\n<\/td>\n<td>\n<p><span style=\"font-weight: 400;\">Representante Titular<\/span><\/p>\n<\/td>\n<\/tr>\n<tr>\n<td>\n<p>11<\/p>\n<\/td>\n<td>\n<p>Evanete Gomes Diniz<br \/>Sheila Dam\u00e1zio de Paula (suplente)<\/p>\n<\/td>\n<td>\n<p><span style=\"font-weight: 400;\">11\/07\/2024<\/span><\/p>\n<\/td>\n<td>\n<p><span style=\"font-weight: 400;\">11\/07\/2026<\/span><\/p>\n<\/td>\n<td>\n<p><span style=\"font-weight: 400;\">Representante t\u00e9cnico-administrativo<\/span><\/p>\n<\/td>\n<\/tr>\n<tr>\n<td>\n<p>12<\/p>\n<\/td>\n<td>\n<p>\u00a0<\/p>\n<\/td>\n<td>\n<p><span style=\"font-weight: 400;\">01\/03\/2023<\/span><\/p>\n<\/td>\n<td>\n<p><span style=\"font-weight: 400;\">29\/02\/2024<\/span><\/p>\n<\/td>\n<td>\n<p><span style=\"font-weight: 400;\">Representante discente<\/span><\/p>\n<\/td>\n<\/tr>\n<tr>\n<td>13<\/td>\n<td>\n<p>\u00a0<\/p>\n<\/td>\n<td>\n<p><span style=\"font-weight: 400;\">01\/03\/2023<\/span><\/p>\n<\/td>\n<td>\n<p><span style=\"font-weight: 400;\">29\/02\/2024<\/span><\/p>\n<\/td>\n<td>\n<p><span style=\"font-weight: 400;\">Representante discente<\/span><\/p>\n<\/td>\n<\/tr>\n<\/tbody>\n<\/table>\n<p><strong><br \/><\/strong><strong style=\"font-size: revert; color: initial;\">Comiss\u00e3o de Coordena\u00e7\u00e3o Did\u00e1tica (CCD)<br \/><\/strong><\/p>\n<p class=\"selectable-text copyable-text\">Arnaldo Santos Leite &#8211; Presidente<br \/>Eliane Viana Mancuzo &#8211; CLM I (CLM145) 4\u00b0 per\u00edodo<br \/>Helena Duani &#8211; CLM II (CLM146) 5\u00b0 per\u00edodo<br \/>Melissa Orlandin Premaor &#8211; CLM III (CLM147) 6\u00b0 per\u00edodo<br \/>Ricardo Mesquita Camelo &#8211; CLM IV (CLM148) 7\u00b0 per\u00edodo<br \/>Let\u00edcia Ferreira Gontijo Silveira &#8211; CLM V (CLM149) 8\u00b0 per\u00edodo<br \/>Luciana Baptista Pereira &#8211; Aten\u00e7\u00e3o secund\u00e1ria em dermatologia (CLM150)<br \/>Paulo Pereira Christo &#8211; Aten\u00e7\u00e3o secund\u00e1ria em neurologia (CLM151)<br \/>Cec\u00edlia Gomez Ravetti &#8211; Est\u00e1gio em Cl\u00ednica M\u00e9dica (CLM152)<br \/>Clara Rodrigues Alves de Oliveira &#8211; Est\u00e1gio opcional em Cl\u00ednica M\u00e9dica (CLM034)<br \/>Gabriel Assis Lopes do Carmo &#8211; Internato de Urg\u00eancia (MED156) e Internato de Urg\u00eancia II (MED157)<\/p>\n\n\n<p><\/p>\n","protected":false},"excerpt":{"rendered":"<p>O Departamento de Cl\u00ednica M\u00e9dica (CLM) foi criado em 1970, em decorr\u00eancia da reforma universit\u00e1ria, com 95 docentes distribu\u00eddos em 13 disciplinas do curso m\u00e9dico. Em 1988, quando contava com 134 docentes, foram desmembradas as \u00e1reas de Radiologia, Patologia Cl\u00ednica e Hematologia que deram origem ao Departamento de Proped\u00eautica Complementar.<\/p>\n","protected":false},"author":27,"featured_media":0,"parent":0,"menu_order":0,"comment_status":"closed","ping_status":"closed","template":"","meta":{"footnotes":""},"class_list":["post-26","page","type-page","status-publish","hentry"],"_links":{"self":[{"href":"https:\/\/www.medicina.ufmg.br\/clm\/wp-json\/wp\/v2\/pages\/26","targetHints":{"allow":["GET"]}}],"collection":[{"href":"https:\/\/www.medicina.ufmg.br\/clm\/wp-json\/wp\/v2\/pages"}],"about":[{"href":"https:\/\/www.medicina.ufmg.br\/clm\/wp-json\/wp\/v2\/types\/page"}],"author":[{"embeddable":true,"href":"https:\/\/www.medicina.ufmg.br\/clm\/wp-json\/wp\/v2\/users\/27"}],"replies":[{"embeddable":true,"href":"https:\/\/www.medicina.ufmg.br\/clm\/wp-json\/wp\/v2\/comments?post=26"}],"version-history":[{"count":34,"href":"https:\/\/www.medicina.ufmg.br\/clm\/wp-json\/wp\/v2\/pages\/26\/revisions"}],"predecessor-version":[{"id":1702,"href":"https:\/\/www.medicina.ufmg.br\/clm\/wp-json\/wp\/v2\/pages\/26\/revisions\/1702"}],"wp:attachment":[{"href":"https:\/\/www.medicina.ufmg.br\/clm\/wp-json\/wp\/v2\/media?parent=26"}],"curies":[{"name":"wp","href":"https:\/\/api.w.org\/{rel}","templated":true}]}}