
{"id":421,"date":"2016-04-11T17:28:09","date_gmt":"2016-04-11T17:28:09","guid":{"rendered":"https:\/\/www.medicina.ufmg.br\/cpg\/?page_id=421"},"modified":"2026-04-15T12:25:15","modified_gmt":"2026-04-15T12:25:15","slug":"contato","status":"publish","type":"page","link":"https:\/\/www.medicina.ufmg.br\/cpg\/contato\/","title":{"rendered":"Contato"},"content":{"rendered":"\n<div class=\"wp-block-columns has-2-columns is-layout-flex wp-container-core-columns-is-layout-1 wp-block-columns-is-layout-flex\">\n<div class=\"wp-block-column is-layout-flow wp-block-column-is-layout-flow\">\n<p class=\"has-text-align-center\"> <strong>Hor\u00e1rio de atendimento externo<\/strong><br>8h \u00e0s 12h e 14h \u00e0s 16h.  <\/p>\n<\/div>\n\n\n\n<div class=\"wp-block-column is-layout-flow wp-block-column-is-layout-flow\">\n<p class=\"has-text-align-center\"><strong>Endere\u00e7o<\/strong><br>Av. Prof. Alfredo Balena, 190 &#8211; sala 503<br>Belo Horizonte &#8211; MG<\/p>\n<\/div>\n<\/div>\n\n\n\n<hr class=\"wp-block-separator has-css-opacity\"\/>\n\n\n\n<p class=\"has-text-align-left\"><strong>Contato<\/strong><br>Secretaria geral<br><a href=\"mailto:cpg@medicina.ufmg.br\">cpgmed@gmail.com<\/a><br><\/p>\n\n\n\n<p><strong>Clique abaixo para acessar as informa\u00e7\u00f5es de contato de cada programa de p\u00f3s-gradua\u00e7\u00e3o:<\/strong><\/p>\n\n\n\n\n<div class=\"wp-block-columns is-layout-flex wp-container-core-columns-is-layout-2 wp-block-columns-is-layout-flex\">\n  \n  <div class=\"wp-block-column is-layout-flow wp-block-column-is-layout-flow\">\n    \n    <ul>\n      <li><a href=\"https:\/\/www.medicina.ufmg.br\/cpgcirurgiaoft\/contato\/\"><strong>PPG Ci\u00eancias Aplicadas \u00e0 Cirurgia e a Oftalmologia<\/strong><\/a><\/li>\n      <li><a href=\"https:\/\/www.medicina.ufmg.br\/cpgsaudedoadulto\/contato\/\"><strong>PPG Ci\u00eancias Aplicadas \u00e0 Sa\u00fade do Adulto<\/strong><\/a><\/li>\n      <li><a href=\"https:\/\/www.medicina.ufmg.br\/cpginfectologia\/contato\/\"><strong>PPG Ci\u00eancias da Sa\u00fade: Infectologia e Medicina Tropical<\/strong><\/a><\/li>\n      <li><a href=\"https:\/\/www.medicina.ufmg.br\/cpgsaudedacrianca\/contato\/\"><strong>PPG Ci\u00eancias da Sa\u00fade: Sa\u00fade da Crian\u00e7a e do Adolescente<\/strong><\/a><\/li>\n      <li><a href=\"https:\/\/www.medicina.ufmg.br\/cpgfonoaudiologia\/contato\/\"><strong>PPG Ci\u00eancias Fonoaudiol\u00f3gicas<\/strong><\/a><\/li>\n      <li><a href=\"https:\/\/www.medicina.ufmg.br\/cpgmedicinamolecular\/contato\/\"><strong>PPG Medicina Molecular<\/strong><\/a><\/li>\n      <li><a href=\"https:\/\/www.medicina.ufmg.br\/cpgpspv\/contato\/\"><strong>PPG Promo\u00e7\u00e3o da Sa\u00fade e Preven\u00e7\u00e3o da Viol\u00eancia<\/strong><\/a><\/li>\n      <li><a href=\"https:\/\/www.medicina.ufmg.br\/cpgsaudedamulher\/contato\/\"><strong>PPG Sa\u00fade da Mulher<\/strong><\/a><\/li>\n      <li><a href=\"https:\/\/www.medicina.ufmg.br\/cpgsaudepublica\/contato\/\"><strong>PPG Sa\u00fade P\u00fablica<\/strong><\/a><\/li>\n    <\/ul>\n    \n  <\/div>\n  \n<\/div>\n\n\n","protected":false},"excerpt":{"rendered":"<p>Hor\u00e1rio de atendimento externo8h \u00e0s 12h e 14h \u00e0s 16h. Endere\u00e7oAv. Prof. Alfredo Balena, 190 &#8211; sala 503Belo Horizonte &#8211; MG ContatoSecretaria geralcpgmed@gmail.com Clique abaixo para acessar as informa\u00e7\u00f5es de contato de cada programa de p\u00f3s-gradua\u00e7\u00e3o:<\/p>\n","protected":false},"author":17,"featured_media":0,"parent":0,"menu_order":0,"comment_status":"closed","ping_status":"closed","template":"","meta":{"footnotes":""},"class_list":["post-421","page","type-page","status-publish","hentry"],"_links":{"self":[{"href":"https:\/\/www.medicina.ufmg.br\/cpg\/wp-json\/wp\/v2\/pages\/421","targetHints":{"allow":["GET"]}}],"collection":[{"href":"https:\/\/www.medicina.ufmg.br\/cpg\/wp-json\/wp\/v2\/pages"}],"about":[{"href":"https:\/\/www.medicina.ufmg.br\/cpg\/wp-json\/wp\/v2\/types\/page"}],"author":[{"embeddable":true,"href":"https:\/\/www.medicina.ufmg.br\/cpg\/wp-json\/wp\/v2\/users\/17"}],"replies":[{"embeddable":true,"href":"https:\/\/www.medicina.ufmg.br\/cpg\/wp-json\/wp\/v2\/comments?post=421"}],"version-history":[{"count":29,"href":"https:\/\/www.medicina.ufmg.br\/cpg\/wp-json\/wp\/v2\/pages\/421\/revisions"}],"predecessor-version":[{"id":2964,"href":"https:\/\/www.medicina.ufmg.br\/cpg\/wp-json\/wp\/v2\/pages\/421\/revisions\/2964"}],"wp:attachment":[{"href":"https:\/\/www.medicina.ufmg.br\/cpg\/wp-json\/wp\/v2\/media?parent=421"}],"curies":[{"name":"wp","href":"https:\/\/api.w.org\/{rel}","templated":true}]}}

<div class="wp-block-columns has-2-columns is-layout-flex wp-container-core-columns-is-layout-1 wp-block-columns-is-layout-flex">
<div class="wp-block-column is-layout-flow wp-block-column-is-layout-flow">
<p class="has-text-align-center"> <strong>Horário de atendimento externo</strong><br>8h às 12h e 14h às 16h.  </p>
</div>



<div class="wp-block-column is-layout-flow wp-block-column-is-layout-flow">
<p class="has-text-align-center"><strong>Endereço</strong><br>Av. Prof. Alfredo Balena, 190 &#8211; sala 503<br>Belo Horizonte &#8211; MG</p>
</div>
</div>



<hr class="wp-block-separator has-css-opacity"/>



<p class="has-text-align-left"><strong>Contato</strong><br>Secretaria geral<br><a href="mailto:cpg@medicina.ufmg.br">cpgmed@gmail.com</a><br></p>



<p><strong>Clique abaixo para acessar as informações de contato de cada programa de pós-graduação:</strong></p>




<div class="wp-block-columns is-layout-flex wp-container-core-columns-is-layout-2 wp-block-columns-is-layout-flex">
  
  <div class="wp-block-column is-layout-flow wp-block-column-is-layout-flow">
    
    <ul>
      <li><a href="https://www.medicina.ufmg.br/cpgcirurgiaoft/contato/"><strong>PPG Ciências Aplicadas à Cirurgia e a Oftalmologia</strong></a></li>
      <li><a href="https://www.medicina.ufmg.br/cpgsaudedoadulto/contato/"><strong>PPG Ciências Aplicadas à Saúde do Adulto</strong></a></li>
      <li><a href="https://www.medicina.ufmg.br/cpginfectologia/contato/"><strong>PPG Ciências da Saúde: Infectologia e Medicina Tropical</strong></a></li>
      <li><a href="https://www.medicina.ufmg.br/cpgsaudedacrianca/contato/"><strong>PPG Ciências da Saúde: Saúde da Criança e do Adolescente</strong></a></li>
      <li><a href="https://www.medicina.ufmg.br/cpgfonoaudiologia/contato/"><strong>PPG Ciências Fonoaudiológicas</strong></a></li>
      <li><a href="https://www.medicina.ufmg.br/cpgmedicinamolecular/contato/"><strong>PPG Medicina Molecular</strong></a></li>
      <li><a href="https://www.medicina.ufmg.br/cpgpspv/contato/"><strong>PPG Promoção da Saúde e Prevenção da Violência</strong></a></li>
      <li><a href="https://www.medicina.ufmg.br/cpgsaudedamulher/contato/"><strong>PPG Saúde da Mulher</strong></a></li>
      <li><a href="https://www.medicina.ufmg.br/cpgsaudepublica/contato/"><strong>PPG Saúde Pública</strong></a></li>
    </ul>
    
  </div>
  
</div>

<p>Horário de atendimento externo8h às 12h e 14h às 16h. EndereçoAv. Prof. Alfredo Balena, 190 &#8211; sala 503Belo Horizonte &#8211; MG ContatoSecretaria geralcpgmed@gmail.com Clique abaixo para acessar as informações de contato de cada programa de pós-graduação:</p>
