
{"id":71,"date":"2014-12-17T16:53:49","date_gmt":"2014-12-17T16:53:49","guid":{"rendered":"https:\/\/www.medicina.ufmg.br\/cpg\/?page_id=71"},"modified":"2026-04-23T12:15:03","modified_gmt":"2026-04-23T12:15:03","slug":"formularios","status":"publish","type":"page","link":"https:\/\/www.medicina.ufmg.br\/cpg\/formularios\/","title":{"rendered":"Formul\u00e1rios"},"content":{"rendered":"\n<div class=\"wp-block-buttons is-layout-flex wp-block-buttons-is-layout-flex\">\n<div class=\"wp-block-button is-style-outline is-style-outline--1\"><a class=\"wp-block-button__link has-text-align-center wp-element-button\"><strong>AVISO: <\/strong>O Centro de P\u00f3s-Gradua\u00e7\u00e3o informa que o prazo para emiss\u00e3o de declara\u00e7\u00f5es \u00e9 de at\u00e9 5 dias \u00fateis a partir da solicita\u00e7\u00e3o.<\/a><\/div>\n<\/div>\n\n\n\n<h2 class=\"wp-block-heading\"><\/h2>\n\n\n\n<p><\/p>\n\n\n<ol>\n<li><a href=\"https:\/\/ftp.medicina.ufmg.br\/cpg\/formularios\/Carta_sugerir_banca_para_defesa_Saude_Publica_27062013.doc\">Carta para sugerir banca para defesa &#8211; Sa\u00fade P\u00fablica<\/a><\/li>\n<li><a class=\"textolink\" href=\"https:\/\/ftp.medicina.ufmg.br\/cpg\/formularios\/Aproveitamento_de_estudos_novomodelo_25092014.pdf\">Aproveitamento de estudos<\/a><\/li>\n<li><a class=\"textolink\" href=\"atualizacao_dados.php\">Atualiza\u00e7\u00e3o de dados<\/a><\/li>\n<li><a class=\"textolink\" href=\"https:\/\/ftp.medicina.ufmg.br\/cpg\/form\/2013\/Autorizacao_de_divulgacao_Biblioteca_Digital_27062013.pdf\">Autoriza\u00e7\u00e3o de divulga\u00e7\u00e3o &#8211; Biblioteca Digital<\/a><\/li>\n<li><a class=\"textolink\" href=\"https:\/\/ftp.medicina.ufmg.br\/cpg\/form\/2017\/carta_para_formalizar_orientacao_novo_modelo-03-05-2017.doc\">Carta para formalizar orienta\u00e7\u00e3o<\/a><\/li>\n<li><a class=\"textolink\" href=\"https:\/\/ftp.medicina.ufmg.br\/cpg\/form\/2017\/carta_para_formalizar_coorientacao_novo_modelo-03-05-2017.doc\">Carta para formalizar co-orienta\u00e7\u00e3o<\/a><\/li>\n<li><a href=\"https:\/\/ftp.medicina.ufmg.br\/cpg\/arquivos\/2026\/Carta_para_sugerir_banca_para_defesa_de_Doutorado.doc%20novo.doc\">Carta para sugerir banca defesa de doutorado<\/a><\/li>\n<li><a href=\"https:\/\/ftp.medicina.ufmg.br\/cpg\/arquivos\/2026\/Carta_para_sugerir_banca_para_defesa_de_mestrado%20novo.doc\">Carta para sugerir banca defesa de mestrado<\/a><\/li>\n<li><a class=\"textolink\" href=\"https:\/\/ftp.medicina.ufmg.br\/cpg\/formularios\/Carta_para_sugerir_banca_para_qualificacao.doc\" target=\"_blank\" rel=\"noopener noreferrer\">Carta para sugerir banca para qualifica\u00e7\u00e3o<\/a><\/li>\n<li><a class=\"textolink\" href=\"http:\/\/www.medicina.ufmg.br\/cpg\/wp-content\/uploads\/sites\/14\/2024\/07\/Formulario-de-Solicitacao-de-Auxilio-Financeiro.pdf\" target=\"_blank\" rel=\"noopener noreferrer\">Formul\u00e1rio de solicita\u00e7\u00e3o de aux\u00edlio financeiro &#8211; ALUNO \/ PROFESSOR<\/a><\/li>\n<li><a class=\"textolink\" href=\"https:\/\/ftp.medicina.ufmg.br\/cpg\/form\/2013\/Formulario_de_Trabalho_de_Conclusao_27062013.pdf\">Formul\u00e1rio de Trabalho de Conclus\u00e3o<\/a><\/li>\n<li><a class=\"textolink\" href=\"https:\/\/www.medicina.ufmg.br\/cpg\/wp-content\/uploads\/sites\/14\/2019\/07\/Formul\u00e1rio-de-Solicita\u00e7\u00e3o-servi\u00e7os-escolares-2019.pdf\" target=\"_blank\" rel=\"noopener noreferrer\">Formul\u00e1rio de Servi\u00e7os Escolares<\/a><br \/><a href=\"https:\/\/www2.ufmg.br\/drca\/drca\/Home\/Documentos\/Taxas-para-Emissao-de-Documentos\" target=\"_blank\" rel=\"noopener noreferrer\">*clique aqui para obter informa\u00e7\u00f5es sobre o pagamento da taxa<\/a><\/li>\n<li><a href=\"https:\/\/ftp.medicina.ufmg.br\/cpg\/programas\/saude_mulher\/2016\/PreparacaodadefesadeMonografia_26_01_2016.xls\">Prepara\u00e7\u00e3o de defesa de Monografia<\/a><\/li>\n<li><a class=\"textolink\" href=\"https:\/\/ftp.medicina.ufmg.br\/cpg\/formularios\/taxa_25092014.pdf\">Taxa de servi\u00e7os Escolares<\/a><\/li>\n<li><a href=\"https:\/\/www.medicina.ufmg.br\/cpg\/wp-content\/uploads\/sites\/14\/2021\/01\/Trancamento-parcial-de-matr\u00edcula-06-1-2020.pdf\" target=\"_blank\" rel=\"noopener noreferrer\">Trancamento parcial de matr\u00edcula semestral<\/a><\/li>\n<li><a href=\"https:\/\/ftp.medicina.ufmg.br\/cpg\/carta.doc\">Carta para solicita\u00e7\u00e3o de prorroga\u00e7\u00e3o do prazo de v\u00ednculo<\/a><\/li>\n<li><a href=\"https:\/\/ftp.medicina.ufmg.br\/cpg\/formularios\/2026\/FORMULARIO%20Preparacao%20de%20qualifica%e7%e3o%20e%20defesa%20-%20ATUAL%202025.xls\">Prepara\u00e7\u00e3o de qualifica\u00e7\u00e3o e defesa de Mestrado\/Doutorado<\/a><\/li>\n<\/ol>\n<h3>Arquivos dos programas<\/h3>\n<p><strong><span style=\"text-decoration: underline;\">Cirurgia e Oftalmologia<\/span><\/strong><\/p>\n<ol>\n<li><a class=\"textolink\" href=\"https:\/\/ftp.medicina.ufmg.br\/cpg\/form\/2013\/Carta_para_solicitar_mudanca_de_projeto_PPG_Cirurgia_e_Oftalmologia_27062013\" target=\"_blank\" rel=\"noopener noreferrer\">Carta para solicitar mudan\u00e7a de projeto &#8211; PPG Cirurgia e Oftalmologia<\/a><\/li>\n<li><a class=\"textolink\" href=\"https:\/\/ftp.medicina.ufmg.br\/cpg\/formularios\/Roteiro_agendar_exame_qualificacao.pdf\" target=\"_blank\" rel=\"noopener noreferrer\">Roteiro para agendar exame de qualifica\u00e7\u00e3o &#8211; PPG Cirurgia e Oftalmologia<\/a><\/li>\n<\/ol>\n<p><strong><span style=\"text-decoration: underline;\">Sa\u00fade P\u00fablica<\/span><\/strong><\/p>\n<ol>\n<li><a class=\"textolink\" href=\"https:\/\/ftp.medicina.ufmg.br\/cpg\/form\/2013\/Carta_sugerir_banca_para_defesa_Saude_Publica_27062013.doc\">Carta para sugerir banca para defesa &#8211; Sa\u00fade P\u00fablica<\/a><\/li>\n<li><a class=\"textolink\" style=\"font-size: revert;\" href=\"https:\/\/ftp.medicina.ufmg.br\/cpg\/form\/2013\/Modelo_de_parecer_para_defesa-Saude_Publica_01-07-2013.pdf\" target=\"_blank\" rel=\"noopener noreferrer\">Modelo de parecer para defesa &#8211; Sa\u00fade P\u00fablica<\/a><\/li>\n<li><a style=\"font-size: revert;\" href=\"https:\/\/www.medicina.ufmg.br\/cpg\/wp-content\/uploads\/sites\/14\/2020\/01\/Formulario_de_Trabalho_de_Conclusao_NOVA-VERS\u00c3O-PARA-O-ALUNO-1.pdf\">Novo Formul\u00e1rio de Trabalho de Conclus\u00e3o para preenchimento obrigat\u00f3rio nas defesas PPGSP<\/a><\/li>\n<\/ol>\n\n\n<p><\/p>\n","protected":false},"excerpt":{"rendered":"<p>Carta para sugerir banca para defesa &#8211; Sa\u00fade P\u00fablica Aproveitamento de estudos Atualiza\u00e7\u00e3o de dados Autoriza\u00e7\u00e3o de divulga\u00e7\u00e3o &#8211; Biblioteca Digital Carta para formalizar orienta\u00e7\u00e3o Carta para formalizar co-orienta\u00e7\u00e3o Carta para sugerir banca defesa de doutorado Carta para sugerir banca defesa de mestrado Carta para sugerir banca para qualifica\u00e7\u00e3o Formul\u00e1rio de solicita\u00e7\u00e3o de aux\u00edlio financeiro [&hellip;]<\/p>\n","protected":false},"author":17,"featured_media":0,"parent":0,"menu_order":0,"comment_status":"closed","ping_status":"closed","template":"","meta":{"footnotes":""},"class_list":["post-71","page","type-page","status-publish","hentry"],"_links":{"self":[{"href":"https:\/\/www.medicina.ufmg.br\/cpg\/wp-json\/wp\/v2\/pages\/71","targetHints":{"allow":["GET"]}}],"collection":[{"href":"https:\/\/www.medicina.ufmg.br\/cpg\/wp-json\/wp\/v2\/pages"}],"about":[{"href":"https:\/\/www.medicina.ufmg.br\/cpg\/wp-json\/wp\/v2\/types\/page"}],"author":[{"embeddable":true,"href":"https:\/\/www.medicina.ufmg.br\/cpg\/wp-json\/wp\/v2\/users\/17"}],"replies":[{"embeddable":true,"href":"https:\/\/www.medicina.ufmg.br\/cpg\/wp-json\/wp\/v2\/comments?post=71"}],"version-history":[{"count":32,"href":"https:\/\/www.medicina.ufmg.br\/cpg\/wp-json\/wp\/v2\/pages\/71\/revisions"}],"predecessor-version":[{"id":2966,"href":"https:\/\/www.medicina.ufmg.br\/cpg\/wp-json\/wp\/v2\/pages\/71\/revisions\/2966"}],"wp:attachment":[{"href":"https:\/\/www.medicina.ufmg.br\/cpg\/wp-json\/wp\/v2\/media?parent=71"}],"curies":[{"name":"wp","href":"https:\/\/api.w.org\/{rel}","templated":true}]}}