
{"id":99,"date":"2014-12-18T16:27:26","date_gmt":"2014-12-18T16:27:26","guid":{"rendered":"https:\/\/www.medicina.ufmg.br\/cpg\/?page_id=99"},"modified":"2025-05-13T15:35:39","modified_gmt":"2025-05-13T15:35:39","slug":"exame-de-proficiencia","status":"publish","type":"page","link":"https:\/\/www.medicina.ufmg.br\/cpg\/exame-de-proficiencia\/","title":{"rendered":"Exame de profici\u00eancia"},"content":{"rendered":"<p><span style=\"font-weight: 400;\">Conforme previsto nas Normas Gerais de P\u00f3s-Gradua\u00e7\u00e3o da UFMG, os Programas de P\u00f3s-Gradua\u00e7\u00e3o da Faculdade de Medicina exigem a comprova\u00e7\u00e3o de profici\u00eancia em l\u00edngua estrangeira como requisito para ingresso ou para perman\u00eancia no curso de p\u00f3s-gradua\u00e7\u00e3o, conforme os editais de sele\u00e7\u00e3o de cada Programa. Alguns Programas exigem a comprova\u00e7\u00e3o no ato da inscri\u00e7\u00e3o para o processo seletivo, outros exigem a apresenta\u00e7\u00e3o do documento ao longo da primeira metade do curso no qual o aluno se encontra matriculado.<\/span><\/p>\n<p><span style=\"font-weight: 400;\">Dessa forma, informamos que todos os Programas aceitam o certificado de profici\u00eancia emitido pelo CENEX-FALE, cujo teste \u00e9 aplicado em v\u00e1rias edi\u00e7\u00f5es ao longo do ano. Alguns Programas, al\u00e9m do certificado do CENEX-FALE, tamb\u00e9m aceitam outros certificados, que estar\u00e3o citados em seus editais. Sugerimos que os candidatos aos pr\u00f3ximos processos seletivos tomem conhecimento antecipado sobre a exig\u00eancia do Programa ao qual pretende se inscrever e tome as provid\u00eancias necess\u00e1rias antecipadas, evitando assim surpresas de \u00faltima hora e impossibilidade de inscri\u00e7\u00e3o nos processos seletivos ou para realiza\u00e7\u00e3o de matr\u00edcula.<\/span><\/p>\n<p><span style=\"font-weight: 400;\">Acesse o calend\u00e1rio de provas de profici\u00eancia do CENEX-FALE no link abaixo:\u00a0<\/span><\/p>\n<p><a href=\"https:\/\/cenex.letras.ufmg.br\/\"><b>https:\/\/cenex.letras.ufmg.br\/<\/b><\/a><\/p>\n","protected":false},"excerpt":{"rendered":"<p>Conforme previsto nas Normas Gerais de P\u00f3s-Gradua\u00e7\u00e3o da UFMG, os Programas de P\u00f3s-Gradua\u00e7\u00e3o da Faculdade de Medicina exigem a comprova\u00e7\u00e3o de profici\u00eancia em l\u00edngua estrangeira como requisito para ingresso ou para perman\u00eancia no curso de p\u00f3s-gradua\u00e7\u00e3o, conforme os editais de sele\u00e7\u00e3o de cada Programa. Alguns Programas exigem a comprova\u00e7\u00e3o no ato da inscri\u00e7\u00e3o para o [&hellip;]<\/p>\n","protected":false},"author":17,"featured_media":0,"parent":0,"menu_order":0,"comment_status":"closed","ping_status":"closed","template":"","meta":{"footnotes":""},"class_list":["post-99","page","type-page","status-publish","hentry"],"_links":{"self":[{"href":"https:\/\/www.medicina.ufmg.br\/cpg\/wp-json\/wp\/v2\/pages\/99","targetHints":{"allow":["GET"]}}],"collection":[{"href":"https:\/\/www.medicina.ufmg.br\/cpg\/wp-json\/wp\/v2\/pages"}],"about":[{"href":"https:\/\/www.medicina.ufmg.br\/cpg\/wp-json\/wp\/v2\/types\/page"}],"author":[{"embeddable":true,"href":"https:\/\/www.medicina.ufmg.br\/cpg\/wp-json\/wp\/v2\/users\/17"}],"replies":[{"embeddable":true,"href":"https:\/\/www.medicina.ufmg.br\/cpg\/wp-json\/wp\/v2\/comments?post=99"}],"version-history":[{"count":4,"href":"https:\/\/www.medicina.ufmg.br\/cpg\/wp-json\/wp\/v2\/pages\/99\/revisions"}],"predecessor-version":[{"id":2763,"href":"https:\/\/www.medicina.ufmg.br\/cpg\/wp-json\/wp\/v2\/pages\/99\/revisions\/2763"}],"wp:attachment":[{"href":"https:\/\/www.medicina.ufmg.br\/cpg\/wp-json\/wp\/v2\/media?parent=99"}],"curies":[{"name":"wp","href":"https:\/\/api.w.org\/{rel}","templated":true}]}}