
{"id":1101,"date":"2024-09-09T14:42:45","date_gmt":"2024-09-09T14:42:45","guid":{"rendered":"https:\/\/www.medicina.ufmg.br\/cpgcirurgiaoft\/?page_id=1101"},"modified":"2025-01-17T11:48:12","modified_gmt":"2025-01-17T11:48:12","slug":"processo-seletivo-2025","status":"publish","type":"page","link":"https:\/\/www.medicina.ufmg.br\/cpgcirurgiaoft\/processo-seletivo-2025\/","title":{"rendered":"Processo Seletivo 2025"},"content":{"rendered":"\t\t<div data-elementor-type=\"wp-page\" data-elementor-id=\"1101\" class=\"elementor elementor-1101\">\n\t\t\t\t\t\t<section class=\"elementor-section elementor-top-section elementor-element elementor-element-c90966e elementor-section-boxed elementor-section-height-default elementor-section-height-default\" data-id=\"c90966e\" data-element_type=\"section\">\n\t\t\t\t\t\t<div class=\"elementor-container elementor-column-gap-default\">\n\t\t\t\t\t<div class=\"elementor-column elementor-col-100 elementor-top-column elementor-element elementor-element-a8828f6\" data-id=\"a8828f6\" data-element_type=\"column\">\n\t\t\t<div class=\"elementor-widget-wrap elementor-element-populated\">\n\t\t\t\t\t\t<div class=\"elementor-element elementor-element-1508114 elementor-widget elementor-widget-toggle\" data-id=\"1508114\" data-element_type=\"widget\" data-widget_type=\"toggle.default\">\n\t\t\t\t<div class=\"elementor-widget-container\">\n\t\t\t\t\t\t\t<div class=\"elementor-toggle\">\n\t\t\t\t\t\t\t<div class=\"elementor-toggle-item\">\n\t\t\t\t\t<div id=\"elementor-tab-title-2201\" class=\"elementor-tab-title\" data-tab=\"1\" role=\"button\" aria-controls=\"elementor-tab-content-2201\" aria-expanded=\"false\">\n\t\t\t\t\t\t\t\t\t\t\t\t<span class=\"elementor-toggle-icon elementor-toggle-icon-left\" aria-hidden=\"true\">\n\t\t\t\t\t\t\t\t\t\t\t\t\t\t\t<span class=\"elementor-toggle-icon-closed\"><i class=\"fas fa-caret-right\"><\/i><\/span>\n\t\t\t\t\t\t\t\t<span class=\"elementor-toggle-icon-opened\"><i class=\"elementor-toggle-icon-opened fas fa-caret-up\"><\/i><\/span>\n\t\t\t\t\t\t\t\t\t\t\t\t\t<\/span>\n\t\t\t\t\t\t\t\t\t\t\t\t<a class=\"elementor-toggle-title\" tabindex=\"0\">Sele\u00e7\u00e3o Regular<\/a>\n\t\t\t\t\t<\/div>\n\n\t\t\t\t\t<div id=\"elementor-tab-content-2201\" class=\"elementor-tab-content elementor-clearfix\" data-tab=\"1\" role=\"region\" aria-labelledby=\"elementor-tab-title-2201\"><ol><li style=\"font-weight: 400;\"><a href=\"http:\/\/www.medicina.ufmg.br\/cpgcirurgiaoft\/wp-content\/uploads\/sites\/47\/2024\/09\/1.-Edital-Regular-Cirugia-e-a-Oftalmologia-MD.-2025.pdf\">Edital Regular<\/a><\/li><li style=\"font-weight: 400;\"><a href=\"http:\/\/www.medicina.ufmg.br\/cpgcirurgiaoft\/wp-content\/uploads\/sites\/47\/2024\/09\/2.-Extrato-Edital-Regular-2025.pdf\">Extrato Edital Regular<\/a><\/li><li style=\"font-weight: 400;\"><a href=\"https:\/\/ftp.medicina.ufmg.br\/cpg\/programas\/cirurgiaoft\/2025\/3.%20FORMUL%c1RIO%20DE%20INSCRI%c7%c3O%20REGULAR-2025-1.xls\">Formul\u00e1rio de Inscri\u00e7\u00e3o Regular<\/a><\/li><li style=\"font-weight: 400;\"><a href=\"http:\/\/www.medicina.ufmg.br\/cpgcirurgiaoft\/wp-content\/uploads\/sites\/47\/2024\/09\/4.-AUTODECLARACAO-ETNICO-RACIAL.pdf\">Formul\u00e1rio de Autodeclara\u00e7\u00e3o<\/a><\/li><li><a href=\"http:\/\/www.medicina.ufmg.br\/cpgcirurgiaoft\/wp-content\/uploads\/sites\/47\/2024\/11\/doutorado.pdf\">Doutorado &#8211; Resultado da an\u00e1lise da documenta\u00e7\u00e3o apresentada<\/a><\/li><li><a href=\"http:\/\/www.medicina.ufmg.br\/cpgcirurgiaoft\/wp-content\/uploads\/sites\/47\/2024\/11\/Mestrado-Resultado-da-analise-da-documentacao-apresentada.docx_.pdf\">Mestrado &#8211; Resultado da an\u00e1lise da documenta\u00e7\u00e3o apresentada<\/a><\/li><li><a href=\"http:\/\/www.medicina.ufmg.br\/cpgcirurgiaoft\/wp-content\/uploads\/sites\/47\/2024\/12\/MESTRADO-Projetos-e-Curriculos.pdf\">MESTRADO &#8211; Resultados (Projetos e Curr\u00edculos)<\/a><\/li><li><a href=\"http:\/\/www.medicina.ufmg.br\/cpgcirurgiaoft\/wp-content\/uploads\/sites\/47\/2024\/12\/DOUTORADO-Projetos-e-Curriculos.pdf\">DOUTORADO &#8211; Resultados (Projetos e Curr\u00edculos)<\/a><\/li><li><a href=\"http:\/\/www.medicina.ufmg.br\/cpgcirurgiaoft\/wp-content\/uploads\/sites\/47\/2024\/12\/Doutorado-Declaracao-banca-examinadora.pdf\">Doutorado &#8211; Declara\u00e7\u00e3o banca examinadora<\/a><\/li><li><a href=\"http:\/\/www.medicina.ufmg.br\/cpgcirurgiaoft\/wp-content\/uploads\/sites\/47\/2024\/12\/Mestrado-Declaracao-banca-examinadora.pdf\">Mestrado &#8211; Declara\u00e7\u00e3o banca examinadora<\/a><\/li><li><a href=\"http:\/\/www.medicina.ufmg.br\/cpgcirurgiaoft\/wp-content\/uploads\/sites\/47\/2024\/12\/Doutorado-Horarios-de-Arguicao-1-1.pdf\">Doutorado &#8211; Hor\u00e1rios de Argui\u00e7\u00e3o<\/a><\/li><li><a href=\"http:\/\/www.medicina.ufmg.br\/cpgcirurgiaoft\/wp-content\/uploads\/sites\/47\/2024\/12\/Mestrado-Horarios-de-Arguicao-1-1.pdf\">Mestrado &#8211; Hor\u00e1rios de Argui\u00e7\u00e3o<\/a><\/li><li><a href=\"http:\/\/www.medicina.ufmg.br\/cpgcirurgiaoft\/wp-content\/uploads\/sites\/47\/2024\/12\/Doutorado-Resultado-Final.pdf\">Doutorado &#8211; Resultado Final<\/a><\/li><li><a href=\"http:\/\/www.medicina.ufmg.br\/cpgcirurgiaoft\/wp-content\/uploads\/sites\/47\/2024\/12\/Mestrado-Resultado-Final.pdf\">Mestrado &#8211; Resultado Final<\/a><\/li><\/ol><\/div>\n\t\t\t\t<\/div>\n\t\t\t\t\t\t\t<div class=\"elementor-toggle-item\">\n\t\t\t\t\t<div id=\"elementor-tab-title-2202\" class=\"elementor-tab-title\" data-tab=\"2\" role=\"button\" aria-controls=\"elementor-tab-content-2202\" aria-expanded=\"false\">\n\t\t\t\t\t\t\t\t\t\t\t\t<span class=\"elementor-toggle-icon elementor-toggle-icon-left\" aria-hidden=\"true\">\n\t\t\t\t\t\t\t\t\t\t\t\t\t\t\t<span class=\"elementor-toggle-icon-closed\"><i class=\"fas fa-caret-right\"><\/i><\/span>\n\t\t\t\t\t\t\t\t<span class=\"elementor-toggle-icon-opened\"><i class=\"elementor-toggle-icon-opened fas fa-caret-up\"><\/i><\/span>\n\t\t\t\t\t\t\t\t\t\t\t\t\t<\/span>\n\t\t\t\t\t\t\t\t\t\t\t\t<a class=\"elementor-toggle-title\" tabindex=\"0\">Sele\u00e7\u00e3o Suplementar (Pessoas com defici\u00eancias e Ind\u00edgenas)<\/a>\n\t\t\t\t\t<\/div>\n\n\t\t\t\t\t<div id=\"elementor-tab-content-2202\" class=\"elementor-tab-content elementor-clearfix\" data-tab=\"2\" role=\"region\" aria-labelledby=\"elementor-tab-title-2202\"><ol><li style=\"font-weight: 400;\"><a href=\"http:\/\/www.medicina.ufmg.br\/cpgcirurgiaoft\/wp-content\/uploads\/sites\/47\/2024\/09\/1.-Edital-Suplementar-Cirurgia-e-a-Oftalmologia-MD.2025.pdf\">Edital Suplementar<\/a><\/li><li style=\"font-weight: 400;\"><a href=\"http:\/\/www.medicina.ufmg.br\/cpgcirurgiaoft\/wp-content\/uploads\/sites\/47\/2024\/09\/2.-Extrato-Edital-Suplementar-2025.pdf\">Extrato Edital Suplementar<\/a><\/li><li style=\"font-weight: 400;\"><a href=\"https:\/\/ftp.medicina.ufmg.br\/cpg\/programas\/cirurgiaoft\/2025\/3.%20FORMUL%c1RIO%20DE%20INSCRI%c7%c3O%20(SUPLEMENTAR).xls\">Formul\u00e1rio de Inscri\u00e7\u00e3o Suplementar<\/a><\/li><li><a href=\"https:\/\/ftp.medicina.ufmg.br\/cpg\/programas\/cirurgiaoft\/2025\/4.%20FORMUL%c1RIO%20DE%20AUTODECLARA%c7%c3O%20DE%20PESSOA%20COM%20DEFICI%caNCIA.docx\">Autodeclara\u00e7\u00e3o de Pessoa com Defici\u00eancia<\/a><\/li><li style=\"font-weight: 400;\"><a href=\"https:\/\/ftp.medicina.ufmg.br\/cpg\/programas\/cirurgiaoft\/2025\/5.%20MODELO%20DE%20RELAT%d3RIO%20DO%20M%c9DICO%20ASSISTENTE.docx\">Modelo de Relat\u00f3rio do M\u00e9dico Assistente<\/a><\/li><li style=\"font-weight: 400;\"><a href=\"http:\/\/www.medicina.ufmg.br\/cpgcirurgiaoft\/wp-content\/uploads\/sites\/47\/2024\/09\/6.-FORMULARIO-DE-SOLICITACAO-DE-CONDICOES-ESPECIAIS-PARA-A-REALIZACAO-DA-PROVA.pdf\">Formul\u00e1rio de Solicita\u00e7\u00e3o de Condi\u00e7\u00f5es Especiais para a Realiza\u00e7\u00e3o da Prova<\/a><\/li><li style=\"font-weight: 400;\"><a href=\"http:\/\/www.medicina.ufmg.br\/cpgcirurgiaoft\/wp-content\/uploads\/sites\/47\/2024\/09\/7.-DECLARACAO-DE-AUTORECONHECIMENTO-INDIGENA.pdf\">Declara\u00e7\u00e3o de Autorreconhecimento Ind\u00edgena<\/a><\/li><li style=\"font-weight: 400;\"><a href=\"http:\/\/www.medicina.ufmg.br\/cpgcirurgiaoft\/wp-content\/uploads\/sites\/47\/2024\/09\/8.-DECLARACAO-DE-LIDERANCA-INDIGENA.pdf\">Declara\u00e7\u00e3o de Lideran\u00e7as Ind\u00edgenas<\/a><\/li><li style=\"font-weight: 400;\"><a href=\"http:\/\/www.medicina.ufmg.br\/cpgcirurgiaoft\/wp-content\/uploads\/sites\/47\/2024\/09\/9.-DECLARACAO-DE-RESIDENCIA-INDIGENA.pdf\">Declara\u00e7\u00e3o de Resid\u00eancia em Territ\u00f3rio Ind\u00edgenas<\/a><\/li><\/ol><\/div>\n\t\t\t\t<\/div>\n\t\t\t\t\t\t\t<div class=\"elementor-toggle-item\">\n\t\t\t\t\t<div id=\"elementor-tab-title-2203\" class=\"elementor-tab-title\" data-tab=\"3\" role=\"button\" aria-controls=\"elementor-tab-content-2203\" aria-expanded=\"false\">\n\t\t\t\t\t\t\t\t\t\t\t\t<span class=\"elementor-toggle-icon elementor-toggle-icon-left\" aria-hidden=\"true\">\n\t\t\t\t\t\t\t\t\t\t\t\t\t\t\t<span class=\"elementor-toggle-icon-closed\"><i class=\"fas fa-caret-right\"><\/i><\/span>\n\t\t\t\t\t\t\t\t<span class=\"elementor-toggle-icon-opened\"><i class=\"elementor-toggle-icon-opened fas fa-caret-up\"><\/i><\/span>\n\t\t\t\t\t\t\t\t\t\t\t\t\t<\/span>\n\t\t\t\t\t\t\t\t\t\t\t\t<a class=\"elementor-toggle-title\" tabindex=\"0\">Sele\u00e7\u00e3o Interna (Doutorado Sandu\u00edche)<\/a>\n\t\t\t\t\t<\/div>\n\n\t\t\t\t\t<div id=\"elementor-tab-content-2203\" class=\"elementor-tab-content elementor-clearfix\" data-tab=\"3\" role=\"region\" aria-labelledby=\"elementor-tab-title-2203\"><p><a href=\"http:\/\/www.medicina.ufmg.br\/cpgcirurgiaoft\/wp-content\/uploads\/sites\/47\/2025\/01\/1.-Edital-02-2024_-Selecao-interna-PDSE-Cirurgia-e-Oftalmologia_.pdf\">1. Edital &#8211; 02-2024 &#8211; Sele\u00e7\u00e3o interna PDSE-Cirurgia e Oftalmologia<\/a><\/p><\/div>\n\t\t\t\t<\/div>\n\t\t\t\t\t\t\t<div class=\"elementor-toggle-item\">\n\t\t\t\t\t<div id=\"elementor-tab-title-2204\" class=\"elementor-tab-title\" data-tab=\"4\" role=\"button\" aria-controls=\"elementor-tab-content-2204\" aria-expanded=\"false\">\n\t\t\t\t\t\t\t\t\t\t\t\t<span class=\"elementor-toggle-icon elementor-toggle-icon-left\" aria-hidden=\"true\">\n\t\t\t\t\t\t\t\t\t\t\t\t\t\t\t<span class=\"elementor-toggle-icon-closed\"><i class=\"fas fa-caret-right\"><\/i><\/span>\n\t\t\t\t\t\t\t\t<span class=\"elementor-toggle-icon-opened\"><i class=\"elementor-toggle-icon-opened fas fa-caret-up\"><\/i><\/span>\n\t\t\t\t\t\t\t\t\t\t\t\t\t<\/span>\n\t\t\t\t\t\t\t\t\t\t\t\t<a class=\"elementor-toggle-title\" tabindex=\"0\">Resultados<\/a>\n\t\t\t\t\t<\/div>\n\n\t\t\t\t\t<div id=\"elementor-tab-content-2204\" class=\"elementor-tab-content elementor-clearfix\" data-tab=\"4\" role=\"region\" aria-labelledby=\"elementor-tab-title-2204\"><div><a href=\"http:\/\/www.medicina.ufmg.br\/cpgcirurgiaoft\/wp-content\/uploads\/sites\/47\/2025\/01\/Resultado-Preliminar-Doutorado-Sanduiche.pdf\">Resultado Preliminar &#8211; Edital n\u00ba6\/2024 PDSE DA CAPES<\/a><\/div><div><a href=\"http:\/\/www.medicina.ufmg.br\/cpgcirurgiaoft\/wp-content\/uploads\/sites\/47\/2025\/01\/Resultado-Final-Doutorado-Sanduiche.pdf\">Resultado Final Doutorado Sandu\u00edche<\/a><\/div><\/div>\n\t\t\t\t<\/div>\n\t\t\t\t\t\t\t\t<\/div>\n\t\t\t\t\t\t<\/div>\n\t\t\t\t<\/div>\n\t\t\t\t\t<\/div>\n\t\t<\/div>\n\t\t\t\t\t<\/div>\n\t\t<\/section>\n\t\t\t\t<\/div>\n\t\t","protected":false},"excerpt":{"rendered":"<p>Sele\u00e7\u00e3o Regular Edital Regular Extrato Edital Regular Formul\u00e1rio de Inscri\u00e7\u00e3o Regular Formul\u00e1rio de Autodeclara\u00e7\u00e3o Doutorado &#8211; Resultado da an\u00e1lise da documenta\u00e7\u00e3o apresentada Mestrado &#8211; Resultado da an\u00e1lise da documenta\u00e7\u00e3o apresentada MESTRADO &#8211; Resultados (Projetos e Curr\u00edculos) DOUTORADO &#8211; Resultados (Projetos e Curr\u00edculos) Doutorado &#8211; Declara\u00e7\u00e3o banca examinadora Mestrado &#8211; Declara\u00e7\u00e3o banca examinadora Doutorado &#8211; Hor\u00e1rios [&hellip;]<\/p>\n","protected":false},"author":105,"featured_media":0,"parent":0,"menu_order":0,"comment_status":"closed","ping_status":"closed","template":"","meta":{"footnotes":""},"class_list":["post-1101","page","type-page","status-publish","hentry"],"_links":{"self":[{"href":"https:\/\/www.medicina.ufmg.br\/cpgcirurgiaoft\/wp-json\/wp\/v2\/pages\/1101","targetHints":{"allow":["GET"]}}],"collection":[{"href":"https:\/\/www.medicina.ufmg.br\/cpgcirurgiaoft\/wp-json\/wp\/v2\/pages"}],"about":[{"href":"https:\/\/www.medicina.ufmg.br\/cpgcirurgiaoft\/wp-json\/wp\/v2\/types\/page"}],"author":[{"embeddable":true,"href":"https:\/\/www.medicina.ufmg.br\/cpgcirurgiaoft\/wp-json\/wp\/v2\/users\/105"}],"replies":[{"embeddable":true,"href":"https:\/\/www.medicina.ufmg.br\/cpgcirurgiaoft\/wp-json\/wp\/v2\/comments?post=1101"}],"version-history":[{"count":62,"href":"https:\/\/www.medicina.ufmg.br\/cpgcirurgiaoft\/wp-json\/wp\/v2\/pages\/1101\/revisions"}],"predecessor-version":[{"id":1447,"href":"https:\/\/www.medicina.ufmg.br\/cpgcirurgiaoft\/wp-json\/wp\/v2\/pages\/1101\/revisions\/1447"}],"wp:attachment":[{"href":"https:\/\/www.medicina.ufmg.br\/cpgcirurgiaoft\/wp-json\/wp\/v2\/media?parent=1101"}],"curies":[{"name":"wp","href":"https:\/\/api.w.org\/{rel}","templated":true}]}}