
{"id":382,"date":"2018-09-13T17:40:55","date_gmt":"2018-09-13T17:40:55","guid":{"rendered":"https:\/\/www.medicina.ufmg.br\/cpgcirurgiaoft\/?page_id=382"},"modified":"2018-09-13T17:40:55","modified_gmt":"2018-09-13T17:40:55","slug":"processo-seletivo-2017","status":"publish","type":"page","link":"https:\/\/www.medicina.ufmg.br\/cpgcirurgiaoft\/processo-seletivo-2017\/","title":{"rendered":"Processo Seletivo 2017"},"content":{"rendered":"<h3><\/h3>\n<p><a href=\"https:\/\/www.medicina.ufmg.br\/cpgcirurgiaoft\/wp-content\/uploads\/sites\/47\/2016\/03\/RESULTADO-FINAL-1-D-2016-DOUTORADO.pdf\">Resultado Final &#8211; Doutorado<\/a><\/p>\n<p><a href=\"https:\/\/www.medicina.ufmg.br\/cpgcirurgiaoft\/wp-content\/uploads\/sites\/47\/2016\/03\/RESULTADO-FINAL-1-D-2016-MESTRADO-CORRETO.pdf\">Resultado Final &#8211; Mestrado<\/a><\/p>\n<p><a href=\"https:\/\/www.medicina.ufmg.br\/cpgcirurgiaoft\/wp-content\/uploads\/sites\/47\/2016\/03\/cronograma05122016.pdf\">Cronograma de Argui\u00e7\u00e3o para o Processo Seletivo 2017 \u00a0( retificado) &#8211; Mestrado e Doutorado<\/a><\/p>\n<p><a href=\"https:\/\/www.medicina.ufmg.br\/cpgcirurgiaoft\/wp-content\/uploads\/sites\/47\/2016\/03\/2016.10.13_CA_Cirurgia_Oftalmologia_MD_final.pdf\" target=\"_blank\" rel=\"noopener noreferrer\">Edital de \u00a0Sele\u00e7\u00e3o para o Mestrado e Doutorado para o ano 2017<\/a><\/p>\n<p><a href=\"https:\/\/www.medicina.ufmg.br\/cpgcirurgiaoft\/wp-content\/uploads\/sites\/47\/2016\/03\/2016.10.13_CA_Cirurgia_Oftalmologia_MD_final.pdf\" target=\"_blank\" rel=\"noopener noreferrer\"><br \/>\n<\/a><a href=\"http:\/\/ftp.medicina.ufmg.br\/cpg\/programas\/cirurgiaoft\/2016\/formulariodeinscricao2016-14-10-2016.xlsx\" target=\"_blank\" rel=\"noopener noreferrer\">Formul\u00e1rio de inscri\u00e7\u00e3o processo seletivo 2017<\/a><\/p>\n<p><a href=\"http:\/\/www.letras.ufmg.br\/CMS\/index.asp?pasta=cenexx&amp;path=20101229104337.asp&amp;title=Exames%20de%20Profici%C3%AAncia&amp;id=51\" target=\"_blank\" rel=\"noopener noreferrer\">Acesse aqui o calend\u00e1rio de provas de proefic\u00eancia do CENEX-FALE para o ano corrente.<\/a><\/p>\n<div class=\"box_avisos\">\n<p>&nbsp;<\/p>\n<\/div>\n","protected":false},"excerpt":{"rendered":"<p>Resultado Final &#8211; Doutorado Resultado Final &#8211; Mestrado Cronograma de Argui\u00e7\u00e3o para o Processo Seletivo 2017 \u00a0( retificado) &#8211; Mestrado e Doutorado Edital de \u00a0Sele\u00e7\u00e3o para o Mestrado e Doutorado para o ano 2017 Formul\u00e1rio de inscri\u00e7\u00e3o processo seletivo 2017 Acesse aqui o calend\u00e1rio de provas de proefic\u00eancia do CENEX-FALE para o ano corrente. &nbsp;<\/p>\n","protected":false},"author":17,"featured_media":0,"parent":0,"menu_order":0,"comment_status":"closed","ping_status":"closed","template":"","meta":{"footnotes":""},"class_list":["post-382","page","type-page","status-publish","hentry"],"_links":{"self":[{"href":"https:\/\/www.medicina.ufmg.br\/cpgcirurgiaoft\/wp-json\/wp\/v2\/pages\/382","targetHints":{"allow":["GET"]}}],"collection":[{"href":"https:\/\/www.medicina.ufmg.br\/cpgcirurgiaoft\/wp-json\/wp\/v2\/pages"}],"about":[{"href":"https:\/\/www.medicina.ufmg.br\/cpgcirurgiaoft\/wp-json\/wp\/v2\/types\/page"}],"author":[{"embeddable":true,"href":"https:\/\/www.medicina.ufmg.br\/cpgcirurgiaoft\/wp-json\/wp\/v2\/users\/17"}],"replies":[{"embeddable":true,"href":"https:\/\/www.medicina.ufmg.br\/cpgcirurgiaoft\/wp-json\/wp\/v2\/comments?post=382"}],"version-history":[{"count":1,"href":"https:\/\/www.medicina.ufmg.br\/cpgcirurgiaoft\/wp-json\/wp\/v2\/pages\/382\/revisions"}],"predecessor-version":[{"id":384,"href":"https:\/\/www.medicina.ufmg.br\/cpgcirurgiaoft\/wp-json\/wp\/v2\/pages\/382\/revisions\/384"}],"wp:attachment":[{"href":"https:\/\/www.medicina.ufmg.br\/cpgcirurgiaoft\/wp-json\/wp\/v2\/media?parent=382"}],"curies":[{"name":"wp","href":"https:\/\/api.w.org\/{rel}","templated":true}]}}