
{"id":635,"date":"2021-01-14T21:58:15","date_gmt":"2021-01-14T21:58:15","guid":{"rendered":"https:\/\/www.medicina.ufmg.br\/cpgcirurgiaoft\/?page_id=635"},"modified":"2022-01-04T15:52:40","modified_gmt":"2022-01-04T15:52:40","slug":"processo-seletivo-2021-1","status":"publish","type":"page","link":"https:\/\/www.medicina.ufmg.br\/cpgcirurgiaoft\/processo-seletivo-2021-1\/","title":{"rendered":"Processo Seletivo 2021\/1"},"content":{"rendered":"\t\t<div data-elementor-type=\"wp-page\" data-elementor-id=\"635\" class=\"elementor elementor-635\">\n\t\t\t\t\t\t<section class=\"elementor-section elementor-top-section elementor-element elementor-element-5bae597 elementor-section-boxed elementor-section-height-default elementor-section-height-default\" data-id=\"5bae597\" data-element_type=\"section\">\n\t\t\t\t\t\t<div class=\"elementor-container elementor-column-gap-default\">\n\t\t\t\t\t<div class=\"elementor-column elementor-col-100 elementor-top-column elementor-element elementor-element-8400c9a\" data-id=\"8400c9a\" data-element_type=\"column\">\n\t\t\t<div class=\"elementor-widget-wrap elementor-element-populated\">\n\t\t\t\t\t\t<div class=\"elementor-element elementor-element-7562e35 elementor-widget elementor-widget-toggle\" data-id=\"7562e35\" data-element_type=\"widget\" data-widget_type=\"toggle.default\">\n\t\t\t\t<div class=\"elementor-widget-container\">\n\t\t\t\t\t\t\t<div class=\"elementor-toggle\">\n\t\t\t\t\t\t\t<div class=\"elementor-toggle-item\">\n\t\t\t\t\t<div id=\"elementor-tab-title-1231\" class=\"elementor-tab-title\" data-tab=\"1\" role=\"button\" aria-controls=\"elementor-tab-content-1231\" aria-expanded=\"false\">\n\t\t\t\t\t\t\t\t\t\t\t\t<span class=\"elementor-toggle-icon elementor-toggle-icon-left\" aria-hidden=\"true\">\n\t\t\t\t\t\t\t\t\t\t\t\t\t\t\t<span class=\"elementor-toggle-icon-closed\"><i class=\"fas fa-caret-right\"><\/i><\/span>\n\t\t\t\t\t\t\t\t<span class=\"elementor-toggle-icon-opened\"><i class=\"elementor-toggle-icon-opened fas fa-caret-up\"><\/i><\/span>\n\t\t\t\t\t\t\t\t\t\t\t\t\t<\/span>\n\t\t\t\t\t\t\t\t\t\t\t\t<a class=\"elementor-toggle-title\" tabindex=\"0\">Sele\u00e7\u00e3o Regular<\/a>\n\t\t\t\t\t<\/div>\n\n\t\t\t\t\t<div id=\"elementor-tab-content-1231\" class=\"elementor-tab-content elementor-clearfix\" data-tab=\"1\" role=\"region\" aria-labelledby=\"elementor-tab-title-1231\"><p><\/p>\n<p><a href=\"https:\/\/www.medicina.ufmg.br\/cpgcirurgiaoft\/wp-content\/uploads\/sites\/47\/2021\/01\/1-EDITAL-REGULAR-MESTRADO-E-DOUTORADO-2021-14-01-2021.pdf\" target=\"_blank\" rel=\"noreferrer noopener\">1 &#8211; EDITAL<\/a><br \/><a href=\"https:\/\/www.medicina.ufmg.br\/cpgcirurgiaoft\/wp-content\/uploads\/sites\/47\/2021\/01\/2-Autodeclara%C3%A7%C3%A3o-%C3%89tnico-Racial-14-01-2021.pdf\" target=\"_blank\" rel=\"noreferrer noopener\">2 &#8211; FORMUL\u00c1RIO DE AUTODECLARA\u00c7\u00c3O \u00c9TNICO-RACIAL<\/a> <br \/><a href=\"https:\/\/www.medicina.ufmg.br\/cpgcirurgiaoft\/wp-content\/uploads\/sites\/47\/2021\/02\/Resultado-da-an\u00e1lise-da-documenta\u00e7\u00e3o-apresentada-Mestrado-CIR.pdf\">3 &#8211; RESULTADO DA AN\u00c1LISE DA DOCUMENTA\u00c7\u00c3O \u2013 MESTRADO <br \/><\/a><a href=\"https:\/\/www.medicina.ufmg.br\/cpgcirurgiaoft\/wp-content\/uploads\/sites\/47\/2021\/02\/Resultado-da-an\u00e1lise-da-documenta\u00e7\u00e3o-apresentada-Doutorado-CIR.pdf\">4 &#8211; RESULTADO DA AN\u00c1LISE DA DOCUMENTA\u00c7\u00c3O \u2013 DOUTORADO <\/a><br \/><a href=\"https:\/\/www.medicina.ufmg.br\/cpgcirurgiaoft\/wp-content\/uploads\/sites\/47\/2021\/02\/DECLARA\u00c7\u00c3O-DE-INEXIST\u00caNCIA-DE-IMPEDIMENTO-OU-SUSPEI\u00c7\u00c3O-MESTRADO.pdf\">5 &#8211; DECLARA\u00c7\u00c3O DE INEXIST\u00caNCIA DE IMPEDIMENTO OU SUSPEI\u00c7\u00c3O-MESTRADO<br \/><\/a><a href=\"https:\/\/www.medicina.ufmg.br\/cpgcirurgiaoft\/wp-content\/uploads\/sites\/47\/2021\/02\/DECLARA\u00c7\u00c3O-DE-INEXIST\u00caNCIA-DE-IMPEDIMENTO-OU-SUSPEI\u00c7\u00c3O-DOUTORADO.pdf\">6 &#8211; DECLARA\u00c7\u00c3O DE INEXIST\u00caNCIA DE IMPEDIMENTO OU SUSPEI\u00c7\u00c3O-DOUTORADO<br \/><\/a><a href=\"https:\/\/www.medicina.ufmg.br\/cpgcirurgiaoft\/wp-content\/uploads\/sites\/47\/2021\/02\/COMUNICADO-BANCA-EXAMINADORA.pdf\">7 &#8211; COMUNICADO &#8211; BANCA EXAMINADORA<\/a><br \/><a href=\"https:\/\/www.medicina.ufmg.br\/cpgcirurgiaoft\/wp-content\/uploads\/sites\/47\/2021\/02\/Resultado-1\u00ba-etapa-M-23-02-2021.pdf\" target=\"_blank\" rel=\"noreferrer noopener\" aria-label=\" (abre numa nova aba)\">8 &#8211; RESULTADO 1\u00ba ETAPA &#8211; MESTRADO<\/a><br \/><a href=\"https:\/\/www.medicina.ufmg.br\/cpgcirurgiaoft\/wp-content\/uploads\/sites\/47\/2021\/02\/Resultado-1\u00ba-etapa-D-23-02-2021.pdf\" target=\"_blank\" rel=\"noreferrer noopener\" aria-label=\" (abre numa nova aba)\">9 &#8211; RESULTADO 1\u00ba ETAPA &#8211; DOUTORADO<\/a><br \/><a href=\"https:\/\/www.medicina.ufmg.br\/cpgcirurgiaoft\/wp-content\/uploads\/sites\/47\/2021\/02\/Resultado-2\u00ba-etapa-M-23-02-2021.pdf\" target=\"_blank\" rel=\"noreferrer noopener\" aria-label=\" (abre numa nova aba)\">10 &#8211; RESULTADO 2\u00ba ETAPA &#8211; MESTRADO<\/a><br \/><a href=\"https:\/\/www.medicina.ufmg.br\/cpgcirurgiaoft\/wp-content\/uploads\/sites\/47\/2021\/02\/Resultado-2\u00ba-etapa-D-23-02-2021.pdf\" target=\"_blank\" rel=\"noreferrer noopener\" aria-label=\" (abre numa nova aba)\">11 &#8211; RESULTADO 2\u00ba ETAPA &#8211; DOUTORADO<\/a><br \/><a href=\"https:\/\/www.medicina.ufmg.br\/cpgcirurgiaoft\/wp-content\/uploads\/sites\/47\/2021\/02\/Escala-de-argui\u00e7\u00e3o-oral-Mestrado.pdf\">12 &#8211; ESCALA DE ARGUI\u00c7\u00c3O ORAL &#8211; MESTRADO<br \/><\/a><a href=\"https:\/\/www.medicina.ufmg.br\/cpgcirurgiaoft\/wp-content\/uploads\/sites\/47\/2021\/02\/Escala-de-argui\u00e7\u00e3o-oral-Doutorado.pdf\">13 &#8211; ESCALA DE ARGUI\u00c7\u00c3O ORAL &#8211; DOUTORADO <\/a><br \/><a href=\"https:\/\/www.medicina.ufmg.br\/cpgcirurgiaoft\/wp-content\/uploads\/sites\/47\/2021\/03\/14-RESULTADO-FINAL-MESTRADO.pdf\">14 &#8211; RESULTADO FINAL &#8211; MESTRADO<br \/><\/a><a href=\"https:\/\/www.medicina.ufmg.br\/cpgcirurgiaoft\/wp-content\/uploads\/sites\/47\/2021\/03\/15-RESULTADO-FINAL-DOUTORADO.pdf\">15 &#8211; RESULTADO FINAL &#8211; DOUTORADO<\/a><\/p>\n<p><\/p>\n<p><strong>Banca Examinadora Mestrado:<\/strong><br \/>Prof.\u00aa Vivian Resende\u00a0(Presidente)<br \/>Prof. T\u00falio Pinho Navarro\u00a0(Titular)<br \/>Prof. Marco Ant\u00f4nio Percope de Andrade (Titular)<br \/>Prof. Leonardo de Souza Vasconcelos (Titular)<\/p>\n<p><\/p>\n<p><strong>Banca Examinadora Doutorado:<\/strong><br \/>Prof.\u00aa Vivian Resende\u00a0(Presidente)<br \/>Prof. T\u00falio Pinho Navarro\u00a0(Titular)<br \/>Prof. Marco Ant\u00f4nio Percope de Andrade\u00a0(Titular)<br \/>Prof.\u00a0Leonardo de Souza Vasconcelos\u00a0(Titular)<\/p><\/div>\n\t\t\t\t<\/div>\n\t\t\t\t\t\t\t<div class=\"elementor-toggle-item\">\n\t\t\t\t\t<div id=\"elementor-tab-title-1232\" class=\"elementor-tab-title\" data-tab=\"2\" role=\"button\" aria-controls=\"elementor-tab-content-1232\" aria-expanded=\"false\">\n\t\t\t\t\t\t\t\t\t\t\t\t<span class=\"elementor-toggle-icon elementor-toggle-icon-left\" aria-hidden=\"true\">\n\t\t\t\t\t\t\t\t\t\t\t\t\t\t\t<span class=\"elementor-toggle-icon-closed\"><i class=\"fas fa-caret-right\"><\/i><\/span>\n\t\t\t\t\t\t\t\t<span class=\"elementor-toggle-icon-opened\"><i class=\"elementor-toggle-icon-opened fas fa-caret-up\"><\/i><\/span>\n\t\t\t\t\t\t\t\t\t\t\t\t\t<\/span>\n\t\t\t\t\t\t\t\t\t\t\t\t<a class=\"elementor-toggle-title\" tabindex=\"0\">Sele\u00e7\u00e3o Suplementar (Pessoas com defici\u00eancia e ind\u00edgenas)<\/a>\n\t\t\t\t\t<\/div>\n\n\t\t\t\t\t<div id=\"elementor-tab-content-1232\" class=\"elementor-tab-content elementor-clearfix\" data-tab=\"2\" role=\"region\" aria-labelledby=\"elementor-tab-title-1232\"><p><a href=\"https:\/\/www.medicina.ufmg.br\/cpgcirurgiaoft\/wp-content\/uploads\/sites\/47\/2021\/01\/1-EDITAL-SUPLEMENTAR-MESTRADO-E-DOUTORADO-2021-18-01-2021.pdf\" target=\"_blank\" rel=\"noreferrer noopener\" aria-label=\" (abre numa nova aba)\">1 &#8211; EDITAL<\/a><br \/><a href=\"http:\/\/ftp.medicina.ufmg.br\/cpg\/programas\/cirurgiaoft\/2021\/2_-_FORMULaRIO_DE_AUTODECLARAcaO_DE_PESSOA_COM_DEFICIeNCIA_14-01-2021.docx\" target=\"_blank\" rel=\"noreferrer noopener\">2 &#8211; FORMUL\u00c1RIO DE AUTODECLARA\u00c7\u00c3O DE PESSOA COM DEFICI\u00caNCIA<br \/><\/a><a href=\"http:\/\/ftp.medicina.ufmg.br\/cpg\/programas\/cirurgiaoft\/2021\/3_-_MODELO_DE_RELAToRIO_DO_MeDICO_ASSISTENTE_14-01-2021.docx\" target=\"_blank\" rel=\"noreferrer noopener\">3 &#8211; MODELO RELAT\u00d3RIO M\u00c9DICO ASSISTENTE<br \/><\/a><a href=\"https:\/\/www.medicina.ufmg.br\/cpgcirurgiaoft\/wp-content\/uploads\/sites\/47\/2021\/01\/4-FORMUL%C3%81RIO-DE-SOLICITA%C3%87%C3%83O-DE-CONDI%C3%87%C3%95ES-ESPECIAIS-PARA-A-REALIZA%C3%87%C3%83O-DA-PROVA-14-01-2021.pdf\" target=\"_blank\" rel=\"noreferrer noopener\">4 &#8211; FORMUL\u00c1RIO DE SOLICITA\u00c7\u00c3O DE CONDI\u00c7\u00d5ES ESPECIAIS PARA A REALIZA\u00c7\u00c3O DA PROVA<br \/><\/a><a href=\"https:\/\/www.medicina.ufmg.br\/cpgcirurgiaoft\/wp-content\/uploads\/sites\/47\/2021\/01\/5-Declara%C3%A7%C3%A3o-de-Autoreconhecimento-Ind%C3%ADgena-14-01-2021.pdf\" target=\"_blank\" rel=\"noreferrer noopener\">5 &#8211; DECLARA\u00c7\u00c3O DE AUTORRECONHECIMENTO IND\u00cdGENA<br \/><\/a><a href=\"https:\/\/www.medicina.ufmg.br\/cpgcirurgiaoft\/wp-content\/uploads\/sites\/47\/2021\/01\/6-Declara%C3%A7%C3%A3o-de-Lideran%C3%A7a-Ind%C3%ADgena-14-01-2021.pdf\" target=\"_blank\" rel=\"noreferrer noopener\">6 &#8211; DECLARA\u00c7\u00c3O DE LIDERAN\u00c7A IND\u00cdGENA<br \/><\/a><a href=\"https:\/\/www.medicina.ufmg.br\/cpgcirurgiaoft\/wp-content\/uploads\/sites\/47\/2021\/01\/7-Declara%C3%A7%C3%A3o-de-Resid%C3%AAncia-Ind%C3%ADgena-14-01-2021.pdf\" target=\"_blank\" rel=\"noreferrer noopener\">7 &#8211; DECLARA\u00c7\u00c3O DE RESID\u00caNCIA IND\u00cdGENA<\/a><\/p><\/div>\n\t\t\t\t<\/div>\n\t\t\t\t\t\t\t\t<\/div>\n\t\t\t\t\t\t<\/div>\n\t\t\t\t<\/div>\n\t\t\t\t\t<\/div>\n\t\t<\/div>\n\t\t\t\t\t<\/div>\n\t\t<\/section>\n\t\t\t\t<\/div>\n\t\t","protected":false},"excerpt":{"rendered":"<p>Sele\u00e7\u00e3o Regular 1 &#8211; EDITAL2 &#8211; FORMUL\u00c1RIO DE AUTODECLARA\u00c7\u00c3O \u00c9TNICO-RACIAL 3 &#8211; RESULTADO DA AN\u00c1LISE DA DOCUMENTA\u00c7\u00c3O \u2013 MESTRADO 4 &#8211; RESULTADO DA AN\u00c1LISE DA DOCUMENTA\u00c7\u00c3O \u2013 DOUTORADO 5 &#8211; DECLARA\u00c7\u00c3O DE INEXIST\u00caNCIA DE IMPEDIMENTO OU SUSPEI\u00c7\u00c3O-MESTRADO6 &#8211; DECLARA\u00c7\u00c3O DE INEXIST\u00caNCIA DE IMPEDIMENTO OU SUSPEI\u00c7\u00c3O-DOUTORADO7 &#8211; COMUNICADO &#8211; BANCA EXAMINADORA8 &#8211; RESULTADO 1\u00ba ETAPA &#8211; [&hellip;]<\/p>\n","protected":false},"author":33,"featured_media":0,"parent":0,"menu_order":0,"comment_status":"closed","ping_status":"closed","template":"","meta":{"footnotes":""},"class_list":["post-635","page","type-page","status-publish","hentry"],"_links":{"self":[{"href":"https:\/\/www.medicina.ufmg.br\/cpgcirurgiaoft\/wp-json\/wp\/v2\/pages\/635","targetHints":{"allow":["GET"]}}],"collection":[{"href":"https:\/\/www.medicina.ufmg.br\/cpgcirurgiaoft\/wp-json\/wp\/v2\/pages"}],"about":[{"href":"https:\/\/www.medicina.ufmg.br\/cpgcirurgiaoft\/wp-json\/wp\/v2\/types\/page"}],"author":[{"embeddable":true,"href":"https:\/\/www.medicina.ufmg.br\/cpgcirurgiaoft\/wp-json\/wp\/v2\/users\/33"}],"replies":[{"embeddable":true,"href":"https:\/\/www.medicina.ufmg.br\/cpgcirurgiaoft\/wp-json\/wp\/v2\/comments?post=635"}],"version-history":[{"count":15,"href":"https:\/\/www.medicina.ufmg.br\/cpgcirurgiaoft\/wp-json\/wp\/v2\/pages\/635\/revisions"}],"predecessor-version":[{"id":830,"href":"https:\/\/www.medicina.ufmg.br\/cpgcirurgiaoft\/wp-json\/wp\/v2\/pages\/635\/revisions\/830"}],"wp:attachment":[{"href":"https:\/\/www.medicina.ufmg.br\/cpgcirurgiaoft\/wp-json\/wp\/v2\/media?parent=635"}],"curies":[{"name":"wp","href":"https:\/\/api.w.org\/{rel}","templated":true}]}}