
{"id":945,"date":"2022-11-10T14:59:24","date_gmt":"2022-11-10T14:59:24","guid":{"rendered":"https:\/\/www.medicina.ufmg.br\/cpgcirurgiaoft\/?page_id=945"},"modified":"2023-02-08T19:36:53","modified_gmt":"2023-02-08T19:36:53","slug":"processo-seletivo-2023","status":"publish","type":"page","link":"https:\/\/www.medicina.ufmg.br\/cpgcirurgiaoft\/processo-seletivo-2023\/","title":{"rendered":"Processo Seletivo 2023"},"content":{"rendered":"\t\t<div data-elementor-type=\"wp-page\" data-elementor-id=\"945\" class=\"elementor elementor-945\">\n\t\t\t\t\t\t<section class=\"elementor-section elementor-top-section elementor-element elementor-element-08ef62b elementor-section-boxed elementor-section-height-default elementor-section-height-default\" data-id=\"08ef62b\" data-element_type=\"section\">\n\t\t\t\t\t\t<div class=\"elementor-container elementor-column-gap-default\">\n\t\t\t\t\t<div class=\"elementor-column elementor-col-100 elementor-top-column elementor-element elementor-element-2fb063b\" data-id=\"2fb063b\" data-element_type=\"column\">\n\t\t\t<div class=\"elementor-widget-wrap elementor-element-populated\">\n\t\t\t\t\t\t<div class=\"elementor-element elementor-element-00d4fc4 elementor-widget elementor-widget-toggle\" data-id=\"00d4fc4\" data-element_type=\"widget\" data-widget_type=\"toggle.default\">\n\t\t\t\t<div class=\"elementor-widget-container\">\n\t\t\t\t\t\t\t<div class=\"elementor-toggle\">\n\t\t\t\t\t\t\t<div class=\"elementor-toggle-item\">\n\t\t\t\t\t<div id=\"elementor-tab-title-8721\" class=\"elementor-tab-title\" data-tab=\"1\" role=\"button\" aria-controls=\"elementor-tab-content-8721\" aria-expanded=\"false\">\n\t\t\t\t\t\t\t\t\t\t\t\t<span class=\"elementor-toggle-icon elementor-toggle-icon-left\" aria-hidden=\"true\">\n\t\t\t\t\t\t\t\t\t\t\t\t\t\t\t<span class=\"elementor-toggle-icon-closed\"><i class=\"fas fa-caret-right\"><\/i><\/span>\n\t\t\t\t\t\t\t\t<span class=\"elementor-toggle-icon-opened\"><i class=\"elementor-toggle-icon-opened fas fa-caret-up\"><\/i><\/span>\n\t\t\t\t\t\t\t\t\t\t\t\t\t<\/span>\n\t\t\t\t\t\t\t\t\t\t\t\t<a class=\"elementor-toggle-title\" tabindex=\"0\">Sele\u00e7\u00e3o Regular<\/a>\n\t\t\t\t\t<\/div>\n\n\t\t\t\t\t<div id=\"elementor-tab-content-8721\" class=\"elementor-tab-content elementor-clearfix\" data-tab=\"1\" role=\"region\" aria-labelledby=\"elementor-tab-title-8721\"><div class=\"gmail_default\"><p><a href=\"https:\/\/www.medicina.ufmg.br\/cpgcirurgiaoft\/wp-content\/uploads\/sites\/47\/2022\/12\/PPG-CirOft-Edital-Regular-2023_final01dez20223.pdf\">1 &#8211; Edital Regular<\/a><br \/><a href=\"https:\/\/www.medicina.ufmg.br\/cpgcirurgiaoft\/wp-content\/uploads\/sites\/47\/2023\/01\/Homologacao-Doutorado.pdf\">2 &#8211; Inscri\u00e7\u00f5es Homologadas &#8211; Doutorado<\/a><br \/><a href=\"https:\/\/www.medicina.ufmg.br\/cpgcirurgiaoft\/wp-content\/uploads\/sites\/47\/2023\/01\/Homologacao-Mestrado.pdf\">2 &#8211; Inscri\u00e7\u00f5es Homologadas &#8211; Mestrado<\/a><br \/><a href=\"https:\/\/www.medicina.ufmg.br\/cpgcirurgiaoft\/wp-content\/uploads\/sites\/47\/2023\/01\/SEI_UFMG-2005173-Declaracao-Dout.pdf\">3 &#8211; Banca &#8211; Doutorado<\/a><br \/><a href=\"https:\/\/www.medicina.ufmg.br\/cpgcirurgiaoft\/wp-content\/uploads\/sites\/47\/2023\/01\/SEI_UFMG-2005195-Declaracao-Mest.pdf\">3 &#8211; Banca &#8211; Mestrado<\/a><br \/><a href=\"https:\/\/www.medicina.ufmg.br\/cpgcirurgiaoft\/wp-content\/uploads\/sites\/47\/2023\/01\/Notas-1-e-2-Doutorado.pdf\"><span style=\"font-family: verdana, sans-serif;\">4 &#8211; Resultado das 1\u00aa e 2\u00aa etapas &#8211; Doutorado<\/span><\/a><br \/><a href=\"https:\/\/www.medicina.ufmg.br\/cpgcirurgiaoft\/wp-content\/uploads\/sites\/47\/2023\/01\/Notas-1-e-2-Mestrado.pdf\"><span style=\"font-family: verdana, sans-serif;\">4 &#8211; Resultado das 1\u00aa e 2\u00aa etapas &#8211; Mestrado<\/span><\/a><br \/><a href=\"https:\/\/www.medicina.ufmg.br\/cpgcirurgiaoft\/wp-content\/uploads\/sites\/47\/2023\/01\/Escala-de-arguicao-Mestrado-e-Doutorado.pdf\"><span style=\"font-family: verdana, sans-serif;\">5 &#8211; Escala de argui\u00e7\u00e3o &#8211; Mestrado e Doutorado<\/span><\/a><br \/><a href=\"https:\/\/www.medicina.ufmg.br\/cpgcirurgiaoft\/wp-content\/uploads\/sites\/47\/2023\/01\/Resultado-Final-Doutorado-CPG-CIR-OFT.pdf\">6 &#8211; Resultado final &#8211; Doutorado<\/a><br \/><a href=\"https:\/\/www.medicina.ufmg.br\/cpgcirurgiaoft\/wp-content\/uploads\/sites\/47\/2023\/01\/Resultado-Final-Mestrado-CPG-CIR-OFT.pdf\">6 &#8211; Resultado final &#8211; Mestrado<\/a><\/p><div class=\"gmail_default\"><span style=\"font-family: verdana, sans-serif;\">&#8211; N\u00e3o houve recursos. Resultados homologados sem altera\u00e7\u00f5es.<\/span><\/div><div class=\"gmail_default\">\u00a0<\/div><\/div><\/div>\n\t\t\t\t<\/div>\n\t\t\t\t\t\t\t<div class=\"elementor-toggle-item\">\n\t\t\t\t\t<div id=\"elementor-tab-title-8722\" class=\"elementor-tab-title\" data-tab=\"2\" role=\"button\" aria-controls=\"elementor-tab-content-8722\" aria-expanded=\"false\">\n\t\t\t\t\t\t\t\t\t\t\t\t<span class=\"elementor-toggle-icon elementor-toggle-icon-left\" aria-hidden=\"true\">\n\t\t\t\t\t\t\t\t\t\t\t\t\t\t\t<span class=\"elementor-toggle-icon-closed\"><i class=\"fas fa-caret-right\"><\/i><\/span>\n\t\t\t\t\t\t\t\t<span class=\"elementor-toggle-icon-opened\"><i class=\"elementor-toggle-icon-opened fas fa-caret-up\"><\/i><\/span>\n\t\t\t\t\t\t\t\t\t\t\t\t\t<\/span>\n\t\t\t\t\t\t\t\t\t\t\t\t<a class=\"elementor-toggle-title\" tabindex=\"0\">Sele\u00e7\u00e3o Suplementar (Pessoas com defici\u00eancia e Ind\u00edgenas)<\/a>\n\t\t\t\t\t<\/div>\n\n\t\t\t\t\t<div id=\"elementor-tab-content-8722\" class=\"elementor-tab-content elementor-clearfix\" data-tab=\"2\" role=\"region\" aria-labelledby=\"elementor-tab-title-8722\"><p><a href=\"https:\/\/www.medicina.ufmg.br\/cpgcirurgiaoft\/wp-content\/uploads\/sites\/47\/2022\/12\/PPG-CirOft-Edital-Suplementar-2023_final01dez20223.pdf\">1 &#8211; Edital Suplementar<\/a><\/p><p>&#8211; N\u00e3o houve inscri\u00e7\u00f5es.<\/p><\/div>\n\t\t\t\t<\/div>\n\t\t\t\t\t\t\t\t<\/div>\n\t\t\t\t\t\t<\/div>\n\t\t\t\t<\/div>\n\t\t\t\t\t<\/div>\n\t\t<\/div>\n\t\t\t\t\t<\/div>\n\t\t<\/section>\n\t\t\t\t<\/div>\n\t\t","protected":false},"excerpt":{"rendered":"<p>Sele\u00e7\u00e3o Regular 1 &#8211; Edital Regular2 &#8211; Inscri\u00e7\u00f5es Homologadas &#8211; Doutorado2 &#8211; Inscri\u00e7\u00f5es Homologadas &#8211; Mestrado3 &#8211; Banca &#8211; Doutorado3 &#8211; Banca &#8211; Mestrado4 &#8211; Resultado das 1\u00aa e 2\u00aa etapas &#8211; Doutorado4 &#8211; Resultado das 1\u00aa e 2\u00aa etapas &#8211; Mestrado5 &#8211; Escala de argui\u00e7\u00e3o &#8211; Mestrado e Doutorado6 &#8211; Resultado final &#8211; Doutorado6 [&hellip;]<\/p>\n","protected":false},"author":17,"featured_media":0,"parent":0,"menu_order":0,"comment_status":"closed","ping_status":"closed","template":"","meta":{"footnotes":""},"class_list":["post-945","page","type-page","status-publish","hentry"],"_links":{"self":[{"href":"https:\/\/www.medicina.ufmg.br\/cpgcirurgiaoft\/wp-json\/wp\/v2\/pages\/945","targetHints":{"allow":["GET"]}}],"collection":[{"href":"https:\/\/www.medicina.ufmg.br\/cpgcirurgiaoft\/wp-json\/wp\/v2\/pages"}],"about":[{"href":"https:\/\/www.medicina.ufmg.br\/cpgcirurgiaoft\/wp-json\/wp\/v2\/types\/page"}],"author":[{"embeddable":true,"href":"https:\/\/www.medicina.ufmg.br\/cpgcirurgiaoft\/wp-json\/wp\/v2\/users\/17"}],"replies":[{"embeddable":true,"href":"https:\/\/www.medicina.ufmg.br\/cpgcirurgiaoft\/wp-json\/wp\/v2\/comments?post=945"}],"version-history":[{"count":12,"href":"https:\/\/www.medicina.ufmg.br\/cpgcirurgiaoft\/wp-json\/wp\/v2\/pages\/945\/revisions"}],"predecessor-version":[{"id":979,"href":"https:\/\/www.medicina.ufmg.br\/cpgcirurgiaoft\/wp-json\/wp\/v2\/pages\/945\/revisions\/979"}],"wp:attachment":[{"href":"https:\/\/www.medicina.ufmg.br\/cpgcirurgiaoft\/wp-json\/wp\/v2\/media?parent=945"}],"curies":[{"name":"wp","href":"https:\/\/api.w.org\/{rel}","templated":true}]}}