
{"id":997,"date":"2023-11-27T18:53:59","date_gmt":"2023-11-27T18:53:59","guid":{"rendered":"https:\/\/www.medicina.ufmg.br\/cpgcirurgiaoft\/?page_id=997"},"modified":"2024-04-26T12:58:14","modified_gmt":"2024-04-26T12:58:14","slug":"processo-seletivo-2024","status":"publish","type":"page","link":"https:\/\/www.medicina.ufmg.br\/cpgcirurgiaoft\/processo-seletivo-2024\/","title":{"rendered":"Processo Seletivo 2024"},"content":{"rendered":"\t\t<div data-elementor-type=\"wp-page\" data-elementor-id=\"997\" class=\"elementor elementor-997\">\n\t\t\t\t\t\t<section class=\"elementor-section elementor-top-section elementor-element elementor-element-807929e elementor-section-boxed elementor-section-height-default elementor-section-height-default\" data-id=\"807929e\" data-element_type=\"section\">\n\t\t\t\t\t\t<div class=\"elementor-container elementor-column-gap-default\">\n\t\t\t\t\t<div class=\"elementor-column elementor-col-100 elementor-top-column elementor-element elementor-element-2a5dbe0\" data-id=\"2a5dbe0\" data-element_type=\"column\">\n\t\t\t<div class=\"elementor-widget-wrap elementor-element-populated\">\n\t\t\t\t\t\t<div class=\"elementor-element elementor-element-d339490 elementor-widget elementor-widget-toggle\" data-id=\"d339490\" data-element_type=\"widget\" data-widget_type=\"toggle.default\">\n\t\t\t\t<div class=\"elementor-widget-container\">\n\t\t\t\t\t\t\t<div class=\"elementor-toggle\">\n\t\t\t\t\t\t\t<div class=\"elementor-toggle-item\">\n\t\t\t\t\t<div id=\"elementor-tab-title-2211\" class=\"elementor-tab-title\" data-tab=\"1\" role=\"button\" aria-controls=\"elementor-tab-content-2211\" aria-expanded=\"false\">\n\t\t\t\t\t\t\t\t\t\t\t\t<span class=\"elementor-toggle-icon elementor-toggle-icon-left\" aria-hidden=\"true\">\n\t\t\t\t\t\t\t\t\t\t\t\t\t\t\t<span class=\"elementor-toggle-icon-closed\"><i class=\"fas fa-caret-right\"><\/i><\/span>\n\t\t\t\t\t\t\t\t<span class=\"elementor-toggle-icon-opened\"><i class=\"elementor-toggle-icon-opened fas fa-caret-up\"><\/i><\/span>\n\t\t\t\t\t\t\t\t\t\t\t\t\t<\/span>\n\t\t\t\t\t\t\t\t\t\t\t\t<a class=\"elementor-toggle-title\" tabindex=\"0\">Sele\u00e7\u00e3o Regular<\/a>\n\t\t\t\t\t<\/div>\n\n\t\t\t\t\t<div id=\"elementor-tab-content-2211\" class=\"elementor-tab-content elementor-clearfix\" data-tab=\"1\" role=\"region\" aria-labelledby=\"elementor-tab-title-2211\"><p><a href=\"http:\/\/www.medicina.ufmg.br\/cpgcirurgiaoft\/wp-content\/uploads\/sites\/47\/2023\/11\/Edital_Regular_Cirugia-e-a-Oftalmologia_MD_2024.pdf\">1. Edital<\/a><br \/><a href=\"http:\/\/www.medicina.ufmg.br\/cpgcirurgiaoft\/wp-content\/uploads\/sites\/47\/2023\/11\/Extrato_Edital_Regular_Cirur.-e-Oftalmo_MD_2024.pdf\">2. Extrato<\/a><br \/><a href=\"https:\/\/ftp.medicina.ufmg.br\/cpg\/formularios\/2024\/FORMUL%c1RIO%20DE%20INSCRI%c7%c3O%20REGULAR_CPGOFT2024-1.xls\">3. Formul\u00e1rio de Inscri\u00e7\u00e3o<\/a><br \/><a href=\"http:\/\/www.medicina.ufmg.br\/cpgcirurgiaoft\/wp-content\/uploads\/sites\/47\/2023\/11\/FORMULARIO-DE-AUTODECLARACAO-ETNICO-RACIAL.pdf\">4. Formul\u00e1rio de Autodeclara\u00e7\u00e3o \u00c9tnico-Racial<\/a><br \/><a href=\"http:\/\/www.medicina.ufmg.br\/cpgcirurgiaoft\/wp-content\/uploads\/sites\/47\/2023\/12\/Doutorado-Resultado-da-analise-da-documentacao-apresentada.pdf\">5. Doutorado &#8211; Resultado da an\u00e1lise da documenta\u00e7\u00e3o apresentada<\/a> <br \/><a href=\"http:\/\/www.medicina.ufmg.br\/cpgcirurgiaoft\/wp-content\/uploads\/sites\/47\/2023\/12\/Mestrado-Resultado-da-analise-da-documentacao-apresentada.pdf\">5. Mestrado &#8211; Resultado da an\u00e1lise da documenta\u00e7\u00e3o apresentada<\/a><br \/><a href=\"http:\/\/www.medicina.ufmg.br\/cpgcirurgiaoft\/wp-content\/uploads\/sites\/47\/2023\/12\/Doutorado-Banca-Examinadora.pdf\">6. Doutorado &#8211; Banca Examinadora<\/a><br \/><a href=\"http:\/\/www.medicina.ufmg.br\/cpgcirurgiaoft\/wp-content\/uploads\/sites\/47\/2023\/12\/Mestrado-Banca-Examinadora.pdf\">6. Mestrado &#8211; Banca Examinadora<\/a><br \/><a href=\"http:\/\/www.medicina.ufmg.br\/cpgcirurgiaoft\/wp-content\/uploads\/sites\/47\/2024\/01\/Doutorado-Resultados.pdf\">7. Doutorado &#8211; Resultados<\/a><br \/><a href=\"http:\/\/www.medicina.ufmg.br\/cpgcirurgiaoft\/wp-content\/uploads\/sites\/47\/2024\/01\/Mestrado-Resultados.pdf\">7. Mestrado &#8211; Resultados<\/a>\u00a0<br \/><a href=\"http:\/\/www.medicina.ufmg.br\/cpgcirurgiaoft\/wp-content\/uploads\/sites\/47\/2024\/01\/Doutorado-Resultado-Final.pdf\">8 &#8211; Doutorado &#8211; Resultado Final<\/a><br \/><a href=\"http:\/\/www.medicina.ufmg.br\/cpgcirurgiaoft\/wp-content\/uploads\/sites\/47\/2024\/01\/Mestrado-Resultado-Final.pdf\">8 &#8211; Mestrado &#8211; Resultado Final<\/a><\/p><\/div>\n\t\t\t\t<\/div>\n\t\t\t\t\t\t\t<div class=\"elementor-toggle-item\">\n\t\t\t\t\t<div id=\"elementor-tab-title-2212\" class=\"elementor-tab-title\" data-tab=\"2\" role=\"button\" aria-controls=\"elementor-tab-content-2212\" aria-expanded=\"false\">\n\t\t\t\t\t\t\t\t\t\t\t\t<span class=\"elementor-toggle-icon elementor-toggle-icon-left\" aria-hidden=\"true\">\n\t\t\t\t\t\t\t\t\t\t\t\t\t\t\t<span class=\"elementor-toggle-icon-closed\"><i class=\"fas fa-caret-right\"><\/i><\/span>\n\t\t\t\t\t\t\t\t<span class=\"elementor-toggle-icon-opened\"><i class=\"elementor-toggle-icon-opened fas fa-caret-up\"><\/i><\/span>\n\t\t\t\t\t\t\t\t\t\t\t\t\t<\/span>\n\t\t\t\t\t\t\t\t\t\t\t\t<a class=\"elementor-toggle-title\" tabindex=\"0\">Sele\u00e7\u00e3o Suplementar (Pessoas com defici\u00eancia\u00a0e ind\u00edgenas)<\/a>\n\t\t\t\t\t<\/div>\n\n\t\t\t\t\t<div id=\"elementor-tab-content-2212\" class=\"elementor-tab-content elementor-clearfix\" data-tab=\"2\" role=\"region\" aria-labelledby=\"elementor-tab-title-2212\"><p><a href=\"http:\/\/www.medicina.ufmg.br\/cpgcirurgiaoft\/wp-content\/uploads\/sites\/47\/2023\/11\/Edital_Suplementar_Cirurgia-e-a-Oftalmologia_MD_2024.pdf\"><span style=\"font-family: Arial; font-size: medium;\">1. Edital<\/span><\/a><br \/><a href=\"http:\/\/www.medicina.ufmg.br\/cpgcirurgiaoft\/wp-content\/uploads\/sites\/47\/2023\/11\/Extrato_Edital_Suplementar_Cirur.-e-Oftalmo._MD_2024.pdf\"><span style=\"font-family: Arial; font-size: medium;\">2. Extrato<\/span><\/a><br \/><a href=\"https:\/\/ftp.medicina.ufmg.br\/cpg\/formularios\/2024\/FORMUL%c1RIO%20DE%20INSCRI%c7%c3O%20(SUPLEMENTAR)_CPGOFT2024-1.xls\"><span style=\"font-family: Arial; font-size: medium;\">3. Formul\u00e1rio de Inscri\u00e7\u00e3o<\/span><\/a><br \/><a href=\"https:\/\/ftp.medicina.ufmg.br\/cpg\/formularios\/2024\/FORMUL%c1RIO%20DE%20AUTODECLARA%c7%c3O%20DE%20PESSOA%20COM%20DEFICI%caNCIA_CPGOFT2024-1.docx\"><span style=\"font-family: Arial; font-size: medium;\">4.\u00a0Formul\u00e1rio de Autodeclara\u00e7\u00e3o de Pessoa com Defici\u00eancia<\/span><\/a><br \/><a href=\"https:\/\/ftp.medicina.ufmg.br\/cpg\/formularios\/2024\/MODELO%20DE%20RELAT%d3RIO%20DO%20M%c9DICO%20ASSISTENTE_CPGOFT2024-1.docx\"><span style=\"font-family: Arial; font-size: medium;\">5. Modelo Relat\u00f3rio M\u00e9dico Assistente<\/span><\/a><br \/><a href=\"http:\/\/www.medicina.ufmg.br\/cpgcirurgiaoft\/wp-content\/uploads\/sites\/47\/2023\/11\/FORMULARIO-DE-SOLICITACAO-DE-CONDICOES-ESPECIAIS-PARA-A-REALIZACAO-DA-PROVA.pdf\"><span style=\"font-family: Arial; font-size: medium;\">6. Formul\u00e1rio de Solicita\u00e7\u00e3o de Condi\u00e7\u00f5es Especiais para Realiza\u00e7\u00e3o da Prova<\/span><\/a><br \/><a href=\"http:\/\/www.medicina.ufmg.br\/cpgcirurgiaoft\/wp-content\/uploads\/sites\/47\/2023\/11\/DECLARACAO-DE-AUTORECONHECIMENTO-INDIGENA.pdf\"><span style=\"font-family: Arial; font-size: medium;\">7. Declara\u00e7\u00e3o de Autorreconhecimento Ind\u00edgena<\/span><\/a><br \/><a href=\"http:\/\/www.medicina.ufmg.br\/cpgcirurgiaoft\/wp-content\/uploads\/sites\/47\/2023\/11\/DECLARACAO-DE-LIDERANCA-INDIGENA.pdf\"><span style=\"font-family: Arial; font-size: medium;\">8. Declara\u00e7\u00e3o de Lideran\u00e7a Ind\u00edgena<\/span><\/a><br \/><a href=\"http:\/\/www.medicina.ufmg.br\/cpgcirurgiaoft\/wp-content\/uploads\/sites\/47\/2023\/11\/DECLARACAO-DE-RESIDENCIA-INDIGENA.pdf\"><span style=\"font-family: Arial; font-size: medium;\">9. Declara\u00e7\u00e3o de Resid\u00eancia\u00a0Ind\u00edgena<\/span><\/a><br \/><b><br \/>Sele\u00e7\u00e3o Suplementar<\/b>\u00a0(Pessoas com defici\u00eancia\u00a0e ind\u00edgenas)<b>,\u00a0<u>n\u00e3o\u00a0<\/u><\/b><u>houve inscri\u00e7\u00f5es<\/u>.\u00a0<\/p><\/div>\n\t\t\t\t<\/div>\n\t\t\t\t\t\t\t<div class=\"elementor-toggle-item\">\n\t\t\t\t\t<div id=\"elementor-tab-title-2213\" class=\"elementor-tab-title\" data-tab=\"3\" role=\"button\" aria-controls=\"elementor-tab-content-2213\" aria-expanded=\"false\">\n\t\t\t\t\t\t\t\t\t\t\t\t<span class=\"elementor-toggle-icon elementor-toggle-icon-left\" aria-hidden=\"true\">\n\t\t\t\t\t\t\t\t\t\t\t\t\t\t\t<span class=\"elementor-toggle-icon-closed\"><i class=\"fas fa-caret-right\"><\/i><\/span>\n\t\t\t\t\t\t\t\t<span class=\"elementor-toggle-icon-opened\"><i class=\"elementor-toggle-icon-opened fas fa-caret-up\"><\/i><\/span>\n\t\t\t\t\t\t\t\t\t\t\t\t\t<\/span>\n\t\t\t\t\t\t\t\t\t\t\t\t<a class=\"elementor-toggle-title\" tabindex=\"0\">Sele\u00e7\u00e3o Interna (Bolsas e Apoios)<\/a>\n\t\t\t\t\t<\/div>\n\n\t\t\t\t\t<div id=\"elementor-tab-content-2213\" class=\"elementor-tab-content elementor-clearfix\" data-tab=\"3\" role=\"region\" aria-labelledby=\"elementor-tab-title-2213\"><p><a href=\"http:\/\/www.medicina.ufmg.br\/cpgcirurgiaoft\/wp-content\/uploads\/sites\/47\/2024\/04\/Edital-01-2024_-Selecao-interna-PDSE-CAPES-0804-Cirurgia-e-Oftalmologia.pdf\">Edital 01\/2024 &#8211; Sele\u00e7\u00e3o interna PDSE-CAPES &#8211; Cirurgia e Oftalmologia<\/a> <br \/><a href=\"http:\/\/www.medicina.ufmg.br\/cpgcirurgiaoft\/wp-content\/uploads\/sites\/47\/2024\/04\/Edital_para_chamada_PRPG_01_2024-RANQUEAMENTO-INTERNO.pdf\">Edital 01\/2024 &#8211; PRPG &#8211; Ranqueamento Interno<\/a><br \/><a href=\"http:\/\/www.medicina.ufmg.br\/cpgcirurgiaoft\/wp-content\/uploads\/sites\/47\/2024\/04\/Resultado-preliminar-publicar-1.pdf\">Resultado Preliminar<\/a><br \/><a href=\"http:\/\/www.medicina.ufmg.br\/cpgcirurgiaoft\/wp-content\/uploads\/sites\/47\/2024\/04\/RESULTADO-FINAL-DA-CHAMADA-INTERNA-PADO-1.pdf\">Resultado Final da Chamada Interna<\/a><\/p><\/div>\n\t\t\t\t<\/div>\n\t\t\t\t\t\t\t<div class=\"elementor-toggle-item\">\n\t\t\t\t\t<div id=\"elementor-tab-title-2214\" class=\"elementor-tab-title\" data-tab=\"4\" role=\"button\" aria-controls=\"elementor-tab-content-2214\" aria-expanded=\"false\">\n\t\t\t\t\t\t\t\t\t\t\t\t<span class=\"elementor-toggle-icon elementor-toggle-icon-left\" aria-hidden=\"true\">\n\t\t\t\t\t\t\t\t\t\t\t\t\t\t\t<span class=\"elementor-toggle-icon-closed\"><i class=\"fas fa-caret-right\"><\/i><\/span>\n\t\t\t\t\t\t\t\t<span class=\"elementor-toggle-icon-opened\"><i class=\"elementor-toggle-icon-opened fas fa-caret-up\"><\/i><\/span>\n\t\t\t\t\t\t\t\t\t\t\t\t\t<\/span>\n\t\t\t\t\t\t\t\t\t\t\t\t<a class=\"elementor-toggle-title\" tabindex=\"0\">Resultados<\/a>\n\t\t\t\t\t<\/div>\n\n\t\t\t\t\t<div id=\"elementor-tab-content-2214\" class=\"elementor-tab-content elementor-clearfix\" data-tab=\"4\" role=\"region\" aria-labelledby=\"elementor-tab-title-2214\"><p><a href=\"http:\/\/www.medicina.ufmg.br\/cpgcirurgiaoft\/wp-content\/uploads\/sites\/47\/2024\/04\/RESULTADO-PRELIMINAR-DOUTORADO-SANDUICHE.pdf\">Resultado Preliminar &#8211; Edital no 6\/2024 PDSE DA CAPES\u00a0<\/a><br \/><a href=\"http:\/\/www.medicina.ufmg.br\/cpgcirurgiaoft\/wp-content\/uploads\/sites\/47\/2024\/04\/RESULTADO-FINAL-DOUTORADO-SANDUICHE-1.pdf\">Resultado Final Doutorado &#8211; Sanduiche<\/a><\/p><\/div>\n\t\t\t\t<\/div>\n\t\t\t\t\t\t\t\t<\/div>\n\t\t\t\t\t\t<\/div>\n\t\t\t\t<\/div>\n\t\t\t\t\t<\/div>\n\t\t<\/div>\n\t\t\t\t\t<\/div>\n\t\t<\/section>\n\t\t\t\t<\/div>\n\t\t","protected":false},"excerpt":{"rendered":"<p>Sele\u00e7\u00e3o Regular 1. Edital2. Extrato3. Formul\u00e1rio de Inscri\u00e7\u00e3o4. Formul\u00e1rio de Autodeclara\u00e7\u00e3o \u00c9tnico-Racial5. Doutorado &#8211; Resultado da an\u00e1lise da documenta\u00e7\u00e3o apresentada 5. Mestrado &#8211; Resultado da an\u00e1lise da documenta\u00e7\u00e3o apresentada6. Doutorado &#8211; Banca Examinadora6. Mestrado &#8211; Banca Examinadora7. Doutorado &#8211; Resultados7. Mestrado &#8211; Resultados\u00a08 &#8211; Doutorado &#8211; Resultado Final8 &#8211; Mestrado &#8211; Resultado Final Sele\u00e7\u00e3o Suplementar [&hellip;]<\/p>\n","protected":false},"author":27,"featured_media":0,"parent":0,"menu_order":0,"comment_status":"closed","ping_status":"closed","template":"","meta":{"footnotes":""},"class_list":["post-997","page","type-page","status-publish","hentry"],"_links":{"self":[{"href":"https:\/\/www.medicina.ufmg.br\/cpgcirurgiaoft\/wp-json\/wp\/v2\/pages\/997","targetHints":{"allow":["GET"]}}],"collection":[{"href":"https:\/\/www.medicina.ufmg.br\/cpgcirurgiaoft\/wp-json\/wp\/v2\/pages"}],"about":[{"href":"https:\/\/www.medicina.ufmg.br\/cpgcirurgiaoft\/wp-json\/wp\/v2\/types\/page"}],"author":[{"embeddable":true,"href":"https:\/\/www.medicina.ufmg.br\/cpgcirurgiaoft\/wp-json\/wp\/v2\/users\/27"}],"replies":[{"embeddable":true,"href":"https:\/\/www.medicina.ufmg.br\/cpgcirurgiaoft\/wp-json\/wp\/v2\/comments?post=997"}],"version-history":[{"count":40,"href":"https:\/\/www.medicina.ufmg.br\/cpgcirurgiaoft\/wp-json\/wp\/v2\/pages\/997\/revisions"}],"predecessor-version":[{"id":1078,"href":"https:\/\/www.medicina.ufmg.br\/cpgcirurgiaoft\/wp-json\/wp\/v2\/pages\/997\/revisions\/1078"}],"wp:attachment":[{"href":"https:\/\/www.medicina.ufmg.br\/cpgcirurgiaoft\/wp-json\/wp\/v2\/media?parent=997"}],"curies":[{"name":"wp","href":"https:\/\/api.w.org\/{rel}","templated":true}]}}