
{"id":1094,"date":"2025-03-07T17:38:17","date_gmt":"2025-03-07T17:38:17","guid":{"rendered":"https:\/\/www.medicina.ufmg.br\/cpgfonoaudiologia\/?page_id=1094"},"modified":"2025-03-07T17:38:18","modified_gmt":"2025-03-07T17:38:18","slug":"estrutura-curricular","status":"publish","type":"page","link":"https:\/\/www.medicina.ufmg.br\/cpgfonoaudiologia\/estrutura-curricular\/","title":{"rendered":"Estrutura Curricular"},"content":{"rendered":"\n<p>A Estrutura Curricular do PPGCF\/UFMG exige um m\u00ednimo de 24 cr\u00e9ditos para a conclus\u00e3o do Mestrado e um m\u00ednimo de 42 cr\u00e9ditos para a conclus\u00e3o do Doutorado.&nbsp;<\/p>\n\n\n\n<p>Os alunos do Curso de Mestrado devem cursar 16 cr\u00e9ditos de disciplinas obrigat\u00f3rias e 08 cr\u00e9ditos de disciplinas optativas. Os alunos do Curso de Doutorado devem cumprir 30 cr\u00e9ditos de disciplinas obrigat\u00f3rias e 12 cr\u00e9ditos de disciplinas optativas.<\/p>\n\n\n\n<p>As disciplinas obrigat\u00f3rias s\u00e3o as seguintes:<\/p>\n\n\n\n<p><strong>Disciplinas Obrigat\u00f3rias<\/strong><\/p>\n\n\n\n<p>As disciplinas obrigat\u00f3rias s\u00e3o divididas em duas categorias: aquelas exigidas tanto para os cursos de Mestrado e Doutorado (M\/D) e aquelas espec\u00edficas para o Doutorado (D).<\/p>\n\n\n\n<h3 class=\"wp-block-heading\"><strong>Para Mestrado e Doutorado (M\/D):<\/strong><\/h3>\n\n\n\n<ul class=\"wp-block-list\">\n<li><strong>Metodologia Cient\u00edfica<\/strong> \u2013 2 cr\u00e9ditos | 30h<\/li>\n\n\n\n<li><strong>Semin\u00e1rios de Pesquisa em Sa\u00fade Funcional I<\/strong> \u2013 2 cr\u00e9ditos | 30h<\/li>\n\n\n\n<li><strong>Did\u00e1tica do Ensino Superior I<\/strong> \u2013 2 cr\u00e9ditos | 30h<\/li>\n\n\n\n<li><strong>Princ\u00edpios em Bioestat\u00edstica<\/strong> \u2013 2 cr\u00e9ditos | 30h<\/li>\n\n\n\n<li><strong>Est\u00e1gio de Doc\u00eancia I<\/strong> \u2013 4 cr\u00e9ditos | 60h<\/li>\n\n\n\n<li><strong>Princ\u00edpios em Epidemiologia<\/strong> \u2013 4 cr\u00e9ditos | 60h<\/li>\n<\/ul>\n\n\n\n<h3 class=\"wp-block-heading\"><strong>Apenas para Doutorado (D):<\/strong><\/h3>\n\n\n\n<ul class=\"wp-block-list\">\n<li><strong>Est\u00e1gio de Doc\u00eancia II<\/strong> \u2013 8 cr\u00e9ditos | 120h<\/li>\n\n\n\n<li><strong>Semin\u00e1rios de Pesquisa em Sa\u00fade Funcional II<\/strong> \u2013 2 cr\u00e9ditos | 30h<\/li>\n\n\n\n<li><strong>Did\u00e1tica do Ensino Superior II<\/strong> \u2013 2 cr\u00e9ditos | 30h<\/li>\n\n\n\n<li><strong>M\u00e9todos em Bioestat\u00edstica<\/strong> \u2013 2 cr\u00e9ditos | 30h<\/li>\n<\/ul>\n\n\n\n<hr class=\"wp-block-separator has-alpha-channel-opacity\"\/>\n\n\n\n<p><strong>Disciplinas Optativas<\/strong><\/p>\n\n\n\n<p>As disciplinas optativas permitem que os alunos aprofundem seus conhecimentos em \u00e1reas espec\u00edficas.<\/p>\n\n\n\n<ul class=\"wp-block-list\">\n<li><strong>Reda\u00e7\u00e3o e An\u00e1lise de Artigos Cient\u00edficos<\/strong> \u2013 2 cr\u00e9ditos | 30h<\/li>\n\n\n\n<li><strong>Gest\u00e3o de Servi\u00e7os de Sa\u00fade<\/strong> \u2013 2 cr\u00e9ditos | 30h<\/li>\n\n\n\n<li><strong>Pr\u00e1tica Baseada em Evid\u00eancias<\/strong> \u2013 2 cr\u00e9ditos | 30h<\/li>\n\n\n\n<li><strong>T\u00f3picos Especiais em Sa\u00fade Funcional e Fonoaudiologia I<\/strong> \u2013 2 cr\u00e9ditos | 30h<\/li>\n\n\n\n<li><strong>T\u00f3picos Especiais em Sa\u00fade Funcional e Fonoaudiologia II<\/strong> \u2013 3 cr\u00e9ditos | 45h<\/li>\n\n\n\n<li><strong>T\u00f3picos Especiais em Sa\u00fade Funcional e Fonoaudiologia III<\/strong> \u2013 4 cr\u00e9ditos | 60h<\/li>\n<\/ul>\n\n\n\n<p><\/p>\n","protected":false},"excerpt":{"rendered":"<p>A Estrutura Curricular do PPGCF\/UFMG exige um m\u00ednimo de 24 cr\u00e9ditos para a conclus\u00e3o do Mestrado e um m\u00ednimo de 42 cr\u00e9ditos para a conclus\u00e3o do Doutorado.&nbsp; Os alunos do Curso de Mestrado devem cursar 16 cr\u00e9ditos de disciplinas obrigat\u00f3rias e 08 cr\u00e9ditos de disciplinas optativas. Os alunos do Curso de Doutorado devem cumprir 30 [&hellip;]<\/p>\n","protected":false},"author":105,"featured_media":0,"parent":0,"menu_order":0,"comment_status":"closed","ping_status":"closed","template":"","meta":{"footnotes":""},"class_list":["post-1094","page","type-page","status-publish","hentry"],"_links":{"self":[{"href":"https:\/\/www.medicina.ufmg.br\/cpgfonoaudiologia\/wp-json\/wp\/v2\/pages\/1094","targetHints":{"allow":["GET"]}}],"collection":[{"href":"https:\/\/www.medicina.ufmg.br\/cpgfonoaudiologia\/wp-json\/wp\/v2\/pages"}],"about":[{"href":"https:\/\/www.medicina.ufmg.br\/cpgfonoaudiologia\/wp-json\/wp\/v2\/types\/page"}],"author":[{"embeddable":true,"href":"https:\/\/www.medicina.ufmg.br\/cpgfonoaudiologia\/wp-json\/wp\/v2\/users\/105"}],"replies":[{"embeddable":true,"href":"https:\/\/www.medicina.ufmg.br\/cpgfonoaudiologia\/wp-json\/wp\/v2\/comments?post=1094"}],"version-history":[{"count":1,"href":"https:\/\/www.medicina.ufmg.br\/cpgfonoaudiologia\/wp-json\/wp\/v2\/pages\/1094\/revisions"}],"predecessor-version":[{"id":1095,"href":"https:\/\/www.medicina.ufmg.br\/cpgfonoaudiologia\/wp-json\/wp\/v2\/pages\/1094\/revisions\/1095"}],"wp:attachment":[{"href":"https:\/\/www.medicina.ufmg.br\/cpgfonoaudiologia\/wp-json\/wp\/v2\/media?parent=1094"}],"curies":[{"name":"wp","href":"https:\/\/api.w.org\/{rel}","templated":true}]}}