
{"id":1097,"date":"2025-03-07T17:47:34","date_gmt":"2025-03-07T17:47:34","guid":{"rendered":"https:\/\/www.medicina.ufmg.br\/cpgfonoaudiologia\/?page_id=1097"},"modified":"2026-04-15T12:42:44","modified_gmt":"2026-04-15T12:42:44","slug":"resolucoes-e-documentos","status":"publish","type":"page","link":"https:\/\/www.medicina.ufmg.br\/cpgfonoaudiologia\/resolucoes-e-documentos\/","title":{"rendered":"Resolu\u00e7\u00f5es e Documentos"},"content":{"rendered":"\n<figure class=\"wp-block-table\"><table class=\"has-fixed-layout\"><tbody><tr><td><strong>Regulamento do PPGCF\/UFMG<\/strong><strong><br><\/strong><\/td><td><a href=\"http:\/\/www.medicina.ufmg.br\/cpgfonoaudiologia\/wp-content\/uploads\/sites\/49\/2025\/03\/Regulamento-do-Programa-de-Pos-Graduacao-em-Ciencias-Fonoaudiologicas.pdf\" data-type=\"link\" data-id=\"http:\/\/www.medicina.ufmg.br\/cpgfonoaudiologia\/wp-content\/uploads\/sites\/49\/2025\/03\/Regulamento-do-Programa-de-Pos-Graduacao-em-Ciencias-Fonoaudiologicas.pdf\">Regulamento do PPGCF\/UFMG<\/a> &#8211; <em>Regulamento do Programa de P\u00f3s-Gradua\u00e7\u00e3o em Ci\u00eancias Fonoaudiol\u00f3gicas<\/em>&nbsp;<\/td><\/tr><\/tbody><\/table><\/figure>\n\n\n\n<p><strong>Orienta\u00e7\u00e3o e Coorienta\u00e7\u00e3o<\/strong><\/p>\n\n\n\n<figure class=\"wp-block-table\"><table class=\"has-fixed-layout\"><tbody><tr><td><strong>Resolu\u00e7\u00f5es<\/strong><\/td><td><a href=\"https:\/\/www.medicina.ufmg.br\/cpgfonoaudiologia\/wp-content\/uploads\/sites\/49\/2021\/05\/04-2020-Regulamenta-a-coorientacao.pdf\">Resolu\u00e7\u00e3o 04\/2020<\/a> &#8211; <em>Regulamenta a coorienta\u00e7\u00e3o dos discentes do Programa de P\u00f3s-Gradua\u00e7\u00e3o em Ci\u00eancias Fonoaudiol\u00f3gicas da Faculdade de Medicina da UFMG, na elabora\u00e7\u00e3o da disserta\u00e7\u00e3o ou tese<\/em><\/td><\/tr><tr><td rowspan=\"2\"><strong>Formul\u00e1rios<\/strong><\/td><td><a href=\"https:\/\/ftp.medicina.ufmg.br\/cpg\/programas\/fonoaudiologia\/arquivos\/2021\/Carta_para_formalizar_orientacao_novo%20modelo.doc\">Carta para formalizar orienta\u00e7\u00e3o<\/a><\/td><\/tr><tr><td><a href=\"https:\/\/ftp.medicina.ufmg.br\/cpg\/programas\/fonoaudiologia\/arquivos\/2021\/Carta_para_formalizar_coorientacao_novo%20modelo.doc\">Carta para formalizar coorienta\u00e7\u00e3o<\/a><\/td><\/tr><\/tbody><\/table><\/figure>\n\n\n\n<p><strong>Bolsas<\/strong><\/p>\n\n\n\n<figure class=\"wp-block-table\"><table class=\"has-fixed-layout\"><tbody><tr><td><strong>Resolu\u00e7\u00f5es<\/strong><\/td><td><a href=\"http:\/\/www.medicina.ufmg.br\/cpgfonoaudiologia\/wp-content\/uploads\/sites\/49\/2024\/12\/Resolucao-01-2024.pdf\">Resolu\u00e7\u00e3o 01\/2024<\/a> &#8211; <em>Regulamenta a distribui\u00e7\u00e3o de bolsas de estudo aos discentes do Programa de P\u00f3s-Gradua\u00e7\u00e3o em Ci\u00eancias Fonoaudiol\u00f3gicas da Faculdade de Medicina da UFMG<\/em><\/td><\/tr><tr><td><strong>Formul\u00e1rios<\/strong><\/td><td><a href=\"https:\/\/ftp.medicina.ufmg.br\/cpg\/programas\/fonoaudiologia\/arquivos\/2026\/formulario-boolsa-deestudo.docx\" data-type=\"link\" data-id=\"https:\/\/ftp.medicina.ufmg.br\/cpg\/programas\/fonoaudiologia\/arquivos\/2026\/formulario-boolsa-deestudo.docx\">Formul\u00e1rio para solicita\u00e7\u00e3o de bolsa de estudo<\/a> &#8211; <em>Formul\u00e1rio de inscri\u00e7\u00e3o para bolsas Programa de P\u00f3s-Gradua\u00e7\u00e3o em Ci\u00eancias Fonoaudiol\u00f3gicas<\/em><\/td><\/tr><tr><td><strong>Resultados<\/strong><\/td><td>Parecer \u2013 Revis\u00e3o anual de bolsas concedidas do Programa de P\u00f3s-Gradua\u00e7\u00e3o em Ci\u00eancias Fonoaudiol\u00f3gicas:<br><a href=\"http:\/\/www.medicina.ufmg.br\/cpgfonoaudiologia\/wp-content\/uploads\/sites\/49\/2025\/01\/Parecer_Revisao_anual_de_bolsas_M_e_D_assinado_assinado.pdf\">2024<\/a><\/td><\/tr><\/tbody><\/table><\/figure>\n\n\n\n<p><strong>Mestrado<\/strong><\/p>\n\n\n\n<figure class=\"wp-block-table\"><table class=\"has-fixed-layout\"><tbody><tr><td rowspan=\"3\"><strong>Resolu\u00e7\u00f5es<\/strong><\/td><td><a href=\"https:\/\/www.medicina.ufmg.br\/cpgfonoaudiologia\/wp-content\/uploads\/sites\/49\/2021\/07\/01-2020-Normas-para-aceite-de-sugestao-de-bancas-de-tese-dissertacao-e-qualificacao-de-doutorado.pdf\">Resolu\u00e7\u00e3o 01\/2020<\/a> &#8211; <em>Estabelece normas para aceite de sugest\u00e3o de bancas examinadoras de defesas de teses, disserta\u00e7\u00f5es e exames de qualifica\u00e7\u00e3o do Programa de P\u00f3s-Gradua\u00e7\u00e3o em Ci\u00eancias Fonoaudiol\u00f3gicas da Faculdade de Medicina da UFMG<\/em><\/td><\/tr><tr><td><a href=\"https:\/\/www.medicina.ufmg.br\/cpgfonoaudiologia\/wp-content\/uploads\/sites\/49\/2021\/05\/07-2020-Regulamenta-as-condicoes-para-defesa-de-dissertacao.pdf\">Resolu\u00e7\u00e3o 07\/2020<\/a> &#8211; <em>Regulamenta as condi\u00e7\u00f5es para defesa de disserta\u00e7\u00e3o do Programa de P\u00f3s-Gradua\u00e7\u00e3o em Ci\u00eancias Fonoaudiol\u00f3gicas da Faculdade de Medicina da UFMG<\/em><\/td><\/tr><tr><td><a href=\"https:\/\/www.medicina.ufmg.br\/cpgfonoaudiologia\/wp-content\/uploads\/sites\/49\/2021\/05\/10-2020-Regulamenta-o-formato-de-dissertacoes.pdf\">Resolu\u00e7\u00e3o 10\/2020<\/a> &#8211; <em>Regulamenta o formato de disserta\u00e7\u00f5es do Curso de P\u00f3s-Gradua\u00e7\u00e3o em Ci\u00eancias Fonoaudiol\u00f3gicas da Faculdade de Medicina da UFMG<\/em><\/td><\/tr><tr><td><strong>Diretrizes<\/strong><\/td><td><a href=\"http:\/\/www.medicina.ufmg.br\/cpgfonoaudiologia\/wp-content\/uploads\/sites\/49\/2026\/04\/Diretrizes-Seminarios-em-Saude-Funcional-I-mestrado.pdf\" data-type=\"link\" data-id=\"http:\/\/www.medicina.ufmg.br\/cpgfonoaudiologia\/wp-content\/uploads\/sites\/49\/2026\/04\/Diretrizes-Seminarios-em-Saude-Funcional-I-mestrado.pdf\">Diretrizes Semin\u00e1rios de Pesquisa em Sa\u00fade Funcional I<\/a><\/td><\/tr><tr><td rowspan=\"2\"><strong>Formul\u00e1rios<\/strong><\/td><td><a href=\"http:\/\/ftp.medicina.ufmg.br\/cpg\/form\/2013\/Carta_para_sugerir_banca_para_defesa_de_mestrado_27062013.doc\">Carta para sugerir banca defesa de mestrado<\/a> &#8211; <em>Carta de encaminhamento ao colegiado para defesa de mestrado \u2013 sugest\u00e3o de nomes para composi\u00e7\u00e3o da Banca examinadora<\/em><\/td><\/tr><tr><td><a href=\"https:\/\/ftp.medicina.ufmg.br\/cpg\/programas\/fonoaudiologia\/arquivos\/2021\/Prepara%e7%e3o%20de%20defesa%20de%20Mestrado.doc\">Prepara\u00e7\u00e3o de defesa de Mestrado<\/a> &#8211; <em>Formul\u00e1rio de prepara\u00e7\u00e3o de mestrado<\/em><\/td><\/tr><\/tbody><\/table><\/figure>\n\n\n\n<p><strong>Doutorado<\/strong><\/p>\n\n\n\n<figure class=\"wp-block-table\"><table class=\"has-fixed-layout\"><tbody><tr><td rowspan=\"3\"><strong>Resolu\u00e7\u00f5es<\/strong><\/td><td><a href=\"https:\/\/www.medicina.ufmg.br\/cpgfonoaudiologia\/wp-content\/uploads\/sites\/49\/2021\/05\/06-2020-Regulamenta-as-condicoes-para-defesa-de-tese.pdf\">Resolu\u00e7\u00e3o 06\/2020<\/a> &#8211; <em>Regulamenta as condi\u00e7\u00f5es para defesa de tese do Programa de P\u00f3s-Gradua\u00e7\u00e3o em Ci\u00eancias Fonoaudiol\u00f3gicas da Faculdade de Medicina da UFMG<\/em><\/td><\/tr><tr><td><a href=\"https:\/\/www.medicina.ufmg.br\/cpgfonoaudiologia\/wp-content\/uploads\/sites\/49\/2021\/07\/09-2020-Formato-de-teses.pdf\">Resolu\u00e7\u00e3o 09\/2020<\/a> &#8211; <em>Regulamenta o formato de teses Programa de P\u00f3s-Gradua\u00e7\u00e3o em Ci\u00eancias Fonoaudiol\u00f3gicas da Faculdade de Medicina da UFMG<\/em><\/td><\/tr><tr><td><a href=\"https:\/\/www.medicina.ufmg.br\/cpgfonoaudiologia\/wp-content\/uploads\/sites\/49\/2021\/05\/11-2020-Regulamenta-os-exames-de-qualificacao-do-Doutorado.pdf\">Resolu\u00e7\u00e3o 11\/2020<\/a> &#8211; <em>Regulamenta os exames de qualifica\u00e7\u00e3o do Doutorado do Programa de P\u00f3s-Gradua\u00e7\u00e3o em Ci\u00eancias Fonoaudiol\u00f3gicas da Faculdade de Medicina da UFMG<\/em><\/td><\/tr><tr><td><strong>Diretrizes<\/strong><\/td><td><a href=\"http:\/\/www.medicina.ufmg.br\/cpgfonoaudiologia\/wp-content\/uploads\/sites\/49\/2025\/04\/Diretrizes-Seminarios-em-Saude-Funcional-II-doutorado.pdf\">Diretrizes Semin\u00e1rios de Pesquisa em Sa\u00fade Funcional II<\/a><\/td><\/tr><tr><td rowspan=\"4\"><strong>Formul\u00e1rios<\/strong><\/td><td><a href=\"http:\/\/ftp.medicina.ufmg.br\/cpg\/arquivos\/2018\/Carta%20para%20sugerir%20banca%20de%20qualificacao.doc\">Carta para sugerir banca de qualifica\u00e7\u00e3o<\/a> &#8211; <em>Carta de encaminhamento ao colegiado para exame de qualifica\u00e7\u00e3o \u2013 sugest\u00e3o de nomes para composi\u00e7\u00e3o da banca examinadora<\/em><\/td><\/tr><tr><td><a href=\"http:\/\/ftp.medicina.ufmg.br\/cpg\/programas\/fonoaudiologia\/arquivos\/2020\/preparacao_de_exame_de_qualificacao_13032020.doc\">Prepara\u00e7\u00e3o de exame de qualifica\u00e7\u00e3o<\/a> &#8211; <em>Formul\u00e1rio de prepara\u00e7\u00e3o de qualifica\u00e7\u00e3o<\/em><\/td><\/tr><tr><td><a href=\"https:\/\/www.medicina.ufmg.br\/cpgfonoaudiologia\/wp-content\/uploads\/sites\/49\/2020\/06\/Carta_para_sugerir_banca_para_defesa_de_Doutorado.pdf\">Carta para sugerir banca de doutorado<\/a> &#8211; <em>Carta de encaminhamento ao colegiado para defesa de doutorado \u2013 sugest\u00e3o de nomes para composi\u00e7\u00e3o da banca examinadora<\/em><\/td><\/tr><tr><td><a href=\"https:\/\/ftp.medicina.ufmg.br\/cpg\/programas\/fonoaudiologia\/arquivos\/2021\/Prepara%e7%e3o%20de%20defesa%20de%20doutorado.doc\">Prepara\u00e7\u00e3o de defesa de doutorado<\/a> &#8211; <em>Formul\u00e1rio de prepara\u00e7\u00e3o de doutorado<\/em><\/td><\/tr><\/tbody><\/table><\/figure>\n\n\n\n<p><strong>Disciplinas e prorroga\u00e7\u00f5es<\/strong><\/p>\n\n\n\n<figure class=\"wp-block-table\"><table class=\"has-fixed-layout\"><tbody><tr><td rowspan=\"3\"><strong>Resolu\u00e7\u00f5es<\/strong><\/td><td><a href=\"https:\/\/www.medicina.ufmg.br\/cpgfonoaudiologia\/wp-content\/uploads\/sites\/49\/2021\/05\/02-2020-Regulamenta-o-Estagio-em-Docencia-I-e-II.pdf\">Resolu\u00e7\u00e3o 02\/2020<\/a> &#8211; <em>Regulamenta as disciplinas de Est\u00e1gio de Doc\u00eancia I e II no \u00e2mbito do Programa de P\u00f3s-Gradua\u00e7\u00e3o em Ci\u00eancias Fonoaudiol\u00f3gicas da Faculdade de Medicina da UFMG<\/em><\/td><\/tr><tr><td><a href=\"https:\/\/www.medicina.ufmg.br\/cpgfonoaudiologia\/wp-content\/uploads\/sites\/49\/2023\/04\/Resolucao-02-2023-Regulamenta-a-concessao-de-bolsa-de-estudos.pdf\">Resolu\u00e7\u00e3o 02\/2023<\/a> &#8211; <em>Regulamenta o aproveitamento de cr\u00e9ditos, obtidos em disciplinas regulares ou externas ao Programa de P\u00f3s Gradua\u00e7\u00e3o em Ci\u00eancias Fonoaudiol\u00f3gicas da Faculdade de Medicina da UFMG<\/em><\/td><\/tr><tr><td><a href=\"http:\/\/www.medicina.ufmg.br\/cpgfonoaudiologia\/wp-content\/uploads\/sites\/49\/2024\/12\/vsecretaria.-Resolucao-03_2024_Prorrogacao-de-prazo-final.pdf\">Resolu\u00e7\u00e3o 03\/2024<\/a> &#8211; <em>Regulamenta a prorroga\u00e7\u00e3o do prazo final da defesa de disserta\u00e7\u00e3o e de tese do Programa de P\u00f3s-Gradua\u00e7\u00e3o em Ci\u00eancias Fonoaudiol\u00f3gicas da Faculdade de Medicina da UFMG<\/em><\/td><\/tr><tr><td><strong>Formul\u00e1rios<\/strong><\/td><td><a href=\"https:\/\/ftp.medicina.ufmg.br\/cpg\/programas\/fonoaudiologia\/arquivos\/2021\/Carta%20para%20solicita%e7%e3o%20de%20prorroga%e7%e3o%20do%20prazo%20de%20v%ednculo.doc\">Carta para solicita\u00e7\u00e3o de prorroga\u00e7\u00e3o do prazo de v\u00ednculo<\/a> &#8211; <em>Carta \u2013 solicita\u00e7\u00e3o de prorroga\u00e7\u00e3o do prazo de v\u00ednculo com a P\u00f3s-Gradua\u00e7\u00e3o \u2013 Faculdade de Medicina da Universidade Federal de Minas Gerais<\/em><\/td><\/tr><\/tbody><\/table><\/figure>\n\n\n\n<p><strong>Credenciamento docente<\/strong><\/p>\n\n\n\n<figure class=\"wp-block-table\"><table class=\"has-fixed-layout\"><tbody><tr><td rowspan=\"2\"><strong>Resolu\u00e7\u00f5es<\/strong><\/td><td><a href=\"https:\/\/www.medicina.ufmg.br\/cpgfonoaudiologia\/wp-content\/uploads\/sites\/49\/2021\/05\/08-2020-Regulamenta-o-credenciamento-e-recredenciamento-de-professores-no-quadro-de-docentes-permanentes.pdf\">Resolu\u00e7\u00e3o 08\/2020<\/a> &#8211; <em>Regulamenta o credenciamento e recredenciamento de professores no quadro de docentes permanentes do Curso de P\u00f3s-Gradua\u00e7\u00e3o em Ci\u00eancias Fonoaudiol\u00f3gicas da Faculdade de Medicina da UFMG<\/em><\/td><\/tr><tr><td><a href=\"http:\/\/ftp.medicina.ufmg.br\/cpg\/programas\/fonoaudiologia\/arquivos\/2014\/Resolucao_07-2013_Regulamenta_o_ingresso_de_professor_colaborador_16052014.pdf\">Resolu\u00e7\u00e3o 07\/2013<\/a> &#8211; <em>Regulamenta o ingresso de professores colaboradores no Programa de P\u00f3s-Gradua\u00e7\u00e3o em Ci\u00eancias Fonoaudiol\u00f3gicas da Faculdade de Medicina da UFMG<\/em><\/td><\/tr><\/tbody><\/table><\/figure>\n","protected":false},"excerpt":{"rendered":"<p>Regulamento do PPGCF\/UFMG Regulamento do PPGCF\/UFMG &#8211; Regulamento do Programa de P\u00f3s-Gradua\u00e7\u00e3o em Ci\u00eancias Fonoaudiol\u00f3gicas&nbsp; Orienta\u00e7\u00e3o e Coorienta\u00e7\u00e3o Resolu\u00e7\u00f5es Resolu\u00e7\u00e3o 04\/2020 &#8211; Regulamenta a coorienta\u00e7\u00e3o dos discentes do Programa de P\u00f3s-Gradua\u00e7\u00e3o em Ci\u00eancias Fonoaudiol\u00f3gicas da Faculdade de Medicina da UFMG, na elabora\u00e7\u00e3o da disserta\u00e7\u00e3o ou tese Formul\u00e1rios Carta para formalizar orienta\u00e7\u00e3o Carta para formalizar coorienta\u00e7\u00e3o [&hellip;]<\/p>\n","protected":false},"author":105,"featured_media":0,"parent":0,"menu_order":0,"comment_status":"closed","ping_status":"closed","template":"","meta":{"footnotes":""},"class_list":["post-1097","page","type-page","status-publish","hentry"],"_links":{"self":[{"href":"https:\/\/www.medicina.ufmg.br\/cpgfonoaudiologia\/wp-json\/wp\/v2\/pages\/1097","targetHints":{"allow":["GET"]}}],"collection":[{"href":"https:\/\/www.medicina.ufmg.br\/cpgfonoaudiologia\/wp-json\/wp\/v2\/pages"}],"about":[{"href":"https:\/\/www.medicina.ufmg.br\/cpgfonoaudiologia\/wp-json\/wp\/v2\/types\/page"}],"author":[{"embeddable":true,"href":"https:\/\/www.medicina.ufmg.br\/cpgfonoaudiologia\/wp-json\/wp\/v2\/users\/105"}],"replies":[{"embeddable":true,"href":"https:\/\/www.medicina.ufmg.br\/cpgfonoaudiologia\/wp-json\/wp\/v2\/comments?post=1097"}],"version-history":[{"count":7,"href":"https:\/\/www.medicina.ufmg.br\/cpgfonoaudiologia\/wp-json\/wp\/v2\/pages\/1097\/revisions"}],"predecessor-version":[{"id":1381,"href":"https:\/\/www.medicina.ufmg.br\/cpgfonoaudiologia\/wp-json\/wp\/v2\/pages\/1097\/revisions\/1381"}],"wp:attachment":[{"href":"https:\/\/www.medicina.ufmg.br\/cpgfonoaudiologia\/wp-json\/wp\/v2\/media?parent=1097"}],"curies":[{"name":"wp","href":"https:\/\/api.w.org\/{rel}","templated":true}]}}