
{"id":487,"date":"2021-01-04T19:12:22","date_gmt":"2021-01-04T19:12:22","guid":{"rendered":"https:\/\/www.medicina.ufmg.br\/cpgfonoaudiologia\/?page_id=487"},"modified":"2021-01-04T19:12:23","modified_gmt":"2021-01-04T19:12:23","slug":"2020-2","status":"publish","type":"page","link":"https:\/\/www.medicina.ufmg.br\/cpgfonoaudiologia\/2020-2\/","title":{"rendered":"2020"},"content":{"rendered":"<div class=\"otw-sc-toggle\"><h3 class=\"toggle-trigger widget-title closed\">Doutorado Fluxo Cont\u00ednuo<span class=\"icon\"><\/span><\/h3><div class=\"toggle-content\"><p><\/p><br \/>\n<p><a href=\"http:\/\/ftp.medicina.ufmg.br\/cpg\/programas\/fonoaudiologia\/arquivos\/2020\/16072020\/Cronograma.xlsx\">1- Cronograma de sele\u00e7\u00e3o<\/a><br \/><br \/>\n<a href=\"http:\/\/ftp.medicina.ufmg.br\/cpg\/programas\/fonoaudiologia\/arquivos\/2020\/16072020\/Edital Regular mestrado e Doutorado_2020 (1).pdf\">2- Edital de sele\u00e7\u00e3o<\/a><br \/><br \/>\n<a href=\"http:\/\/ftp.medicina.ufmg.br\/cpg\/programas\/fonoaudiologia\/arquivos\/2020\/16072020\/Formul\u00e1rio de inscri\u00e7\u00e3o- Regular.xls\">3- Formul\u00e1rio de inscri\u00e7\u00e3o- Regular<\/a><br \/><br \/>\n<a href=\"http:\/\/ftp.medicina.ufmg.br\/cpg\/programas\/fonoaudiologia\/arquivos\/2020\/16072020\/Formul\u00e1rio de inscri\u00e7\u00e3o-Suplementar.xls\">4- Formul\u00e1rio de inscri\u00e7\u00e3o- Suplementar<\/a><br \/><br \/>\n<a href=\"https:\/\/www.medicina.ufmg.br\/coronavirus\/wp-content\/uploads\/sites\/91\/2020\/07\/3-Autodeclara\u00e7\u00e3o-\u00c9tnico-Racial.pdf\">5- Autodeclara\u00e7\u00e3o \u00e9tnico- racial<\/a><br \/><br \/>\n<a href=\"http:\/\/ftp.medicina.ufmg.br\/cpg\/programas\/fonoaudiologia\/arquivos\/2020\/16072020\/AUTODECLARA\u00c7\u00c3O DE PESSOA COM DEFICI\u00caNCIA.docx\">6- Autodeclara\u00e7\u00e3o de pessoa com defici\u00eancia <\/a><br \/><br \/>\n<a href=\"http:\/\/ftp.medicina.ufmg.br\/cpg\/programas\/fonoaudiologia\/arquivos\/2020\/16072020\/FORMUL\u00c1RIO DE SOLICITA\u00c7\u00c3O DE CONDI\u00c7\u00d5ES ESPECIAIS.docx\">7-Formul\u00e1rio de solicita\u00e7\u00e3o de condi\u00e7\u00f5es especiais<\/a><br \/><br \/>\n<a href=\"http:\/\/ftp.medicina.ufmg.br\/cpg\/programas\/fonoaudiologia\/arquivos\/2020\/16072020\/MODELO DE RELAT\u00d3RIO DO M\u00c9DICO ASSISTENTE.docx\">8- Modelo de relat\u00f3rio m\u00e9dico<\/a><br \/><br \/>\n<a href=\"http:\/\/ftp.medicina.ufmg.br\/cpg\/programas\/fonoaudiologia\/arquivos\/2020\/16072020\/Autoreconhecimento_Ind\u00edgena.pdf\">9- Autorreconhecimento ind\u00edgena<\/a><br \/><br \/>\n<a href=\"http:\/\/ftp.medicina.ufmg.br\/cpg\/programas\/fonoaudiologia\/arquivos\/2020\/16072020\/Declara\u00e7\u00e3o de Resid\u00eancia_Ind\u00edgena.pdf\">10- Declara\u00e7\u00e3o de lideran\u00e7as ind\u00edgenas<\/a><br \/><br \/>\n<a href=\"http:\/\/ftp.medicina.ufmg.br\/cpg\/programas\/fonoaudiologia\/arquivos\/2020\/16072020\/Declara\u00e7\u00e3o de Resid\u00eancia_Ind\u00edgena.pdf\">11- Declara\u00e7\u00e3o de resid\u00eancia ind\u00edgena<\/a><br \/><br \/>\n<a href=\"https:\/\/www.medicina.ufmg.br\/cpgfonoaudiologia\/wp-content\/uploads\/sites\/49\/2020\/07\/Retifica\u00e7\u00e3o-Edital-02-2019-1.pdf\">12- Retifica\u00e7\u00e3o do edital 02\/2019\u00a0<\/a><br \/><br \/>\n<a href=\"https:\/\/www.medicina.ufmg.br\/cpgfonoaudiologia\/wp-content\/uploads\/sites\/49\/2020\/09\/Situa\u00e7\u00e3o-da-inscri\u00e7\u00e3o-2.pdf\">13 &#8211; Situa\u00e7\u00e3o da inscri\u00e7\u00e3o<\/a><br \/><br \/>\n<a href=\"https:\/\/www.medicina.ufmg.br\/cpgfonoaudiologia\/wp-content\/uploads\/sites\/49\/2020\/09\/Declara\u00e7\u00e3o-de-inexist\u00eancia-de-impedimento-ou-suspei\u00e7\u00e3o1.pdf\">14 &#8211; Banca de sele\u00e7\u00e3o- Declara\u00e7\u00e3o de Inexist\u00eancia e Impedimento.<\/a><br \/><br \/>\n<a href=\"https:\/\/www.medicina.ufmg.br\/cpgfonoaudiologia\/wp-content\/uploads\/sites\/49\/2020\/09\/2\u00aa-Retifica\u00e7\u00e3o-Edital-02-2019-25-09-2020.pdf\" target=\"_blank\" rel=\"noopener noreferrer\">15 &#8211; 2\u00aa Retifica\u00e7\u00e3o- Edital 02\/2019<\/a><br \/><br \/>\n<a href=\"https:\/\/www.medicina.ufmg.br\/cpgfonoaudiologia\/wp-content\/uploads\/sites\/49\/2020\/09\/Resultado-1\u00aa-Etapa-28-09-2020.pdf\" target=\"_blank\" rel=\"noopener noreferrer\">16 &#8211; Resultado 1\u00aa Etapa<\/a><br \/><br \/>\n<a href=\"https:\/\/www.medicina.ufmg.br\/cpgfonoaudiologia\/wp-content\/uploads\/sites\/49\/2020\/09\/Escala-de-argui\u00e7\u00e3o-28-09-2020.pdf\" target=\"_blank\" rel=\"noopener noreferrer\">17 &#8211; Escala de Argui\u00e7\u00e3o<\/a><br \/><br \/>\n<a href=\"https:\/\/www.medicina.ufmg.br\/cpgfonoaudiologia\/wp-content\/uploads\/sites\/49\/2020\/09\/Links-Argui\u00e7\u00e3o.pdf\">18 &#8211; Links- Acesso \u00e0 sala de argui\u00e7\u00e3o<\/a><br \/><br \/>\n<a href=\"https:\/\/www.medicina.ufmg.br\/cpgfonoaudiologia\/wp-content\/uploads\/sites\/49\/2020\/09\/Escala-de-teste.pdf\">19 &#8211; Escala de teste de conectividade<\/a><br \/><br \/>\n<a href=\"https:\/\/www.medicina.ufmg.br\/cpgfonoaudiologia\/wp-content\/uploads\/sites\/49\/2020\/10\/3\u00aa-Retifica\u00e7\u00e3o-Ci\u00eancias-Fonoaudiologicas-05-10-2020.pdf\" target=\"_blank\" rel=\"noopener noreferrer\">20 &#8211; 3\u00aa Retifica\u00e7\u00e3o do edital de sele\u00e7\u00e3o 02\/2019<\/a><br \/><br \/>\n<a href=\"https:\/\/www.medicina.ufmg.br\/cpgfonoaudiologia\/wp-content\/uploads\/sites\/49\/2020\/10\/Resultado-final-14-10-2020.pdf\" target=\"_blank\" rel=\"noopener noreferrer\">21 &#8211; Resultado Final<\/a><\/p><br \/>\n<p><\/p><\/div><\/div>\n\n\n<div class=\"otw-sc-toggle\"><h3 class=\"toggle-trigger widget-title closed\">Processo seletivo Regular- Mestrado e Doutorado 2020\/1<span class=\"icon\"><\/span><\/h3><div class=\"toggle-content\"><p><\/p><br \/>\n<p><a href=\"https:\/\/www.medicina.ufmg.br\/cpgfonoaudiologia\/wp-content\/uploads\/sites\/49\/2019\/09\/Edital-Regular-mestrado-e-Doutorado_2020-1.pdf\">Edital<\/a><br \/><br \/>\n<a href=\"http:\/\/ftp.medicina.ufmg.br\/cpg\/programas\/fonoaudiologia\/arquivos\/2019\/Formul\u00e1rio de inscri\u00e7\u00e3o Mestado e Doutorado Regular 2020.xls\" data-wplink-url-error=\"true\">Formul\u00e1rio de Inscri\u00e7\u00e3o<\/a><br \/><br \/>\n<a href=\"https:\/\/www.medicina.ufmg.br\/cpgfonoaudiologia\/wp-content\/uploads\/sites\/49\/2019\/09\/FormulariodeAutodeclaracaoEtnicoRacial-2-1.pdf\">Declara\u00e7\u00e3o \u00c9tnico- Racial<\/a><br \/><br \/>\n<a href=\"https:\/\/www.medicina.ufmg.br\/cpgfonoaudiologia\/wp-content\/uploads\/sites\/49\/2019\/10\/Situa\u00e7\u00e3o-da-inscri\u00e7\u00e3o-Mestrado.pdf\">Situa\u00e7\u00e3o da Inscri\u00e7\u00e3o- Mestrado<\/a><br \/><br \/>\n<a href=\"https:\/\/www.medicina.ufmg.br\/cpgfonoaudiologia\/wp-content\/uploads\/sites\/49\/2019\/10\/Situa\u00e7\u00e3o-da-inscri\u00e7\u00e3o-Doutorado.pdf\">Situa\u00e7\u00e3o da Inscri\u00e7\u00e3o- Doutorado<\/a><br \/><br \/>\n<a href=\"https:\/\/www.medicina.ufmg.br\/cpgfonoaudiologia\/wp-content\/uploads\/sites\/49\/2019\/10\/Declara\u00e7\u00e3o-de-Inexistencia-e-Impedimento_-Mestrado-30-10-2019.pdf\" target=\"_blank\" rel=\"noopener noreferrer\">Declara\u00e7\u00e3o de inexist\u00eancia e impedimento mestrado<\/a><br \/><br \/>\n<a href=\"https:\/\/www.medicina.ufmg.br\/cpgfonoaudiologia\/wp-content\/uploads\/sites\/49\/2019\/10\/Declara\u00e7\u00e3o-de-Inexistencia-e-Impedimento-Doutorado-30-10-2019.pdf\" target=\"_blank\" rel=\"noopener noreferrer\">Declara\u00e7\u00e3o de inexist\u00eancia e impedimento doutorado<\/a><br \/><br \/>\n<a href=\"https:\/\/www.medicina.ufmg.br\/cpgfonoaudiologia\/wp-content\/uploads\/sites\/49\/2019\/11\/Resultado-projetos-Mestrado-2020-01-11-2019.pdf\" target=\"_blank\" rel=\"noopener noreferrer\">Resultado 1\u00aa etapa Mestrado Ci\u00eancias Fonoaudiol\u00f3gicas<\/a><br \/><br \/>\n<a href=\"https:\/\/www.medicina.ufmg.br\/cpgfonoaudiologia\/wp-content\/uploads\/sites\/49\/2019\/11\/Escala-de-argui\u00e7\u00e3o-para-classificados-Mestrado-2020-01-11-2019.pdf\" target=\"_blank\" rel=\"noopener noreferrer\">Escala de argui\u00e7\u00e3o Mestrado<\/a><br \/><br \/>\n<a href=\"https:\/\/www.medicina.ufmg.br\/cpgfonoaudiologia\/wp-content\/uploads\/sites\/49\/2019\/11\/Resultado-1\u00aa-estapa-Doutorado-Ci\u00eancias-Fonoaudiol\u00f3gicas-e-escala-de-argui\u00e7\u00e3o-para-os-classificados.pdf\">Resultado 1\u00aa etapa Doutorado Ci\u00eancias Fonoaudiol\u00f3gicas e Escala de argui\u00e7\u00e3o dos classificados<\/a><br \/><br \/>\n<a href=\"https:\/\/www.medicina.ufmg.br\/cpgfonoaudiologia\/wp-content\/uploads\/sites\/49\/2019\/11\/Resultado-final-Doutorado-12-11-2019.pdf\" target=\"_blank\" rel=\"noopener noreferrer\">Resultado Final &#8211; Doutorado<\/a><br \/><br \/>\n<a href=\"https:\/\/www.medicina.ufmg.br\/cpgfonoaudiologia\/wp-content\/uploads\/sites\/49\/2019\/11\/Comunicado-de-sala.pdf\">Comunicado- Local de argui\u00e7\u00e3o<\/a><br \/><br \/>\n<a href=\"https:\/\/www.medicina.ufmg.br\/cpgfonoaudiologia\/wp-content\/uploads\/sites\/49\/2019\/11\/Resultado-final-Mestrado-19-11-2019.pdf\" target=\"_blank\" rel=\"noopener noreferrer\">Resultado Final<\/a><\/p><br \/>\n<p><\/p><\/div><\/div>\n\n\n<div class=\"otw-sc-toggle\"><h3 class=\"toggle-trigger widget-title closed\">Processo seletivo Suplementar- Mestrado e Doutorado 2020\/1 <span class=\"icon\"><\/span><\/h3><div class=\"toggle-content\"><p><\/p><br \/>\n<p><a href=\"https:\/\/www.medicina.ufmg.br\/cpgfonoaudiologia\/wp-content\/uploads\/sites\/49\/2019\/09\/Edital-Suplementar-Mestrado-e-Doutorado-2020-1.pdf\">Edital Suplementar<\/a><br \/><br \/>\n<a href=\"http:\/\/ftp.medicina.ufmg.br\/cpg\/programas\/fonoaudiologia\/arquivos\/2019\/Formul\u00e1rio de inscri\u00e7\u00e3o Mestado e Doutorado Suplementar 2020.xls\" data-wplink-url-error=\"true\">Formul\u00e1rio de Inscri\u00e7\u00e3o<\/a><br \/><br \/>\n<a href=\"https:\/\/www.medicina.ufmg.br\/cpgfonoaudiologia\/wp-content\/uploads\/sites\/49\/2019\/09\/Autodeclara\u00e7\u00e3o-Pessoa-com-Defici\u00eancia.pdf\">Autodeclara\u00e7\u00e3o Pessoa com Defici\u00eancia<\/a><br \/><br \/>\n<a href=\"https:\/\/www.medicina.ufmg.br\/cpgfonoaudiologia\/wp-content\/uploads\/sites\/49\/2019\/09\/Laudo-m\u00e9dico.pdf\">Laudo M\u00e9dico<\/a><br \/><br \/>\n<a href=\"http:\/\/ftp.medicina.ufmg.br\/cpg\/programas\/fonoaudiologia\/arquivos\/2019\/MODELO DE RELAT\u00d3RIO DO M\u00c9DICO ASSISTENTE_Dast.docx\" data-wplink-url-error=\"true\">Modelo de Relat\u00f3rio do M\u00e9dico Assistente<\/a><br \/><br \/>\n<a href=\"https:\/\/www.medicina.ufmg.br\/cpgfonoaudiologia\/wp-content\/uploads\/sites\/49\/2019\/09\/Solicita\u00e7\u00e3o-de-condi\u00e7\u00f5es-especiais.pdf\">Solicita\u00e7\u00e3o de condi\u00e7\u00f5es especiais<\/a><br \/><br \/>\n<a href=\"http:\/\/ftp.medicina.ufmg.br\/cpg\/programas\/fonoaudiologia\/arquivos\/2019\/AUTODECLARA%c3%87%c3%83O%20DE%20PESSOA%20COM%20DEFICI%c3%8aNCIA_Dast.docx\">Autoreconhecimento Ind\u00edgena<\/a><br \/><br \/>\n<a href=\"https:\/\/www.medicina.ufmg.br\/cpgfonoaudiologia\/wp-content\/uploads\/sites\/49\/2019\/09\/Declara\u00e7\u00e3o-de-Lideran\u00e7as-Ind\u00edgenas.pdf\">Declara\u00e7\u00e3o de Lideran\u00e7as Ind\u00edgenas<\/a><br \/><br \/>\n<a href=\"https:\/\/www.medicina.ufmg.br\/cpgfonoaudiologia\/wp-content\/uploads\/sites\/49\/2019\/09\/Declara\u00e7\u00e3o-de-Resid\u00eancia_Ind\u00edgena.pdf\">Declara\u00e7\u00e3o de Resid\u00eancia Ind\u00edgena<\/a><br \/><br \/>\n<\/p><\/div><\/div>\n","protected":false},"excerpt":{"rendered":"","protected":false},"author":17,"featured_media":0,"parent":0,"menu_order":0,"comment_status":"closed","ping_status":"closed","template":"","meta":{"footnotes":""},"class_list":["post-487","page","type-page","status-publish","hentry"],"_links":{"self":[{"href":"https:\/\/www.medicina.ufmg.br\/cpgfonoaudiologia\/wp-json\/wp\/v2\/pages\/487","targetHints":{"allow":["GET"]}}],"collection":[{"href":"https:\/\/www.medicina.ufmg.br\/cpgfonoaudiologia\/wp-json\/wp\/v2\/pages"}],"about":[{"href":"https:\/\/www.medicina.ufmg.br\/cpgfonoaudiologia\/wp-json\/wp\/v2\/types\/page"}],"author":[{"embeddable":true,"href":"https:\/\/www.medicina.ufmg.br\/cpgfonoaudiologia\/wp-json\/wp\/v2\/users\/17"}],"replies":[{"embeddable":true,"href":"https:\/\/www.medicina.ufmg.br\/cpgfonoaudiologia\/wp-json\/wp\/v2\/comments?post=487"}],"version-history":[{"count":1,"href":"https:\/\/www.medicina.ufmg.br\/cpgfonoaudiologia\/wp-json\/wp\/v2\/pages\/487\/revisions"}],"predecessor-version":[{"id":495,"href":"https:\/\/www.medicina.ufmg.br\/cpgfonoaudiologia\/wp-json\/wp\/v2\/pages\/487\/revisions\/495"}],"wp:attachment":[{"href":"https:\/\/www.medicina.ufmg.br\/cpgfonoaudiologia\/wp-json\/wp\/v2\/media?parent=487"}],"curies":[{"name":"wp","href":"https:\/\/api.w.org\/{rel}","templated":true}]}}