
{"id":169,"date":"2016-01-14T17:29:19","date_gmt":"2016-01-14T17:29:19","guid":{"rendered":"https:\/\/www.medicina.ufmg.br\/cpgmedicinamolecular\/?page_id=169"},"modified":"2025-06-27T17:40:09","modified_gmt":"2025-06-27T17:40:09","slug":"contato","status":"publish","type":"page","link":"https:\/\/www.medicina.ufmg.br\/cpgmedicinamolecular\/contato\/","title":{"rendered":"Contato"},"content":{"rendered":"<p><strong>Centro de P\u00f3s-Gradua\u00e7\u00e3o da Faculdade de Medicina da UFMG<\/strong><br \/>\nAv. Prof. Alfredo Balena, 190 \u2013 sala 503 \/ Belo Horizonte \u2013 MG \u2013 Tel: (31) 3409-9641 \/ (31) 3409-9640<br \/>\nE-mail: medicinamolecular.cpg@gmail.com<\/p>\n<div><strong>Hor\u00e1rio de Funcionamento<span class=\"gmail_default\">:<\/span><\/strong><\/div>\n<div>2\u00aa a 6\u00aa feiras de 8h \u00e1s 12h e de 14h \u00e1s 15h30<\/div>\n","protected":false},"excerpt":{"rendered":"<p>Centro de P\u00f3s-Gradua\u00e7\u00e3o da Faculdade de Medicina da UFMG Av. Prof. Alfredo Balena, 190 \u2013 sala 503 \/ Belo Horizonte \u2013 MG \u2013 Tel: (31) 3409-9641 \/ (31) 3409-9640 E-mail: medicinamolecular.cpg@gmail.com Hor\u00e1rio de Funcionamento: 2\u00aa a 6\u00aa feiras de 8h \u00e1s 12h e de 14h \u00e1s 15h30<\/p>\n","protected":false},"author":17,"featured_media":0,"parent":0,"menu_order":0,"comment_status":"closed","ping_status":"closed","template":"","meta":{"footnotes":""},"class_list":["post-169","page","type-page","status-publish","hentry"],"_links":{"self":[{"href":"https:\/\/www.medicina.ufmg.br\/cpgmedicinamolecular\/wp-json\/wp\/v2\/pages\/169","targetHints":{"allow":["GET"]}}],"collection":[{"href":"https:\/\/www.medicina.ufmg.br\/cpgmedicinamolecular\/wp-json\/wp\/v2\/pages"}],"about":[{"href":"https:\/\/www.medicina.ufmg.br\/cpgmedicinamolecular\/wp-json\/wp\/v2\/types\/page"}],"author":[{"embeddable":true,"href":"https:\/\/www.medicina.ufmg.br\/cpgmedicinamolecular\/wp-json\/wp\/v2\/users\/17"}],"replies":[{"embeddable":true,"href":"https:\/\/www.medicina.ufmg.br\/cpgmedicinamolecular\/wp-json\/wp\/v2\/comments?post=169"}],"version-history":[{"count":3,"href":"https:\/\/www.medicina.ufmg.br\/cpgmedicinamolecular\/wp-json\/wp\/v2\/pages\/169\/revisions"}],"predecessor-version":[{"id":1111,"href":"https:\/\/www.medicina.ufmg.br\/cpgmedicinamolecular\/wp-json\/wp\/v2\/pages\/169\/revisions\/1111"}],"wp:attachment":[{"href":"https:\/\/www.medicina.ufmg.br\/cpgmedicinamolecular\/wp-json\/wp\/v2\/media?parent=169"}],"curies":[{"name":"wp","href":"https:\/\/api.w.org\/{rel}","templated":true}]}}