
{"id":10,"date":"2016-03-21T15:11:47","date_gmt":"2016-03-21T15:11:47","guid":{"rendered":"https:\/\/www.medicina.ufmg.br\/cpgpspv\/?page_id=10"},"modified":"2026-03-13T18:12:33","modified_gmt":"2026-03-13T18:12:33","slug":"10-2","status":"publish","type":"page","link":"https:\/\/www.medicina.ufmg.br\/cpgpspv\/","title":{"rendered":"Elementor #10"},"content":{"rendered":"\t\t<div data-elementor-type=\"wp-page\" data-elementor-id=\"10\" class=\"elementor elementor-10\">\n\t\t\t\t<div class=\"elementor-element elementor-element-62db8c5 e-flex e-con-boxed e-con e-parent\" data-id=\"62db8c5\" data-element_type=\"container\" data-settings=\"{&quot;background_background&quot;:&quot;classic&quot;}\">\n\t\t\t\t\t<div class=\"e-con-inner\">\n\t\t<div class=\"elementor-element elementor-element-6d65089 e-con-full e-flex e-con e-child\" data-id=\"6d65089\" data-element_type=\"container\">\n\t\t\t\t<div class=\"elementor-element elementor-element-b7575d7 elementor-widget elementor-widget-heading\" data-id=\"b7575d7\" data-element_type=\"widget\" data-widget_type=\"heading.default\">\n\t\t\t\t<div class=\"elementor-widget-container\">\n\t\t\t\t\t<h3 class=\"elementor-heading-title elementor-size-default\">P\u00f3s-Gradua\u00e7\u00e3o:<\/h3>\t\t\t\t<\/div>\n\t\t\t\t<\/div>\n\t\t\t\t<div class=\"elementor-element elementor-element-f415445 elementor-widget elementor-widget-heading\" data-id=\"f415445\" data-element_type=\"widget\" data-widget_type=\"heading.default\">\n\t\t\t\t<div class=\"elementor-widget-container\">\n\t\t\t\t\t<h1 class=\"elementor-heading-title elementor-size-default\">Promo\u00e7\u00e3o de Sa\u00fade e Preven\u00e7\u00e3o da Viol\u00eancia<\/h1>\t\t\t\t<\/div>\n\t\t\t\t<\/div>\n\t\t\t\t<div class=\"elementor-element elementor-element-17fe5ea elementor-widget__width-initial elementor-widget elementor-widget-text-editor\" data-id=\"17fe5ea\" data-element_type=\"widget\" data-widget_type=\"text-editor.default\">\n\t\t\t\t<div class=\"elementor-widget-container\">\n\t\t\t\t\t\t\t\t\t<p><\/p>\n<div class=\"elementor-element elementor-element-1366f713 elementor-widget elementor-widget-text-editor\" data-id=\"1366f713\" data-element_type=\"widget\" data-widget_type=\"text-editor.default\">\n<div class=\"elementor-widget-container\">\n<p>Criado em 2011 pela Profa. Elza Machado de Melo (in Memorian), o Programa de P\u00f3s-gradua\u00e7\u00e3o Mestrado Profissional em Promo\u00e7\u00e3o de Sa\u00fade e Preven\u00e7\u00e3o da Viol\u00eancia da Faculdade de Medicina da Universidade Federal de Minas Gerais (PPG MPPSPV\/FM\/UFMG) nasceu da experi\u00eancia acumulada do N\u00facleo de Promo\u00e7\u00e3o de Sa\u00fade e Paz, do Departamento de Medicina Preventiva e Social (MPS\/FM\/UFMG). Institu\u00eddo em 2004, o N\u00facleo tem sido importante local de acolhimento de diferentes tipos de demandas relacionadas com a viol\u00eancia, em especial com a viol\u00eancia contra a mulher. Em 2021, como resultado do empenho dos docentes e discentes envolvidos com o PPG MPPSPV\/FM\/UFMG, obtivemos a nota m\u00e1xima da CAPES para Mestrado Profissional \u2013 nota 5.<\/p>\n<p><br \/><a href=\"https:\/\/www.medicina.ufmg.br\/cpgpspv\/informacoes-gerais\/\">Veja nossas informa\u00e7\u00f5es gerais, objetivos e miss\u00e3o<\/a><\/p>\n<\/div>\n<\/div>\t\t\t\t\t\t\t\t<\/div>\n\t\t\t\t<\/div>\n\t\t\t\t<\/div>\n\t\t<div class=\"elementor-element elementor-element-69bdfb1 e-con-full e-flex e-con e-child\" data-id=\"69bdfb1\" data-element_type=\"container\" data-settings=\"{&quot;background_background&quot;:&quot;classic&quot;}\">\n\t\t\t\t<\/div>\n\t\t\t\t\t<\/div>\n\t\t\t\t<\/div>\n\t\t\t\t<section class=\"elementor-section elementor-top-section elementor-element elementor-element-43cf7d3 elementor-section-boxed elementor-section-height-default elementor-section-height-default\" data-id=\"43cf7d3\" data-element_type=\"section\">\n\t\t\t\t\t\t<div class=\"elementor-container elementor-column-gap-default\">\n\t\t\t\t\t<div class=\"elementor-column elementor-col-100 elementor-top-column elementor-element elementor-element-cbf60c1\" data-id=\"cbf60c1\" data-element_type=\"column\">\n\t\t\t<div class=\"elementor-widget-wrap elementor-element-populated\">\n\t\t\t\t\t\t<div class=\"elementor-element elementor-element-f2c82ef elementor-widget elementor-widget-html\" data-id=\"f2c82ef\" data-element_type=\"widget\" data-widget_type=\"html.default\">\n\t\t\t\t<div class=\"elementor-widget-container\">\n\t\t\t\t\t<style>\n    \n   body {background-color: #034651;} \n<\/style>\t\t\t\t<\/div>\n\t\t\t\t<\/div>\n\t\t\t\t\t<\/div>\n\t\t<\/div>\n\t\t\t\t\t<\/div>\n\t\t<\/section>\n\t\t\t\t<section class=\"elementor-section elementor-top-section elementor-element elementor-element-058a4d6 elementor-section-boxed elementor-section-height-default elementor-section-height-default\" data-id=\"058a4d6\" data-element_type=\"section\">\n\t\t\t\t\t\t<div class=\"elementor-container elementor-column-gap-default\">\n\t\t\t\t\t<div class=\"elementor-column elementor-col-100 elementor-top-column elementor-element elementor-element-a5ab4fc\" data-id=\"a5ab4fc\" data-element_type=\"column\">\n\t\t\t<div class=\"elementor-widget-wrap elementor-element-populated\">\n\t\t\t\t<div class=\"elementor-element elementor-element-b428842 e-flex e-con-boxed e-con e-parent\" data-id=\"b428842\" data-element_type=\"container\">\n\t\t\t\t\t<div class=\"e-con-inner\">\n\t\t\t\t<div class=\"elementor-element elementor-element-55eaa48 elementor-widget elementor-widget-heading\" data-id=\"55eaa48\" data-element_type=\"widget\" data-widget_type=\"heading.default\">\n\t\t\t\t<div class=\"elementor-widget-container\">\n\t\t\t\t\t<h2 class=\"elementor-heading-title elementor-size-default\">Linhas de Pesquisa<\/h2>\t\t\t\t<\/div>\n\t\t\t\t<\/div>\n\t\t\t\t\t<\/div>\n\t\t\t\t<\/div>\n\t\t\t\t\t<\/div>\n\t\t<\/div>\n\t\t\t\t\t<\/div>\n\t\t<\/section>\n\t\t<div class=\"elementor-element elementor-element-7be705c e-grid e-con-boxed e-con e-parent\" data-id=\"7be705c\" data-element_type=\"container\">\n\t\t\t\t\t<div class=\"e-con-inner\">\n\t\t<a class=\"elementor-element elementor-element-936fd08 e-con-full e-flex e-con e-child\" data-id=\"936fd08\" data-element_type=\"container\" data-settings=\"{&quot;background_background&quot;:&quot;classic&quot;}\" href=\"https:\/\/www.medicina.ufmg.br\/cpgpspv\/linhas-de-pesquisa\/\">\n\t\t\t\t<div class=\"elementor-element elementor-element-e8a7856 elementor-widget elementor-widget-text-editor\" data-id=\"e8a7856\" data-element_type=\"widget\" data-widget_type=\"text-editor.default\">\n\t\t\t\t<div class=\"elementor-widget-container\">\n\t\t\t\t\t\t\t\t\t<p style=\"text-align: center;\"><span style=\"color: #ffffff;\">Promo\u00e7\u00e3o de sa\u00fade e suas bases\n<\/span><\/p>\t\t\t\t\t\t\t\t<\/div>\n\t\t\t\t<\/div>\n\t\t\t\t<\/a>\n\t\t<a class=\"elementor-element elementor-element-b4ddfc4 e-con-full e-flex e-con e-child\" data-id=\"b4ddfc4\" data-element_type=\"container\" data-settings=\"{&quot;background_background&quot;:&quot;classic&quot;}\" href=\"https:\/\/www.medicina.ufmg.br\/cpgpspv\/linhas-de-pesquisa\/\">\n\t\t\t\t<div class=\"elementor-element elementor-element-81f8cc9 elementor-widget elementor-widget-text-editor\" data-id=\"81f8cc9\" data-element_type=\"widget\" data-widget_type=\"text-editor.default\">\n\t\t\t\t<div class=\"elementor-widget-container\">\n\t\t\t\t\t\t\t\t\t<p style=\"text-align: center;\"><span style=\"color: #ffffff;\">Organiza\u00e7\u00e3o dos servi\u00e7os de sa\u00fade e suas rela\u00e7\u00f5es com a viol\u00eancia\n<\/span><\/p>\t\t\t\t\t\t\t\t<\/div>\n\t\t\t\t<\/div>\n\t\t\t\t<\/a>\n\t\t<a class=\"elementor-element elementor-element-3277051 e-con-full e-flex e-con e-child\" data-id=\"3277051\" data-element_type=\"container\" data-settings=\"{&quot;background_background&quot;:&quot;classic&quot;}\" href=\"https:\/\/www.medicina.ufmg.br\/cpgpspv\/linhas-de-pesquisa\/\">\n\t\t\t\t<div class=\"elementor-element elementor-element-c8b91f8 elementor-widget elementor-widget-text-editor\" data-id=\"c8b91f8\" data-element_type=\"widget\" data-widget_type=\"text-editor.default\">\n\t\t\t\t<div class=\"elementor-widget-container\">\n\t\t\t\t\t\t\t\t\t<p style=\"text-align: center;\"><span style=\"color: #ffffff;\"> As m\u00faltiplas faces da viol\u00eancia e seu impacto para a sa\u00fade das pessoas e popula\u00e7\u00f5es\n<\/span><\/p>\t\t\t\t\t\t\t\t<\/div>\n\t\t\t\t<\/div>\n\t\t\t\t<\/a>\n\t\t\t\t\t<\/div>\n\t\t\t\t<\/div>\n\t\t<div class=\"elementor-element elementor-element-0291a75 e-grid e-con-boxed e-con e-parent\" data-id=\"0291a75\" data-element_type=\"container\">\n\t\t\t\t\t<div class=\"e-con-inner\">\n\t\t<a class=\"elementor-element elementor-element-de66fad e-con-full e-flex e-con e-child\" data-id=\"de66fad\" data-element_type=\"container\" data-settings=\"{&quot;background_background&quot;:&quot;classic&quot;}\" href=\"https:\/\/www.medicina.ufmg.br\/cpgpspv\/linhas-de-pesquisa\/\">\n\t\t\t\t<div class=\"elementor-element elementor-element-9964827 elementor-widget elementor-widget-text-editor\" data-id=\"9964827\" data-element_type=\"widget\" data-widget_type=\"text-editor.default\">\n\t\t\t\t<div class=\"elementor-widget-container\">\n\t\t\t\t\t\t\t\t\t<p style=\"text-align: center;\"><span style=\"color: #ffffff;\">  Sa\u00fade da Mulher em Situa\u00e7\u00e3o de Viol\u00eancia\n<\/span><\/p>\t\t\t\t\t\t\t\t<\/div>\n\t\t\t\t<\/div>\n\t\t\t\t<\/a>\n\t\t\t\t\t<\/div>\n\t\t\t\t<\/div>\n\t\t<div class=\"elementor-element elementor-element-53fe879 e-flex e-con-boxed e-con e-parent\" data-id=\"53fe879\" data-element_type=\"container\" data-settings=\"{&quot;background_background&quot;:&quot;classic&quot;}\">\n\t\t\t\t\t<div class=\"e-con-inner\">\n\t\t<div class=\"elementor-element elementor-element-bcf2bcf e-flex e-con-boxed e-con e-child\" data-id=\"bcf2bcf\" data-element_type=\"container\">\n\t\t\t\t\t<div class=\"e-con-inner\">\n\t\t<a class=\"elementor-element elementor-element-7142973 e-flex e-con-boxed e-con e-child\" data-id=\"7142973\" data-element_type=\"container\" data-settings=\"{&quot;background_background&quot;:&quot;classic&quot;}\" href=\"https:\/\/www.medicina.ufmg.br\/cpg\">\n\t\t\t\t\t<div class=\"e-con-inner\">\n\t\t\t\t<div class=\"elementor-element elementor-element-e591b25 elementor-widget elementor-widget-heading\" data-id=\"e591b25\" data-element_type=\"widget\" data-widget_type=\"heading.default\">\n\t\t\t\t<div class=\"elementor-widget-container\">\n\t\t\t\t\t<h3 class=\"elementor-heading-title elementor-size-default\">CPG<\/h3>\t\t\t\t<\/div>\n\t\t\t\t<\/div>\n\t\t\t\t<div class=\"elementor-element elementor-element-850452f elementor-widget elementor-widget-text-editor\" data-id=\"850452f\" data-element_type=\"widget\" data-widget_type=\"text-editor.default\">\n\t\t\t\t<div class=\"elementor-widget-container\">\n\t\t\t\t\t\t\t\t\t<p><span style=\"color: #ffffff;\">Acesse o portal do Centro de P\u00f3s-Gradua\u00e7\u00e3o<\/span><\/p>\t\t\t\t\t\t\t\t<\/div>\n\t\t\t\t<\/div>\n\t\t\t\t\t<\/div>\n\t\t\t\t<\/a>\n\t\t<a class=\"elementor-element elementor-element-26a539e e-flex e-con-boxed e-con e-child\" data-id=\"26a539e\" data-element_type=\"container\" data-settings=\"{&quot;background_background&quot;:&quot;classic&quot;}\" href=\"https:\/\/www.medicina.ufmg.br\/portal\/posgraduacao\/\">\n\t\t\t\t\t<div class=\"e-con-inner\">\n\t\t\t\t<div class=\"elementor-element elementor-element-fe9e06b elementor-widget elementor-widget-heading\" data-id=\"fe9e06b\" data-element_type=\"widget\" data-widget_type=\"heading.default\">\n\t\t\t\t<div class=\"elementor-widget-container\">\n\t\t\t\t\t<h3 class=\"elementor-heading-title elementor-size-default\">NOT\u00cdCIAS DA P\u00d3S-GRADUA\u00c7\u00c3O<\/h3>\t\t\t\t<\/div>\n\t\t\t\t<\/div>\n\t\t\t\t<div class=\"elementor-element elementor-element-42345b3 elementor-widget elementor-widget-text-editor\" data-id=\"42345b3\" data-element_type=\"widget\" data-widget_type=\"text-editor.default\">\n\t\t\t\t<div class=\"elementor-widget-container\">\n\t\t\t\t\t\t\t\t\t<p><span style=\"color: #ffffff;\">Acompanhe not\u00edcias da P\u00f3s-Gradua\u00e7\u00e3o no portal da Faculdade de Medicina da UFMG<\/span><\/p>\t\t\t\t\t\t\t\t<\/div>\n\t\t\t\t<\/div>\n\t\t\t\t\t<\/div>\n\t\t\t\t<\/a>\n\t\t\t\t\t<\/div>\n\t\t\t\t<\/div>\n\t\t\t\t\t<\/div>\n\t\t\t\t<\/div>\n\t\t\t\t<\/div>\n\t\t","protected":false},"excerpt":{"rendered":"<p>P\u00f3s-Gradua\u00e7\u00e3o: Promo\u00e7\u00e3o de Sa\u00fade e Preven\u00e7\u00e3o da Viol\u00eancia Criado em 2011 pela Profa. Elza Machado de Melo (in Memorian), o Programa de P\u00f3s-gradua\u00e7\u00e3o Mestrado Profissional em Promo\u00e7\u00e3o de Sa\u00fade e Preven\u00e7\u00e3o da Viol\u00eancia da Faculdade de Medicina da Universidade Federal de Minas Gerais (PPG MPPSPV\/FM\/UFMG) nasceu da experi\u00eancia acumulada do N\u00facleo de Promo\u00e7\u00e3o de Sa\u00fade [&hellip;]<\/p>\n","protected":false},"author":17,"featured_media":0,"parent":0,"menu_order":0,"comment_status":"closed","ping_status":"closed","template":"elementor_header_footer","meta":{"footnotes":""},"class_list":["post-10","page","type-page","status-publish","hentry"],"_links":{"self":[{"href":"https:\/\/www.medicina.ufmg.br\/cpgpspv\/wp-json\/wp\/v2\/pages\/10","targetHints":{"allow":["GET"]}}],"collection":[{"href":"https:\/\/www.medicina.ufmg.br\/cpgpspv\/wp-json\/wp\/v2\/pages"}],"about":[{"href":"https:\/\/www.medicina.ufmg.br\/cpgpspv\/wp-json\/wp\/v2\/types\/page"}],"author":[{"embeddable":true,"href":"https:\/\/www.medicina.ufmg.br\/cpgpspv\/wp-json\/wp\/v2\/users\/17"}],"replies":[{"embeddable":true,"href":"https:\/\/www.medicina.ufmg.br\/cpgpspv\/wp-json\/wp\/v2\/comments?post=10"}],"version-history":[{"count":31,"href":"https:\/\/www.medicina.ufmg.br\/cpgpspv\/wp-json\/wp\/v2\/pages\/10\/revisions"}],"predecessor-version":[{"id":884,"href":"https:\/\/www.medicina.ufmg.br\/cpgpspv\/wp-json\/wp\/v2\/pages\/10\/revisions\/884"}],"wp:attachment":[{"href":"https:\/\/www.medicina.ufmg.br\/cpgpspv\/wp-json\/wp\/v2\/media?parent=10"}],"curies":[{"name":"wp","href":"https:\/\/api.w.org\/{rel}","templated":true}]}}