
{"id":199,"date":"2018-04-24T15:35:16","date_gmt":"2018-04-24T15:35:16","guid":{"rendered":"https:\/\/www.medicina.ufmg.br\/cpgpspv\/?page_id=199"},"modified":"2018-04-24T15:35:41","modified_gmt":"2018-04-24T15:35:41","slug":"processo-seletivo-2014","status":"publish","type":"page","link":"https:\/\/www.medicina.ufmg.br\/cpgpspv\/processo-seletivo-2014\/","title":{"rendered":"Processo Seletivo 2014"},"content":{"rendered":"<p>&nbsp;<\/p>\n<p><a href=\"http:\/\/ftp.medicina.ufmg.br\/cpg\/programas\/pspv\/2014\/convocacaodeexcedentes_11_07_2014.pdf\" target=\"_blank\" rel=\"noopener noreferrer\">COMUNICADO IMPORTANTE: CONVOCA\u00c7\u00c3O DE EXCEDENTES PROCESSO SELETIVO 2014\/2\u00a0<\/a>* atualizado em 11\/07\/2014<\/p>\n<p><a href=\"http:\/\/ftp.medicina.ufmg.br\/cpg\/programas\/pspv\/2014\/resultadofinalpspv_04_06_2014.pdf\" target=\"_blank\" rel=\"noopener noreferrer\">Resultado Final<\/a>\u00a0*atualizado em 04\/06\/2014<\/p>\n<p><a href=\"http:\/\/ftp.medicina.ufmg.br\/cpg\/programas\/pspv\/2014\/Edital_Promocao_Saude_Prevencao_Violencia_2014_2_31032014.pdf\" target=\"_blank\" rel=\"noopener noreferrer\">Edital de sele\u00e7\u00e3o \u2013 Mestrado 2014-2<\/a>\u00a0*atualizado em 31\/03\/2014<\/p>\n<p><a href=\"http:\/\/ftp.medicina.ufmg.br\/cpg\/programas\/pspv\/2014\/Formulario_de_inscri%E7cao_Promocao_da_Saude_2014_2_31032014.xls\" target=\"_blank\" rel=\"noopener noreferrer\">Formul\u00e1rio de inscri\u00e7\u00e3o \u2013 Mestrado 2014-2<\/a>\u00a0*atualizado em 31\/03\/2014<\/p>\n<p><strong>LOCAL DE PROVA:<\/strong>\u00a0Sal\u00e3o Nobre \u2013 T\u00e9rreo da Faculdade de Medicina \u2013 Av. Alfredo Balena, n\u00ba190 \u2013 Belo Horizonte\/MG<\/p>\n<p><strong>DATA:\u00a0<\/strong>05\/05\/2014 \u2013 Segunda-Feira<\/p>\n<p><strong>Hor\u00e1rio:<\/strong>\u00a09:00 horas<\/p>\n<p><strong>RESULTADO DA PROVA<\/strong>\u00a0\u2013 Clique\u00a0<a href=\"http:\/\/ftp.medicina.ufmg.br\/cpg\/programas\/pspv\/2014\/resultadoprovaordemdecodigo_19_05_2014.pdf\">aqui\u00a0<\/a>para visualizar<\/p>\n<p><strong>COMUNICADO IMPORTANTE \u2013 RESULTADO FINAL<\/strong>\u00a0\u2013 Clique\u00a0<a href=\"http:\/\/ftp.medicina.ufmg.br\/cpg\/programas\/pspv\/2014\/RESULTADO_FINAL_COMUNICADO_IMPORTANTE_02062014.pdf\">aqui\u00a0<\/a>para visualizar<\/p>\n<p><strong>Declara\u00e7\u00e3o de Banca Examinadora de Sele\u00e7\u00e3o (impedimento ou suspei\u00e7\u00e3o)<\/strong><br \/>\nProfessores:<br \/>\nAndr\u00e9a Maria Silveira<br \/>\nAnt\u00f4nio Leite Alves Radicchi<br \/>\nCristiane de Freitas Cunha<br \/>\nElza Machado de Melo<br \/>\nFrancisco Jos\u00e9 Machado Viana<br \/>\nJandira Maciel Silva<\/p>\n<p>Declara\u00e7\u00e3o dos professores \u2013 Clique\u00a0<a href=\"http:\/\/ftp.medicina.ufmg.br\/cpg\/programas\/pspv\/2014\/declaracoprocessopspv_06_05_2014.pdf\">aqui<\/a>\u00a0para exibir<\/p>\n<p>Declara\u00e7\u00e3o da professora Andrea Maria Silveira \u2013 Clique\u00a0<a href=\"http:\/\/ftp.medicina.ufmg.br\/cpg\/programas\/pspv\/2014\/declaracoprocessopspv_06_05_2014_andrea.pdf\">aqui<\/a>\u00a0para exibir<\/p>\n<div class=\"box_avisos\">\n<p>OBS.: Caso n\u00e3o consiga visualizar o arquivo PDF, clique com o\u00a0<em>bot\u00e3o direito<\/em>\u00a0do mouse sobre o link, selecione a op\u00e7\u00e3o\u00a0<em>Salvar destino como\u00a0<\/em>\/\u00a0<em>Salvar link como\u00a0<\/em>e salve o arquivo em seu computador.<\/p>\n<p>** Para visualizar os arquivos \u00e9 necess\u00e1rio que voc\u00ea tenha instalado em seu computador o Acrobat Reader.<\/p>\n<p><a href=\"http:\/\/get.adobe.com\/br\/reader\/\" target=\"_blank\" rel=\"noopener noreferrer\">Instalar Acrobat Reader<\/a><\/p>\n<p>OBS.1: Confira se seu navegador est\u00e1 atualizado.<\/p>\n<\/div>\n","protected":false},"excerpt":{"rendered":"<p>&nbsp; COMUNICADO IMPORTANTE: CONVOCA\u00c7\u00c3O DE EXCEDENTES PROCESSO SELETIVO 2014\/2\u00a0* atualizado em 11\/07\/2014 Resultado Final\u00a0*atualizado em 04\/06\/2014 Edital de sele\u00e7\u00e3o \u2013 Mestrado 2014-2\u00a0*atualizado em 31\/03\/2014 Formul\u00e1rio de inscri\u00e7\u00e3o \u2013 Mestrado 2014-2\u00a0*atualizado em 31\/03\/2014 LOCAL DE PROVA:\u00a0Sal\u00e3o Nobre \u2013 T\u00e9rreo da Faculdade de Medicina \u2013 Av. Alfredo Balena, n\u00ba190 \u2013 Belo Horizonte\/MG DATA:\u00a005\/05\/2014 \u2013 Segunda-Feira Hor\u00e1rio:\u00a09:00 horas [&hellip;]<\/p>\n","protected":false},"author":17,"featured_media":0,"parent":0,"menu_order":0,"comment_status":"closed","ping_status":"closed","template":"","meta":{"footnotes":""},"class_list":["post-199","page","type-page","status-publish","hentry"],"_links":{"self":[{"href":"https:\/\/www.medicina.ufmg.br\/cpgpspv\/wp-json\/wp\/v2\/pages\/199","targetHints":{"allow":["GET"]}}],"collection":[{"href":"https:\/\/www.medicina.ufmg.br\/cpgpspv\/wp-json\/wp\/v2\/pages"}],"about":[{"href":"https:\/\/www.medicina.ufmg.br\/cpgpspv\/wp-json\/wp\/v2\/types\/page"}],"author":[{"embeddable":true,"href":"https:\/\/www.medicina.ufmg.br\/cpgpspv\/wp-json\/wp\/v2\/users\/17"}],"replies":[{"embeddable":true,"href":"https:\/\/www.medicina.ufmg.br\/cpgpspv\/wp-json\/wp\/v2\/comments?post=199"}],"version-history":[{"count":2,"href":"https:\/\/www.medicina.ufmg.br\/cpgpspv\/wp-json\/wp\/v2\/pages\/199\/revisions"}],"predecessor-version":[{"id":201,"href":"https:\/\/www.medicina.ufmg.br\/cpgpspv\/wp-json\/wp\/v2\/pages\/199\/revisions\/201"}],"wp:attachment":[{"href":"https:\/\/www.medicina.ufmg.br\/cpgpspv\/wp-json\/wp\/v2\/media?parent=199"}],"curies":[{"name":"wp","href":"https:\/\/api.w.org\/{rel}","templated":true}]}}