
{"id":247,"date":"2019-04-17T18:33:48","date_gmt":"2019-04-17T18:33:48","guid":{"rendered":"https:\/\/www.medicina.ufmg.br\/cpgpspv\/?page_id=247"},"modified":"2019-07-04T15:12:22","modified_gmt":"2019-07-04T15:12:22","slug":"processo-seletivo-2019","status":"publish","type":"page","link":"https:\/\/www.medicina.ufmg.br\/cpgpspv\/processo-seletivo-2019\/","title":{"rendered":"Processo Seletivo 2019"},"content":{"rendered":"\n\n<p>\u00a0<\/p>\n<p><a href=\"https:\/\/www.medicina.ufmg.br\/cpgpspv\/wp-content\/uploads\/sites\/48\/2019\/07\/Aviso-Semin\u00e1rio.pdf\">Comunicado Importante<\/a><\/p>\n<p><strong>Mestrado 2019\/2<\/strong><\/p>\n<div class=\"otw-sc-toggle\"><h3 class=\"toggle-trigger widget-title closed\">Edital Regular 2019\/2<br \/><span class=\"icon\"><\/span><\/h3><div class=\"toggle-content\"><p><\/p><br \/>\n<p><a href=\"http:\/\/ftp.medicina.ufmg.br\/cpg\/programas\/pspv\/2019\/Edital%20Regular%20PSPV%202019.pdf\">Edital Regular<\/a><br \/><a href=\"http:\/\/ftp.medicina.ufmg.br\/cpg\/programas\/pspv\/2019\/Formul%c3%a1rio%20inscri%c3%a7%c3%a3o%20Regular%20%20PSPV%202019%20-2.xls\">Formul\u00e1rio de Inscri\u00e7\u00e3o<\/a><br \/><a href=\"http:\/\/ftp.medicina.ufmg.br\/cpg\/programas\/pspv\/2019\/3-Autodeclara%c3%a7%c3%a3o-%c3%89tnico-Racial.pdf\">Autodeclara\u00e7\u00e3o \u00c9tnico Racial<\/a><br \/><a href=\"https:\/\/www.medicina.ufmg.br\/cpgpspv\/wp-content\/uploads\/sites\/48\/2019\/05\/DEFERIMENTO.pdf\">Deferimento<\/a><br \/><a href=\"https:\/\/www.medicina.ufmg.br\/cpgpspv\/wp-content\/uploads\/sites\/48\/2019\/05\/PRIMEIRA-ETAPA-PROVA-ESCRITA.pdf\">Cronograma prova escrita<\/a><br \/><a href=\"https:\/\/www.medicina.ufmg.br\/cpgpspv\/wp-content\/uploads\/sites\/48\/2019\/06\/Declara\u00e7\u00e3o-de-inexist\u00eancia-de-impedimento-ou-suspei\u00e7\u00e3o-Mestrado-pspv.pdf\">Declara\u00e7\u00e3o de inexist\u00eancia de impedimento ou suspei\u00e7\u00e3o<\/a><br \/><a href=\"https:\/\/www.medicina.ufmg.br\/cpgpspv\/wp-content\/uploads\/sites\/48\/2019\/06\/Prorroga\u00e7\u00e3o-1\u00aa-ETAPA-E-RESULTADO-FINAL.pdf\">Prorroga\u00e7\u00e3o resultado 1\u00aa Etapa e Resultado Final<\/a><br \/><a href=\"https:\/\/www.medicina.ufmg.br\/cpgpspv\/wp-content\/uploads\/sites\/48\/2019\/06\/Resultado-1\u00aa-etapa-Edital-Regular.pdf\">Resultado 1\u00aa etapa<\/a><br \/><a href=\"https:\/\/www.medicina.ufmg.br\/cpgpspv\/wp-content\/uploads\/sites\/48\/2019\/07\/Prorroga\u00e7\u00e3o-Resultado-Final-PSPV.pdf\">Prorroga\u00e7\u00e3o resultado 1\u00aa Etapa e Resultado Final<\/a><br \/><a href=\"https:\/\/www.medicina.ufmg.br\/cpgpspv\/wp-content\/uploads\/sites\/48\/2019\/07\/RESULTADO-FINAL-PSPV-Regular-RETIFICADO-2019-2.pdf\">Resultado Final Retificado<\/a><\/p><br \/>\n<p><\/p><\/div><\/div>\n<div class=\"otw-sc-toggle\"><h3 class=\"toggle-trigger widget-title closed\">Edital Suplementar 2019\/2<span class=\"icon\"><\/span><\/h3><div class=\"toggle-content\"><p><\/p><br \/>\n<p><a href=\"http:\/\/ftp.medicina.ufmg.br\/cpg\/programas\/pspv\/2019\/Edital%20Suplementar%20de%20Sele%c3%a7%c3%a3o%202019%20%e2%80%93%20Mestrado%20%e2%80%93%20Vagas%20para%20Ind%c3%adgenas%20e%20Pessoas%20com%20Defici%c3%aancia.pdf\">Edital Suplementar<\/a><br \/><a href=\"http:\/\/ftp.medicina.ufmg.br\/cpg\/programas\/pspv\/2019\/3%20-%20AUTODECLARA%c3%87%c3%83O%20DE%20PESSOA%20COM%20DEFICI%c3%8aNCIA.docx\">Autodeclara\u00e7\u00e3o de pessoa com defici\u00eancia<\/a><br \/><a href=\"http:\/\/ftp.medicina.ufmg.br\/cpg\/programas\/pspv\/2019\/4%20-%20MODELO%20DE%20RELAT%c3%93RIO%20DO%20M%c3%89DICO%20ASSISTENTE.docx\">Modelo de Relat\u00f3rio M\u00e9dico Assistente<\/a><br \/><a href=\"http:\/\/ftp.medicina.ufmg.br\/cpg\/programas\/pspv\/2019\/6%20-%20Declara%c3%a7%c3%a3o%20de%20Autoreconhecimento%20Ind%c3%adgena.pdf\">Declara\u00e7\u00e3o de Autoreconhecimento Ind\u00edgena<\/a><br \/><a href=\"http:\/\/ftp.medicina.ufmg.br\/cpg\/programas\/pspv\/2019\/7%20-%20Declara%c3%a7%c3%a3o%20de%20Lideran%c3%a7a%20Ind%c3%adgena.pdf\">Declara\u00e7\u00e3o de Lideran\u00e7a Ind\u00edgena<\/a><br \/><a href=\"http:\/\/ftp.medicina.ufmg.br\/cpg\/programas\/pspv\/2019\/8%20-%20Declara%c3%a7%c3%a3o%20de%20Resid%c3%aancia%20Ind%c3%adgena.pdf\">Declara\u00e7\u00e3o de Resid\u00eancia Ind\u00edgena<\/a><br \/><a href=\"https:\/\/www.medicina.ufmg.br\/cpgpspv\/wp-content\/uploads\/sites\/48\/2019\/05\/DEFERIMENTO.pdf\">Deferimento<\/a><br \/><a href=\"https:\/\/www.medicina.ufmg.br\/cpgpspv\/wp-content\/uploads\/sites\/48\/2019\/05\/PRIMEIRA-ETAPA-PROVA-ESCRITA.pdf\">Cronograma prova escrita<\/a><br \/><a href=\"https:\/\/www.medicina.ufmg.br\/cpgpspv\/wp-content\/uploads\/sites\/48\/2019\/06\/Declara\u00e7\u00e3o-de-inexist\u00eancia-de-impedimento-ou-suspei\u00e7\u00e3o-Mestrado-pspv.pdf\">Declara\u00e7\u00e3o de inexist\u00eancia de impedimento ou suspei\u00e7\u00e3o &#8211; PSPV<\/a><br \/><a href=\"https:\/\/www.medicina.ufmg.br\/cpgpspv\/wp-content\/uploads\/sites\/48\/2019\/06\/Prorroga\u00e7\u00e3o-1\u00aa-ETAPA-E-RESULTADO-FINAL.pdf\">Prorroga\u00e7\u00e3o resultado 1\u00aa Etapa e Resultado Final<\/a><br \/><a href=\"https:\/\/www.medicina.ufmg.br\/cpgpspv\/wp-content\/uploads\/sites\/48\/2019\/06\/Resultado-1\u00aa-etapa-Edital-Suplementar.pdf\">Resultado 1\u00aa etapa<\/a><br \/><a href=\"https:\/\/www.medicina.ufmg.br\/cpgpspv\/wp-content\/uploads\/sites\/48\/2019\/07\/Prorroga\u00e7\u00e3o-Resultado-Final-PSPV.pdf\">Prorroga\u00e7\u00e3o resultado 1\u00aa Etapa e Resultado Final<\/a><br \/><a href=\"https:\/\/www.medicina.ufmg.br\/cpgpspv\/wp-content\/uploads\/sites\/48\/2019\/07\/RESULTADO-FINAL-PSPV-Suplementar-2019-2.pdf\">Resultado Final Retificado<\/a><\/p><br \/>\n<p><\/p><\/div><\/div>","protected":false},"excerpt":{"rendered":"<p>\u00a0 Comunicado Importante Mestrado 2019\/2<\/p>\n","protected":false},"author":17,"featured_media":0,"parent":0,"menu_order":0,"comment_status":"closed","ping_status":"closed","template":"","meta":{"footnotes":""},"class_list":["post-247","page","type-page","status-publish","hentry"],"_links":{"self":[{"href":"https:\/\/www.medicina.ufmg.br\/cpgpspv\/wp-json\/wp\/v2\/pages\/247","targetHints":{"allow":["GET"]}}],"collection":[{"href":"https:\/\/www.medicina.ufmg.br\/cpgpspv\/wp-json\/wp\/v2\/pages"}],"about":[{"href":"https:\/\/www.medicina.ufmg.br\/cpgpspv\/wp-json\/wp\/v2\/types\/page"}],"author":[{"embeddable":true,"href":"https:\/\/www.medicina.ufmg.br\/cpgpspv\/wp-json\/wp\/v2\/users\/17"}],"replies":[{"embeddable":true,"href":"https:\/\/www.medicina.ufmg.br\/cpgpspv\/wp-json\/wp\/v2\/comments?post=247"}],"version-history":[{"count":19,"href":"https:\/\/www.medicina.ufmg.br\/cpgpspv\/wp-json\/wp\/v2\/pages\/247\/revisions"}],"predecessor-version":[{"id":289,"href":"https:\/\/www.medicina.ufmg.br\/cpgpspv\/wp-json\/wp\/v2\/pages\/247\/revisions\/289"}],"wp:attachment":[{"href":"https:\/\/www.medicina.ufmg.br\/cpgpspv\/wp-json\/wp\/v2\/media?parent=247"}],"curies":[{"name":"wp","href":"https:\/\/api.w.org\/{rel}","templated":true}]}}