
{"id":677,"date":"2025-02-26T17:18:37","date_gmt":"2025-02-26T17:18:37","guid":{"rendered":"https:\/\/www.medicina.ufmg.br\/cpgpspv\/?page_id=677"},"modified":"2025-02-26T17:18:38","modified_gmt":"2025-02-26T17:18:38","slug":"area-de-concentracao-e-titulacao","status":"publish","type":"page","link":"https:\/\/www.medicina.ufmg.br\/cpgpspv\/area-de-concentracao-e-titulacao\/","title":{"rendered":"\u00c1rea de concentra\u00e7\u00e3o e titula\u00e7\u00e3o"},"content":{"rendered":"\n<p><strong>\u00c1rea de concentra\u00e7\u00e3o<\/strong>: Promo\u00e7\u00e3o de Sa\u00fade e Preven\u00e7\u00e3o da Viol\u00eancia<br><strong>Titula\u00e7\u00e3o<\/strong>: Mestre em Promo\u00e7\u00e3o de Sa\u00fade e Preven\u00e7\u00e3o da Viol\u00eancia.<\/p>\n\n\n\n<p><\/p>\n","protected":false},"excerpt":{"rendered":"<p>\u00c1rea de concentra\u00e7\u00e3o: Promo\u00e7\u00e3o de Sa\u00fade e Preven\u00e7\u00e3o da Viol\u00eanciaTitula\u00e7\u00e3o: Mestre em Promo\u00e7\u00e3o de Sa\u00fade e Preven\u00e7\u00e3o da Viol\u00eancia.<\/p>\n","protected":false},"author":105,"featured_media":0,"parent":0,"menu_order":0,"comment_status":"closed","ping_status":"closed","template":"","meta":{"footnotes":""},"class_list":["post-677","page","type-page","status-publish","hentry"],"_links":{"self":[{"href":"https:\/\/www.medicina.ufmg.br\/cpgpspv\/wp-json\/wp\/v2\/pages\/677","targetHints":{"allow":["GET"]}}],"collection":[{"href":"https:\/\/www.medicina.ufmg.br\/cpgpspv\/wp-json\/wp\/v2\/pages"}],"about":[{"href":"https:\/\/www.medicina.ufmg.br\/cpgpspv\/wp-json\/wp\/v2\/types\/page"}],"author":[{"embeddable":true,"href":"https:\/\/www.medicina.ufmg.br\/cpgpspv\/wp-json\/wp\/v2\/users\/105"}],"replies":[{"embeddable":true,"href":"https:\/\/www.medicina.ufmg.br\/cpgpspv\/wp-json\/wp\/v2\/comments?post=677"}],"version-history":[{"count":1,"href":"https:\/\/www.medicina.ufmg.br\/cpgpspv\/wp-json\/wp\/v2\/pages\/677\/revisions"}],"predecessor-version":[{"id":678,"href":"https:\/\/www.medicina.ufmg.br\/cpgpspv\/wp-json\/wp\/v2\/pages\/677\/revisions\/678"}],"wp:attachment":[{"href":"https:\/\/www.medicina.ufmg.br\/cpgpspv\/wp-json\/wp\/v2\/media?parent=677"}],"curies":[{"name":"wp","href":"https:\/\/api.w.org\/{rel}","templated":true}]}}

Área de concentração e titulação

<p><strong>Área de concentração</strong>: Promoção de Saúde e Prevenção da Violência<br><strong>Titulação</strong>: Mestre em Promoção de Saúde e Prevenção da Violência.</p>



<p></p>

<p>Área de concentração: Promoção de Saúde e Prevenção da ViolênciaTitulação: Mestre em Promoção de Saúde e Prevenção da Violência.</p>
