
{"id":1135,"date":"2025-01-22T18:08:16","date_gmt":"2025-01-22T18:08:16","guid":{"rendered":"https:\/\/www.medicina.ufmg.br\/cpgsaudedacrianca\/?page_id=1135"},"modified":"2025-01-22T18:08:17","modified_gmt":"2025-01-22T18:08:17","slug":"apresentacao","status":"publish","type":"page","link":"https:\/\/www.medicina.ufmg.br\/cpgsaudedacrianca\/apresentacao\/","title":{"rendered":"Apresenta\u00e7\u00e3o"},"content":{"rendered":"\n<p>O Programa de P\u00f3s-Gradua\u00e7\u00e3o em Pediatria iniciou-se em 1985, quando foi autorizado o funcionamento do mestrado. Posteriormente, em 1994, foi implantado o Doutorado. Dessa forma, temos algumas d\u00e9cadas de hist\u00f3ria e ensino relacionado ao promover o cuidado da Inf\u00e2ncia e Adolesc\u00eancia, tanto por meio de desenvolvimento de pesquisa, atendimento direto \u00e0 popula\u00e7\u00e3o quanto por meio de ensino e forma\u00e7\u00e3o de profissionais de sa\u00fade envolvidos no cuidado desse p\u00fablico. O programa promove desenvolvimento de habilidades cient\u00edficas com orientadores experientes e desponta na excel\u00eancia de seus egressos. Contamos com professores ativos em ensino, pesquisa e extens\u00e3o, envolvidos e com o processo de ganho individual de habilidades cient\u00edficas e excel\u00eancia acad\u00eamica. Nos orgulhamos de possuir orientadores desde \u00e1reas b\u00e1sicas quanto aplicadas, enfim somos variados, mas com a dire\u00e7\u00e3o comum de cuidado com a inf\u00e2ncia e compromisso tanto com nossos alunos quanto institucional. Exercemos papel ativo em atuar na cria\u00e7\u00e3o de pol\u00edticas p\u00fablicas e interagir com os mais diversos setores no pa\u00eds e no exterior de forma a enriquecer a experi\u00eancia de aprendizado da pesquisa e o potencial de resolver problemas.<\/p>\n","protected":false},"excerpt":{"rendered":"<p>O Programa de P\u00f3s-Gradua\u00e7\u00e3o em Pediatria iniciou-se em 1985, quando foi autorizado o funcionamento do mestrado. Posteriormente, em 1994, foi implantado o Doutorado. Dessa forma, temos algumas d\u00e9cadas de hist\u00f3ria e ensino relacionado ao promover o cuidado da Inf\u00e2ncia e Adolesc\u00eancia, tanto por meio de desenvolvimento de pesquisa, atendimento direto \u00e0 popula\u00e7\u00e3o quanto por meio [&hellip;]<\/p>\n","protected":false},"author":105,"featured_media":0,"parent":0,"menu_order":0,"comment_status":"closed","ping_status":"closed","template":"","meta":{"footnotes":""},"class_list":["post-1135","page","type-page","status-publish","hentry"],"_links":{"self":[{"href":"https:\/\/www.medicina.ufmg.br\/cpgsaudedacrianca\/wp-json\/wp\/v2\/pages\/1135","targetHints":{"allow":["GET"]}}],"collection":[{"href":"https:\/\/www.medicina.ufmg.br\/cpgsaudedacrianca\/wp-json\/wp\/v2\/pages"}],"about":[{"href":"https:\/\/www.medicina.ufmg.br\/cpgsaudedacrianca\/wp-json\/wp\/v2\/types\/page"}],"author":[{"embeddable":true,"href":"https:\/\/www.medicina.ufmg.br\/cpgsaudedacrianca\/wp-json\/wp\/v2\/users\/105"}],"replies":[{"embeddable":true,"href":"https:\/\/www.medicina.ufmg.br\/cpgsaudedacrianca\/wp-json\/wp\/v2\/comments?post=1135"}],"version-history":[{"count":1,"href":"https:\/\/www.medicina.ufmg.br\/cpgsaudedacrianca\/wp-json\/wp\/v2\/pages\/1135\/revisions"}],"predecessor-version":[{"id":1137,"href":"https:\/\/www.medicina.ufmg.br\/cpgsaudedacrianca\/wp-json\/wp\/v2\/pages\/1135\/revisions\/1137"}],"wp:attachment":[{"href":"https:\/\/www.medicina.ufmg.br\/cpgsaudedacrianca\/wp-json\/wp\/v2\/media?parent=1135"}],"curies":[{"name":"wp","href":"https:\/\/api.w.org\/{rel}","templated":true}]}}