
{"id":271,"date":"2018-04-10T13:51:30","date_gmt":"2018-04-10T13:51:30","guid":{"rendered":"https:\/\/www.medicina.ufmg.br\/cpgsaudedacrianca\/?page_id=271"},"modified":"2018-04-10T13:51:30","modified_gmt":"2018-04-10T13:51:30","slug":"processo-seletivo-2017","status":"publish","type":"page","link":"https:\/\/www.medicina.ufmg.br\/cpgsaudedacrianca\/processo-seletivo-2017\/","title":{"rendered":"Processo Seletivo 2017"},"content":{"rendered":"<p>&nbsp;<\/p>\n<p><a href=\"https:\/\/www.medicina.ufmg.br\/cpgsaudedacrianca\/wp-content\/uploads\/sites\/45\/2017\/04\/Resultado-final-1\u00aa-SELE\u00c7\u00c3O-26-06-2017.pdf\" target=\"_blank\" rel=\"noopener noreferrer\">RESULTADO FINAL DO DOUTORADO FLUXO CONT\u00cdNUO<\/a> &#8211; 1\u00aa SELE\u00c7\u00c3O<\/p>\n<p>&nbsp;<\/p>\n<p>EDITAL DE DOUTORADO FLUXO CONT\u00cdNUO 2017<br \/>\n| <a href=\"https:\/\/www.medicina.ufmg.br\/cpgsaudedacrianca\/wp-content\/uploads\/sites\/45\/2016\/03\/Edital-doutorado-fluxo-continuo-SCA-2017.pdf\">Visualizar arquivo<\/a> | *atualizado em 22\/03\/2017<\/p>\n","protected":false},"excerpt":{"rendered":"<p>&nbsp; RESULTADO FINAL DO DOUTORADO FLUXO CONT\u00cdNUO &#8211; 1\u00aa SELE\u00c7\u00c3O &nbsp; EDITAL DE DOUTORADO FLUXO CONT\u00cdNUO 2017 | Visualizar arquivo | *atualizado em 22\/03\/2017<\/p>\n","protected":false},"author":17,"featured_media":0,"parent":0,"menu_order":0,"comment_status":"closed","ping_status":"closed","template":"","meta":{"footnotes":""},"class_list":["post-271","page","type-page","status-publish","hentry"],"_links":{"self":[{"href":"https:\/\/www.medicina.ufmg.br\/cpgsaudedacrianca\/wp-json\/wp\/v2\/pages\/271","targetHints":{"allow":["GET"]}}],"collection":[{"href":"https:\/\/www.medicina.ufmg.br\/cpgsaudedacrianca\/wp-json\/wp\/v2\/pages"}],"about":[{"href":"https:\/\/www.medicina.ufmg.br\/cpgsaudedacrianca\/wp-json\/wp\/v2\/types\/page"}],"author":[{"embeddable":true,"href":"https:\/\/www.medicina.ufmg.br\/cpgsaudedacrianca\/wp-json\/wp\/v2\/users\/17"}],"replies":[{"embeddable":true,"href":"https:\/\/www.medicina.ufmg.br\/cpgsaudedacrianca\/wp-json\/wp\/v2\/comments?post=271"}],"version-history":[{"count":1,"href":"https:\/\/www.medicina.ufmg.br\/cpgsaudedacrianca\/wp-json\/wp\/v2\/pages\/271\/revisions"}],"predecessor-version":[{"id":272,"href":"https:\/\/www.medicina.ufmg.br\/cpgsaudedacrianca\/wp-json\/wp\/v2\/pages\/271\/revisions\/272"}],"wp:attachment":[{"href":"https:\/\/www.medicina.ufmg.br\/cpgsaudedacrianca\/wp-json\/wp\/v2\/media?parent=271"}],"curies":[{"name":"wp","href":"https:\/\/api.w.org\/{rel}","templated":true}]}}