
{"id":34,"date":"2016-03-03T15:20:07","date_gmt":"2016-03-03T15:20:07","guid":{"rendered":"https:\/\/www.medicina.ufmg.br\/cpgsaudedacrianca\/?page_id=34"},"modified":"2025-09-26T11:42:12","modified_gmt":"2025-09-26T11:42:12","slug":"colegiado","status":"publish","type":"page","link":"https:\/\/www.medicina.ufmg.br\/cpgsaudedacrianca\/colegiado\/","title":{"rendered":"Colegiado"},"content":{"rendered":"\n<p><strong>COORDENADOR: <\/strong>Prof. S\u00e9rgio Veloso Brant Pinheiro<br><strong>SUBCOORDENADORA: <\/strong>Prof.a Juliana Gurgel Giannetti<br><strong>MANDATO: 06\/06\/2025 \u00e0 05\/06\/2027<br><\/strong><br><strong>MEMBROS:<br><\/strong>Prof.a Ana Cristina Sim\u00f5es e Silva \u2013Titular<br>Prof. Eduardo Ara\u00fajo de Oliveira &#8211; Suplente<br>Prof.a Cl\u00e1udia Regina Lindgren Alves -Titular<br>Prof.a Zilma Silveira Nogueira Reis &#8211; Suplente<br>Prof.a D\u00e9bora Marque de Miranda -Titular<br>Prof. Leandro Fernandes Malloy Diniz \u2013 Suplente<br>Prof.a Juliana Gurgel Giannetti -Titular<br>Prof.a Ivani Novato Silva &#8211; Suplente<br>Prof.a Luana Caroline dos Santos\u2013Titular<br>Prof.a Roberta Maia de Castro Romanelli &#8211; Suplente<br>Prof. S\u00e9rgio Veloso Brant Pinheiro \u2013Titular<br>Prof.a Fernanda Gontijo Minafra Silveira Santos &#8211; Suplente<br><br>Rafaela Cristina Vieira e Souza (Disc. Titular) <br>junho 2025 a dezembro de 2025<br><br>Ana Cristina Carvalho Fernandez Fonseca (Disc. Suplente)<br>junho 2025 a dezembro de 2025<\/p>\n","protected":false},"excerpt":{"rendered":"<p>COORDENADOR: Prof. S\u00e9rgio Veloso Brant PinheiroSUBCOORDENADORA: Prof.a Juliana Gurgel GiannettiMANDATO: 06\/06\/2025 \u00e0 05\/06\/2027MEMBROS:Prof.a Ana Cristina Sim\u00f5es e Silva \u2013TitularProf. Eduardo Ara\u00fajo de Oliveira &#8211; SuplenteProf.a Cl\u00e1udia Regina Lindgren Alves -TitularProf.a Zilma Silveira Nogueira Reis &#8211; SuplenteProf.a D\u00e9bora Marque de Miranda -TitularProf. Leandro Fernandes Malloy Diniz \u2013 SuplenteProf.a Juliana Gurgel Giannetti -TitularProf.a Ivani Novato Silva &#8211; [&hellip;]<\/p>\n","protected":false},"author":17,"featured_media":0,"parent":0,"menu_order":0,"comment_status":"closed","ping_status":"closed","template":"","meta":{"footnotes":""},"class_list":["post-34","page","type-page","status-publish","hentry"],"_links":{"self":[{"href":"https:\/\/www.medicina.ufmg.br\/cpgsaudedacrianca\/wp-json\/wp\/v2\/pages\/34","targetHints":{"allow":["GET"]}}],"collection":[{"href":"https:\/\/www.medicina.ufmg.br\/cpgsaudedacrianca\/wp-json\/wp\/v2\/pages"}],"about":[{"href":"https:\/\/www.medicina.ufmg.br\/cpgsaudedacrianca\/wp-json\/wp\/v2\/types\/page"}],"author":[{"embeddable":true,"href":"https:\/\/www.medicina.ufmg.br\/cpgsaudedacrianca\/wp-json\/wp\/v2\/users\/17"}],"replies":[{"embeddable":true,"href":"https:\/\/www.medicina.ufmg.br\/cpgsaudedacrianca\/wp-json\/wp\/v2\/comments?post=34"}],"version-history":[{"count":14,"href":"https:\/\/www.medicina.ufmg.br\/cpgsaudedacrianca\/wp-json\/wp\/v2\/pages\/34\/revisions"}],"predecessor-version":[{"id":1245,"href":"https:\/\/www.medicina.ufmg.br\/cpgsaudedacrianca\/wp-json\/wp\/v2\/pages\/34\/revisions\/1245"}],"wp:attachment":[{"href":"https:\/\/www.medicina.ufmg.br\/cpgsaudedacrianca\/wp-json\/wp\/v2\/media?parent=34"}],"curies":[{"name":"wp","href":"https:\/\/api.w.org\/{rel}","templated":true}]}}

<p><strong>COORDENADOR: </strong>Prof. Sérgio Veloso Brant Pinheiro<br><strong>SUBCOORDENADORA: </strong>Prof.a Juliana Gurgel Giannetti<br><strong>MANDATO: 06/06/2025 à 05/06/2027<br></strong><br><strong>MEMBROS:<br></strong>Prof.a Ana Cristina Simões e Silva –Titular<br>Prof. Eduardo Araújo de Oliveira &#8211; Suplente<br>Prof.a Cláudia Regina Lindgren Alves -Titular<br>Prof.a Zilma Silveira Nogueira Reis &#8211; Suplente<br>Prof.a Débora Marque de Miranda -Titular<br>Prof. Leandro Fernandes Malloy Diniz – Suplente<br>Prof.a Juliana Gurgel Giannetti -Titular<br>Prof.a Ivani Novato Silva &#8211; Suplente<br>Prof.a Luana Caroline dos Santos–Titular<br>Prof.a Roberta Maia de Castro Romanelli &#8211; Suplente<br>Prof. Sérgio Veloso Brant Pinheiro –Titular<br>Prof.a Fernanda Gontijo Minafra Silveira Santos &#8211; Suplente<br><br>Rafaela Cristina Vieira e Souza (Disc. Titular) <br>junho 2025 a dezembro de 2025<br><br>Ana Cristina Carvalho Fernandez Fonseca (Disc. Suplente)<br>junho 2025 a dezembro de 2025</p>

<p>COORDENADOR: Prof. Sérgio Veloso Brant PinheiroSUBCOORDENADORA: Prof.a Juliana Gurgel GiannettiMANDATO: 06/06/2025 à 05/06/2027MEMBROS:Prof.a Ana Cristina Simões e Silva –TitularProf. Eduardo Araújo de Oliveira &#8211; SuplenteProf.a Cláudia Regina Lindgren Alves -TitularProf.a Zilma Silveira Nogueira Reis &#8211; SuplenteProf.a Débora Marque de Miranda -TitularProf. Leandro Fernandes Malloy Diniz – SuplenteProf.a Juliana Gurgel Giannetti -TitularProf.a Ivani Novato Silva &#8211; [&hellip;]</p>
