
{"id":885,"date":"2023-10-26T14:20:17","date_gmt":"2023-10-26T14:20:17","guid":{"rendered":"https:\/\/www.medicina.ufmg.br\/cpgsaudedacrianca\/?page_id=885"},"modified":"2023-10-26T14:35:24","modified_gmt":"2023-10-26T14:35:24","slug":"documentacao-para-candidatos-indigenas","status":"publish","type":"page","link":"https:\/\/www.medicina.ufmg.br\/cpgsaudedacrianca\/documentacao-para-candidatos-indigenas\/","title":{"rendered":"Documenta\u00e7\u00e3o para Candidatos ind\u00edgenas\u00a0\u00a0"},"content":{"rendered":"\n<p class=\"wp-block-paragraph\"><a href=\"https:\/\/ftp.medicina.ufmg.br\/cpg\/programas\/saude_crianca\/arquivos\/2023\/suplementar\/IND%cdGENA%20Declara%e7%e3o%20de%20Resid%eancia.pdf\" data-type=\"URL\" data-id=\"https:\/\/ftp.medicina.ufmg.br\/cpg\/programas\/saude_crianca\/arquivos\/2023\/suplementar\/IND%cdGENA%20Declara%e7%e3o%20de%20Resid%eancia.pdf\">Declara\u00e7\u00e3o de lideran\u00e7a<\/a><\/p>\n\n\n\n<p class=\"wp-block-paragraph\"><a href=\"https:\/\/ftp.medicina.ufmg.br\/cpg\/programas\/saude_crianca\/arquivos\/2023\/suplementar\/IND%cdGENA%20Declara%e7%e3o%20de%20Autoreconhecimento.pdf\" data-type=\"URL\" data-id=\"https:\/\/ftp.medicina.ufmg.br\/cpg\/programas\/saude_crianca\/arquivos\/2023\/suplementar\/IND%cdGENA%20Declara%e7%e3o%20de%20Autoreconhecimento.pdf\">Declara\u00e7\u00e3o de autoreconhecimento<\/a><\/p>\n\n\n\n<p class=\"wp-block-paragraph\"><a href=\"https:\/\/ftp.medicina.ufmg.br\/cpg\/programas\/saude_crianca\/arquivos\/2023\/suplementar\/IND%cdGENA%20Declara%e7%e3o%20de%20Resid%eancia.pdf\" data-type=\"URL\" data-id=\"https:\/\/ftp.medicina.ufmg.br\/cpg\/programas\/saude_crianca\/arquivos\/2023\/suplementar\/IND%cdGENA%20Declara%e7%e3o%20de%20Resid%eancia.pdf\">Declara\u00e7\u00e3o de resid\u00eancia<\/a><\/p>\n\n\n\n<p class=\"wp-block-paragraph\"><\/p>\n","protected":false},"excerpt":{"rendered":"<p>Declara\u00e7\u00e3o de lideran\u00e7a Declara\u00e7\u00e3o de autoreconhecimento Declara\u00e7\u00e3o de resid\u00eancia<\/p>\n","protected":false},"author":17,"featured_media":0,"parent":0,"menu_order":0,"comment_status":"closed","ping_status":"closed","template":"","meta":{"footnotes":""},"class_list":["post-885","page","type-page","status-publish","hentry"],"_links":{"self":[{"href":"https:\/\/www.medicina.ufmg.br\/cpgsaudedacrianca\/wp-json\/wp\/v2\/pages\/885","targetHints":{"allow":["GET"]}}],"collection":[{"href":"https:\/\/www.medicina.ufmg.br\/cpgsaudedacrianca\/wp-json\/wp\/v2\/pages"}],"about":[{"href":"https:\/\/www.medicina.ufmg.br\/cpgsaudedacrianca\/wp-json\/wp\/v2\/types\/page"}],"author":[{"embeddable":true,"href":"https:\/\/www.medicina.ufmg.br\/cpgsaudedacrianca\/wp-json\/wp\/v2\/users\/17"}],"replies":[{"embeddable":true,"href":"https:\/\/www.medicina.ufmg.br\/cpgsaudedacrianca\/wp-json\/wp\/v2\/comments?post=885"}],"version-history":[{"count":2,"href":"https:\/\/www.medicina.ufmg.br\/cpgsaudedacrianca\/wp-json\/wp\/v2\/pages\/885\/revisions"}],"predecessor-version":[{"id":892,"href":"https:\/\/www.medicina.ufmg.br\/cpgsaudedacrianca\/wp-json\/wp\/v2\/pages\/885\/revisions\/892"}],"wp:attachment":[{"href":"https:\/\/www.medicina.ufmg.br\/cpgsaudedacrianca\/wp-json\/wp\/v2\/media?parent=885"}],"curies":[{"name":"wp","href":"https:\/\/api.w.org\/{rel}","templated":true}]}}

Documentação para Candidatos indígenas

<p class="wp-block-paragraph"><a href="https://ftp.medicina.ufmg.br/cpg/programas/saude_crianca/arquivos/2023/suplementar/IND%cdGENA%20Declara%e7%e3o%20de%20Resid%eancia.pdf" data-type="URL" data-id="https://ftp.medicina.ufmg.br/cpg/programas/saude_crianca/arquivos/2023/suplementar/IND%cdGENA%20Declara%e7%e3o%20de%20Resid%eancia.pdf">Declaração de liderança</a></p>



<p class="wp-block-paragraph"><a href="https://ftp.medicina.ufmg.br/cpg/programas/saude_crianca/arquivos/2023/suplementar/IND%cdGENA%20Declara%e7%e3o%20de%20Autoreconhecimento.pdf" data-type="URL" data-id="https://ftp.medicina.ufmg.br/cpg/programas/saude_crianca/arquivos/2023/suplementar/IND%cdGENA%20Declara%e7%e3o%20de%20Autoreconhecimento.pdf">Declaração de autoreconhecimento</a></p>



<p class="wp-block-paragraph"><a href="https://ftp.medicina.ufmg.br/cpg/programas/saude_crianca/arquivos/2023/suplementar/IND%cdGENA%20Declara%e7%e3o%20de%20Resid%eancia.pdf" data-type="URL" data-id="https://ftp.medicina.ufmg.br/cpg/programas/saude_crianca/arquivos/2023/suplementar/IND%cdGENA%20Declara%e7%e3o%20de%20Resid%eancia.pdf">Declaração de residência</a></p>



<p class="wp-block-paragraph"></p>

<p>Declaração de liderança Declaração de autoreconhecimento Declaração de residência</p>
