
{"id":44,"date":"2016-01-06T13:12:37","date_gmt":"2016-01-06T13:12:37","guid":{"rendered":"https:\/\/www.medicina.ufmg.br\/saudedamulher\/?page_id=44"},"modified":"2025-01-15T16:00:26","modified_gmt":"2025-01-15T16:00:26","slug":"sobre","status":"publish","type":"page","link":"https:\/\/www.medicina.ufmg.br\/cpgsaudedamulher\/sobre\/","title":{"rendered":"Sobre"},"content":{"rendered":"<p align=\"justify\">O Curso de Mestrado em Sa\u00fade da Mulher foi fundado pelo Prof. Cl\u00f3vis Salgado e atua desde 1970 na forma\u00e7\u00e3o de recursos humanos para doc\u00eancia e para a pesquisa. Tem como caracter\u00edstica fundamental o fato de ser multidisciplinar. Desta forma, tem se mantido tradicionalmente aberto aos diversos egressos de cursos superiores de outras \u00e1reas do conhecimento al\u00e9m da Medicina III, acolhendo a pesquisa em sa\u00fade da mulher que aborda aspectos da ci\u00eancia b\u00e1sica, transla\u00e7\u00e3o e diversas pr\u00e1ticas cl\u00ednicas suportadas por evid\u00eancia cient\u00edfica e tecnologia.<\/p>\n<p><!--more--><\/p>\n<p>O escopo das suas atividades envolve a promo\u00e7\u00e3o de um ambiente acad\u00eamico capaz de fomentar a pesquisa sobre diversos aspectos relacionados \u00e0 sa\u00fade da mulher, em todo seu ciclo de vida. O estudos poder\u00e3o contemplar interfaces interdisciplinares com as ci\u00eancias b\u00e1sicas, pr\u00e1ticas cl\u00ednicas e cir\u00fargicas, an\u00e1lise de imagens, modelos de predi\u00e7\u00e3o, preven\u00e7\u00e3o de doen\u00e7as, tecnologias pr\u00f3prias da sa\u00fade digital e outras tecnologias inovadoras. Para isso, as linhas de pesquisa abrem um amplo espectro de possibilidades para o desenvolvimento cient\u00edfico, envolvendo o ciclo grav\u00eddico-puerperal: aspectos fisiol\u00f3gicos e patol\u00f3gicos, as malforma\u00e7\u00f5es cong\u00eanitas, a endocrinologia ginecol\u00f3gica e reprodu\u00e7\u00e3o humana, a oncologia ginecol\u00f3gica e mastologia. Al\u00e9m destas, a cirurgia ginecol\u00f3gica e assoalho p\u00e9lvico e, de forma transversal, a tecnologia e a sa\u00fade digital aplicadas.<\/p>\n","protected":false},"excerpt":{"rendered":"<p>O Curso de Mestrado em Sa\u00fade da Mulher foi fundado pelo Prof. Cl\u00f3vis Salgado e atua desde 1970 na forma\u00e7\u00e3o de recursos humanos para doc\u00eancia e para a pesquisa. Tem como caracter\u00edstica fundamental o fato de ser multidisciplinar. Desta forma, tem se mantido tradicionalmente aberto aos diversos egressos de cursos superiores de outras \u00e1reas do [&hellip;]<\/p>\n","protected":false},"author":17,"featured_media":0,"parent":0,"menu_order":0,"comment_status":"closed","ping_status":"closed","template":"","meta":{"footnotes":""},"class_list":["post-44","page","type-page","status-publish","hentry"],"_links":{"self":[{"href":"https:\/\/www.medicina.ufmg.br\/cpgsaudedamulher\/wp-json\/wp\/v2\/pages\/44","targetHints":{"allow":["GET"]}}],"collection":[{"href":"https:\/\/www.medicina.ufmg.br\/cpgsaudedamulher\/wp-json\/wp\/v2\/pages"}],"about":[{"href":"https:\/\/www.medicina.ufmg.br\/cpgsaudedamulher\/wp-json\/wp\/v2\/types\/page"}],"author":[{"embeddable":true,"href":"https:\/\/www.medicina.ufmg.br\/cpgsaudedamulher\/wp-json\/wp\/v2\/users\/17"}],"replies":[{"embeddable":true,"href":"https:\/\/www.medicina.ufmg.br\/cpgsaudedamulher\/wp-json\/wp\/v2\/comments?post=44"}],"version-history":[{"count":14,"href":"https:\/\/www.medicina.ufmg.br\/cpgsaudedamulher\/wp-json\/wp\/v2\/pages\/44\/revisions"}],"predecessor-version":[{"id":898,"href":"https:\/\/www.medicina.ufmg.br\/cpgsaudedamulher\/wp-json\/wp\/v2\/pages\/44\/revisions\/898"}],"wp:attachment":[{"href":"https:\/\/www.medicina.ufmg.br\/cpgsaudedamulher\/wp-json\/wp\/v2\/media?parent=44"}],"curies":[{"name":"wp","href":"https:\/\/api.w.org\/{rel}","templated":true}]}}