
{"id":547,"date":"2023-01-03T14:52:54","date_gmt":"2023-01-03T14:52:54","guid":{"rendered":"https:\/\/www.medicina.ufmg.br\/cpgsaudedamulher\/?page_id=547"},"modified":"2023-01-03T14:52:56","modified_gmt":"2023-01-03T14:52:56","slug":"area-do-aluno","status":"publish","type":"page","link":"https:\/\/www.medicina.ufmg.br\/cpgsaudedamulher\/area-do-aluno\/","title":{"rendered":"\u00c1rea do aluno"},"content":{"rendered":"\n<p>Caro aluno de P\u00f3s-Gradua\u00e7\u00e3o, o Centro de P\u00f3s-Gradua\u00e7\u00e3o da UFMG disponibiliza para voc\u00ea um guia contendo orienta\u00e7\u00f5es importantes para vida acad\u00eamica, como:<\/p>\n\n\n\n<p>Como formalizar orienta\u00e7\u00e3o e\/ou coorienta\u00e7\u00e3o na P\u00f3s-Gradua\u00e7\u00e3o?<\/p>\n\n\n\n<p>Como solicitar o APROVEITAMENTO DE ESTUDOS (cr\u00e9ditos)<\/p>\n\n\n\n<p>O que \u00e9 necess\u00e1rio para solicitar a marca\u00e7\u00e3o da Defesa e\/ou Exame de Qualifica\u00e7\u00e3o?<\/p>\n\n\n\n<p>Orienta\u00e7\u00e3o ativa no Sistema Acad\u00eamico<\/p>\n\n\n\n<p>Confirma\u00e7\u00e3o do m\u00ednimo de cr\u00e9ditos exigidos e situa\u00e7\u00e3o integralizada<\/p>\n\n\n\n<p>Entrega do comprovante de profici\u00eancia em L\u00edngua Estrangeira<br><br>Como acessar o Sistema Acad\u00eamico, por meio do Menu Minha UFMG<br><br>Como marcar a DEFESA (Disserta\u00e7\u00e3o ou Tese)\/QUALIFICA\u00c7\u00c3O no Sistema Acad\u00eamico de P\u00f3s-Gradua\u00e7\u00e3o<br><\/p>\n\n\n\n<p><strong><a href=\"https:\/\/docs.google.com\/document\/d\/1J1eQhkC8EaUhAY-GVmamMB2Q22YDFQpj\/edit\" data-type=\"URL\" data-id=\"https:\/\/docs.google.com\/document\/d\/1J1eQhkC8EaUhAY-GVmamMB2Q22YDFQpj\/edit\">Guia do Aluno<\/a><\/strong><\/p>\n\n\n\n<p><\/p>\n\n\n\n<p><strong>Normas espec\u00edficas do Curso de Mestrado em Sa\u00fade da Mulher<\/strong><\/p>\n\n\n\n<p><strong>Escolha do orientador<\/strong><\/p>\n\n\n\n<p>Junto \u00e1 matr\u00edcula inicial no Curso, o aluno deve apresentar o formul\u00e1rio preenchido indicando o orientador pretendido.<\/p>\n\n\n\n<p><br><strong>Exame de Qualifica\u00e7\u00e3o de mestrado:<\/strong><\/p>\n\n\n\n<p>Institu\u00eddo a partir de 2022-2 para todos os mestrandos, entre o 13o e 18o m\u00eas a seguir da entrada do discente no Curso de Mestrado. A banca deve ser agendada no mesmo formul\u00e1rio da defesa, com apoio da secretaria do Curso, composta por dois docentes, al\u00e9m do orientador.<\/p>\n\n\n\n<p><strong>Apoio estat\u00edstico:<\/strong><\/p>\n\n\n\n<p>&#8220;O Centro de P\u00f3s-Gradua\u00e7\u00e3o, situado no 5o andar desta Faculdade, disp\u00f5e um profissional de estat\u00edstica que presta consultoria a todos os Programas de Pos-Gradua\u00e7\u00e3o e Cursos da Faculdade de Medicina.&#8221;<\/p>\n\n\n\n<p><strong>Apoio \u00e0s publica\u00e7\u00f5es cient\u00edficas de alto impacto:<\/strong><\/p>\n\n\n\n<p>Na medida da disponibilidade de recurso CAPES e <strong>antes da defesa<\/strong>, o Curso prover\u00e1 apoio \u00e0 publica\u00e7\u00e3o cient\u00edfica destinada \u00e0s revistas com elevado Fator de Impacto, na seguinte prioridade: 1-Reembolso das taxas de &#8220;open access&#8221;, aos artigos j\u00e1 publicados. 2- Reembolso de revis\u00e3o de idioma de artigo que foi escrito em ingl\u00eas ou espanhol. 3-Reembolso de consultoria estat\u00edstica que ultrapasse a expertise do estat\u00edstico do Centro de P\u00f3s-Gradua\u00e7\u00e3o da Faculdade de Medicina, desde que realizado pela Empresa J\u00fanior de Estat\u00edstica da UFMG. O apoio \u00e0 publica\u00e7\u00e3o inclui Revis\u00f5es Sistem\u00e1ticas (com ou sem metan\u00e1lise) realizadas em substitui\u00e7\u00e3o \u00e0 Revis\u00e3o de Literatura das disserta\u00e7\u00f5es, com as mesmas regras anteriores.<\/p>\n\n\n\n<p><strong>Aprova\u00e7\u00e3o \u00e9tica dos projetos de pesquisa<\/strong><\/p>\n\n\n\n<p>Comit\u00ea de \u00c9tica em Pesquisa da UFMG: <a href=\"https:\/\/www.ufmg.br\/bioetica\/coep\/\">https:\/\/www.ufmg.br\/bioetica\/coep\/<\/a><\/p>\n\n\n\n<p>Voc\u00ea pode consultar o fluxo de tramita\u00e7\u00e3o de projetos no Hospital das Cl\u00ednicas da UFMG\/Ebserh no website da Ger\u00eancia de Ensino e Pesquisa. De forma resumida, encontra-se aqui:<\/p>\n\n\n\n<p><a href=\"https:\/\/drive.google.com\/file\/d\/1PfPHitlyJCWfB1cw9BefJxuWof4YtOPq\/view?usp=share_link\">https:\/\/drive.google.com\/file\/d\/1PfPHitlyJCWfB1cw9BefJxuWof4YtOPq\/view?usp=share_link<\/a><\/p>\n\n\n\n<p>Para verificar quest\u00f5es relativas \u00e0 prote\u00e7\u00e3o de dados pessoais, consulte a Lei Geral de Prote\u00e7\u00e3o de Dados (14\/08\/2018) ou a vers\u00e3o que se encontrar em vigor:<\/p>\n\n\n\n<p><a href=\"https:\/\/www.planalto.gov.br\/ccivil_03\/_ato2015-2018\/2018\/lei\/l13709.htm\">https:\/\/www.planalto.gov.br\/ccivil_03\/_ato2015-2018\/2018\/lei\/l13709.htm<\/a><\/p>\n","protected":false},"excerpt":{"rendered":"<p>Caro aluno de P\u00f3s-Gradua\u00e7\u00e3o, o Centro de P\u00f3s-Gradua\u00e7\u00e3o da UFMG disponibiliza para voc\u00ea um guia contendo orienta\u00e7\u00f5es importantes para vida acad\u00eamica, como: Como formalizar orienta\u00e7\u00e3o e\/ou coorienta\u00e7\u00e3o na P\u00f3s-Gradua\u00e7\u00e3o? Como solicitar o APROVEITAMENTO DE ESTUDOS (cr\u00e9ditos) O que \u00e9 necess\u00e1rio para solicitar a marca\u00e7\u00e3o da Defesa e\/ou Exame de Qualifica\u00e7\u00e3o? Orienta\u00e7\u00e3o ativa no Sistema Acad\u00eamico [&hellip;]<\/p>\n","protected":false},"author":17,"featured_media":0,"parent":0,"menu_order":0,"comment_status":"closed","ping_status":"closed","template":"","meta":{"footnotes":""},"class_list":["post-547","page","type-page","status-publish","hentry"],"_links":{"self":[{"href":"https:\/\/www.medicina.ufmg.br\/cpgsaudedamulher\/wp-json\/wp\/v2\/pages\/547","targetHints":{"allow":["GET"]}}],"collection":[{"href":"https:\/\/www.medicina.ufmg.br\/cpgsaudedamulher\/wp-json\/wp\/v2\/pages"}],"about":[{"href":"https:\/\/www.medicina.ufmg.br\/cpgsaudedamulher\/wp-json\/wp\/v2\/types\/page"}],"author":[{"embeddable":true,"href":"https:\/\/www.medicina.ufmg.br\/cpgsaudedamulher\/wp-json\/wp\/v2\/users\/17"}],"replies":[{"embeddable":true,"href":"https:\/\/www.medicina.ufmg.br\/cpgsaudedamulher\/wp-json\/wp\/v2\/comments?post=547"}],"version-history":[{"count":1,"href":"https:\/\/www.medicina.ufmg.br\/cpgsaudedamulher\/wp-json\/wp\/v2\/pages\/547\/revisions"}],"predecessor-version":[{"id":548,"href":"https:\/\/www.medicina.ufmg.br\/cpgsaudedamulher\/wp-json\/wp\/v2\/pages\/547\/revisions\/548"}],"wp:attachment":[{"href":"https:\/\/www.medicina.ufmg.br\/cpgsaudedamulher\/wp-json\/wp\/v2\/media?parent=547"}],"curies":[{"name":"wp","href":"https:\/\/api.w.org\/{rel}","templated":true}]}}