
{"id":849,"date":"2021-12-10T17:57:14","date_gmt":"2021-12-10T17:57:14","guid":{"rendered":"https:\/\/www.medicina.ufmg.br\/cpgsaudedoadulto\/?page_id=849"},"modified":"2022-07-18T13:58:42","modified_gmt":"2022-07-18T13:58:42","slug":"processo-seletivo-2022","status":"publish","type":"page","link":"https:\/\/www.medicina.ufmg.br\/cpgsaudedoadulto\/processo-seletivo-2022\/","title":{"rendered":"Processo Seletivo 2022"},"content":{"rendered":"\t\t<div data-elementor-type=\"wp-page\" data-elementor-id=\"849\" class=\"elementor elementor-849\">\n\t\t\t\t\t\t<section class=\"elementor-section elementor-top-section elementor-element elementor-element-0635a14 elementor-section-boxed elementor-section-height-default elementor-section-height-default\" data-id=\"0635a14\" data-element_type=\"section\">\n\t\t\t\t\t\t<div class=\"elementor-container elementor-column-gap-default\">\n\t\t\t\t\t<div class=\"elementor-column elementor-col-100 elementor-top-column elementor-element elementor-element-2927319\" data-id=\"2927319\" data-element_type=\"column\">\n\t\t\t<div class=\"elementor-widget-wrap elementor-element-populated\">\n\t\t\t\t\t\t<div class=\"elementor-element elementor-element-68cd7e3 elementor-widget elementor-widget-heading\" data-id=\"68cd7e3\" data-element_type=\"widget\" data-widget_type=\"heading.default\">\n\t\t\t\t<div class=\"elementor-widget-container\">\n\t\t\t\t\t<h2 class=\"elementor-heading-title elementor-size-default\">Processo Seletivo 2022\/2\u00ba<\/h2>\t\t\t\t<\/div>\n\t\t\t\t<\/div>\n\t\t\t\t\t<\/div>\n\t\t<\/div>\n\t\t\t\t\t<\/div>\n\t\t<\/section>\n\t\t\t\t<section class=\"elementor-section elementor-top-section elementor-element elementor-element-7a9b681 elementor-section-boxed elementor-section-height-default elementor-section-height-default\" data-id=\"7a9b681\" data-element_type=\"section\">\n\t\t\t\t\t\t<div class=\"elementor-container elementor-column-gap-default\">\n\t\t\t\t\t<div class=\"elementor-column elementor-col-100 elementor-top-column elementor-element elementor-element-d5ae025\" data-id=\"d5ae025\" data-element_type=\"column\">\n\t\t\t<div class=\"elementor-widget-wrap elementor-element-populated\">\n\t\t\t\t\t\t<div class=\"elementor-element elementor-element-fc47cfd elementor-widget elementor-widget-toggle\" data-id=\"fc47cfd\" data-element_type=\"widget\" data-widget_type=\"toggle.default\">\n\t\t\t\t<div class=\"elementor-widget-container\">\n\t\t\t\t\t\t\t<div class=\"elementor-toggle\">\n\t\t\t\t\t\t\t<div class=\"elementor-toggle-item\">\n\t\t\t\t\t<div id=\"elementor-tab-title-2641\" class=\"elementor-tab-title\" data-tab=\"1\" role=\"button\" aria-controls=\"elementor-tab-content-2641\" aria-expanded=\"false\">\n\t\t\t\t\t\t\t\t\t\t\t\t<span class=\"elementor-toggle-icon elementor-toggle-icon-left\" aria-hidden=\"true\">\n\t\t\t\t\t\t\t\t\t\t\t\t\t\t\t<span class=\"elementor-toggle-icon-closed\"><i class=\"fas fa-caret-right\"><\/i><\/span>\n\t\t\t\t\t\t\t\t<span class=\"elementor-toggle-icon-opened\"><i class=\"elementor-toggle-icon-opened fas fa-caret-up\"><\/i><\/span>\n\t\t\t\t\t\t\t\t\t\t\t\t\t<\/span>\n\t\t\t\t\t\t\t\t\t\t\t\t<a class=\"elementor-toggle-title\" tabindex=\"0\">Doutorado<\/a>\n\t\t\t\t\t<\/div>\n\n\t\t\t\t\t<div id=\"elementor-tab-content-2641\" class=\"elementor-tab-content elementor-clearfix\" data-tab=\"1\" role=\"region\" aria-labelledby=\"elementor-tab-title-2641\"><p><a href=\"https:\/\/ftp.medicina.ufmg.br\/cpg\/programas\/saude_adulto\/2022\/2\/FormulariodeAutodeclaracaoEtnicoRacial.pdf\">Formul\u00e1rio de autodeclara\u00e7\u00e3o \u00e9tnico-racial<\/a><br \/><a href=\"https:\/\/ftp.medicina.ufmg.br\/cpg\/programas\/saude_adulto\/2022\/2\/FormulariodePontuacaoDoutorado.docx\">Formul\u00e1rio de Pontua\u00e7\u00e3o<\/a><br \/><a href=\"https:\/\/ftp.medicina.ufmg.br\/cpg\/programas\/saude_adulto\/2022\/2\/Formulariodeinscricaodoutorado.xls\">Formul\u00e1rio de inscri\u00e7\u00e3o<\/a><br \/><a href=\"https:\/\/www.medicina.ufmg.br\/cpgsaudedoadulto\/wp-content\/uploads\/sites\/46\/2022\/04\/CronogramaDoutorado.pdf\">Cronograma<\/a><br \/><a href=\"https:\/\/ftp.medicina.ufmg.br\/cpg\/programas\/saude_adulto\/2022\/2\/EditalRegularSaudedoAdultoDoutorado.pdf\">Edital de sele\u00e7\u00e3o<\/a><br \/><a href=\"https:\/\/www.medicina.ufmg.br\/cpgsaudedoadulto\/wp-content\/uploads\/sites\/46\/2022\/06\/Resultado-da-analise-da-documentacao-doutorado-cpgsa-2022.pdf\"><b>Resultado\u00a0da\u00a0an\u00e1lise\u00a0da\u00a0<wbr \/>documenta\u00e7\u00e3o pelo Programa<\/b><\/a><br \/><a href=\"https:\/\/www.medicina.ufmg.br\/cpgsaudedoadulto\/wp-content\/uploads\/sites\/46\/2022\/06\/escalaarguicaoraldoutorado.pdf\">Escala de argui\u00e7\u00e3o oral<\/a><br \/><a href=\"https:\/\/www.medicina.ufmg.br\/cpgsaudedoadulto\/wp-content\/uploads\/sites\/46\/2022\/06\/Resultadoprimeiraetapadoutorado.pdf\">Resultado primeira etapa<\/a><br \/><a href=\"https:\/\/www.medicina.ufmg.br\/cpgsaudedoadulto\/wp-content\/uploads\/sites\/46\/2022\/06\/Declaracaodeinexistenciadeimpedimentooususpeicaodoutorado-1.pdf\">Declara\u00e7\u00e3o de inexist\u00eancia de impedimento ou suspei\u00e7\u00e3o<\/a><br \/><a href=\"https:\/\/www.medicina.ufmg.br\/cpgsaudedoadulto\/wp-content\/uploads\/sites\/46\/2022\/07\/Resultadofinaldoutorado-cpg-saude-do-altulto-2022-2.pdf\">Resultado final<\/a><br \/><a href=\"https:\/\/www.medicina.ufmg.br\/cpgsaudedoadulto\/wp-content\/uploads\/sites\/46\/2022\/07\/Resultadofinaldoutoradoaposremanejamentodevaga.pdf\">Resultado final ap\u00f3s remanejamento de vaga<\/a><br \/><br \/><\/p><\/div>\n\t\t\t\t<\/div>\n\t\t\t\t\t\t\t<div class=\"elementor-toggle-item\">\n\t\t\t\t\t<div id=\"elementor-tab-title-2642\" class=\"elementor-tab-title\" data-tab=\"2\" role=\"button\" aria-controls=\"elementor-tab-content-2642\" aria-expanded=\"false\">\n\t\t\t\t\t\t\t\t\t\t\t\t<span class=\"elementor-toggle-icon elementor-toggle-icon-left\" aria-hidden=\"true\">\n\t\t\t\t\t\t\t\t\t\t\t\t\t\t\t<span class=\"elementor-toggle-icon-closed\"><i class=\"fas fa-caret-right\"><\/i><\/span>\n\t\t\t\t\t\t\t\t<span class=\"elementor-toggle-icon-opened\"><i class=\"elementor-toggle-icon-opened fas fa-caret-up\"><\/i><\/span>\n\t\t\t\t\t\t\t\t\t\t\t\t\t<\/span>\n\t\t\t\t\t\t\t\t\t\t\t\t<a class=\"elementor-toggle-title\" tabindex=\"0\">Mestrado<\/a>\n\t\t\t\t\t<\/div>\n\n\t\t\t\t\t<div id=\"elementor-tab-content-2642\" class=\"elementor-tab-content elementor-clearfix\" data-tab=\"2\" role=\"region\" aria-labelledby=\"elementor-tab-title-2642\"><p><a href=\"https:\/\/ftp.medicina.ufmg.br\/cpg\/programas\/saude_adulto\/2022\/2\/FormulariodeAutodeclaracaoEtnicoRacial.pdf\">Formul\u00e1rio de autodeclara\u00e7\u00e3o \u00e9tnico-racial<\/a><br \/><a href=\"https:\/\/ftp.medicina.ufmg.br\/cpg\/programas\/saude_adulto\/2022\/2\/FormulariodePontuacaoMestrado.docx\">Formul\u00e1rio de Pontua\u00e7\u00e3o<\/a><br \/><a href=\"https:\/\/ftp.medicina.ufmg.br\/cpg\/programas\/saude_adulto\/2022\/2\/Formulariodeinscricaomestrado.xls\">Formul\u00e1rio de inscri\u00e7\u00e3o<\/a><br \/><a href=\"https:\/\/www.medicina.ufmg.br\/cpgsaudedoadulto\/wp-content\/uploads\/sites\/46\/2022\/04\/CronogramaMestrado.pdf\">Cronograma<\/a><br \/><a href=\"https:\/\/ftp.medicina.ufmg.br\/cpg\/programas\/saude_adulto\/2022\/2\/EditalRegularSaudedoAdultoMestrado.pdf\">Edital de sele\u00e7\u00e3o<\/a><br \/><a href=\"https:\/\/www.medicina.ufmg.br\/cpgsaudedoadulto\/wp-content\/uploads\/sites\/46\/2022\/06\/Resultado-da-analise-da-documentacao-mestrado-cpgsa-2022.pdf\"><b>Resultado\u00a0da\u00a0an\u00e1lise\u00a0da\u00a0<wbr \/>documenta\u00e7\u00e3o\u00a0pelo Programa<\/b><\/a><br \/><a href=\"https:\/\/www.medicina.ufmg.br\/cpgsaudedoadulto\/wp-content\/uploads\/sites\/46\/2022\/06\/Escalaarguicaooralmestrado.pdf\">Escala\u00a0de\u00a0argui\u00e7\u00e3o\u00a0oral<b><br \/><\/b><\/a><a href=\"https:\/\/www.medicina.ufmg.br\/cpgsaudedoadulto\/wp-content\/uploads\/sites\/46\/2022\/06\/Resultadoprimeiraetapamestrado.pdf\">Resultado\u00a0primeira etapa<\/a><br \/><a href=\"https:\/\/www.medicina.ufmg.br\/cpgsaudedoadulto\/wp-content\/uploads\/sites\/46\/2022\/06\/Declaracaodeinexistenciadeimpedimentooususpeicaomestrado-1.pdf\">Declara\u00e7\u00e3o de inexist\u00eancia de impedimento ou suspei\u00e7\u00e3o<\/a><br \/><a href=\"https:\/\/www.medicina.ufmg.br\/cpgsaudedoadulto\/wp-content\/uploads\/sites\/46\/2022\/07\/Resultadofinalmestrado-cpg-saude-do-altulto-2022-2.pdf\">Resultado final<\/a><\/p><\/div>\n\t\t\t\t<\/div>\n\t\t\t\t\t\t\t\t<\/div>\n\t\t\t\t\t\t<\/div>\n\t\t\t\t<\/div>\n\t\t\t\t<div class=\"elementor-element elementor-element-bd31862 elementor-widget elementor-widget-heading\" data-id=\"bd31862\" data-element_type=\"widget\" data-widget_type=\"heading.default\">\n\t\t\t\t<div class=\"elementor-widget-container\">\n\t\t\t\t\t<h2 class=\"elementor-heading-title elementor-size-default\">Processo Seletivo 2022\/1\u00ba<\/h2>\t\t\t\t<\/div>\n\t\t\t\t<\/div>\n\t\t\t\t\t<\/div>\n\t\t<\/div>\n\t\t\t\t\t<\/div>\n\t\t<\/section>\n\t\t\t\t<section class=\"elementor-section elementor-top-section elementor-element elementor-element-c79745f elementor-section-boxed elementor-section-height-default elementor-section-height-default\" data-id=\"c79745f\" data-element_type=\"section\">\n\t\t\t\t\t\t<div class=\"elementor-container elementor-column-gap-default\">\n\t\t\t\t\t<div class=\"elementor-column elementor-col-100 elementor-top-column elementor-element elementor-element-d4ed58f\" data-id=\"d4ed58f\" data-element_type=\"column\">\n\t\t\t<div class=\"elementor-widget-wrap elementor-element-populated\">\n\t\t\t\t\t\t<div class=\"elementor-element elementor-element-423aef5 elementor-widget elementor-widget-toggle\" data-id=\"423aef5\" data-element_type=\"widget\" data-widget_type=\"toggle.default\">\n\t\t\t\t<div class=\"elementor-widget-container\">\n\t\t\t\t\t\t\t<div class=\"elementor-toggle\">\n\t\t\t\t\t\t\t<div class=\"elementor-toggle-item\">\n\t\t\t\t\t<div id=\"elementor-tab-title-6941\" class=\"elementor-tab-title\" data-tab=\"1\" role=\"button\" aria-controls=\"elementor-tab-content-6941\" aria-expanded=\"false\">\n\t\t\t\t\t\t\t\t\t\t\t\t<span class=\"elementor-toggle-icon elementor-toggle-icon-left\" aria-hidden=\"true\">\n\t\t\t\t\t\t\t\t\t\t\t\t\t\t\t<span class=\"elementor-toggle-icon-closed\"><i class=\"fas fa-caret-right\"><\/i><\/span>\n\t\t\t\t\t\t\t\t<span class=\"elementor-toggle-icon-opened\"><i class=\"elementor-toggle-icon-opened fas fa-caret-up\"><\/i><\/span>\n\t\t\t\t\t\t\t\t\t\t\t\t\t<\/span>\n\t\t\t\t\t\t\t\t\t\t\t\t<a class=\"elementor-toggle-title\" tabindex=\"0\">Doutorado<\/a>\n\t\t\t\t\t<\/div>\n\n\t\t\t\t\t<div id=\"elementor-tab-content-6941\" class=\"elementor-tab-content elementor-clearfix\" data-tab=\"1\" role=\"region\" aria-labelledby=\"elementor-tab-title-6941\"><p><a href=\"https:\/\/ftp.medicina.ufmg.br\/cpg\/programas\/saude_adulto\/2022\/FormulariodeAutodeclaracaoEtnicoRacial.pdf\">Formul\u00e1rio de autodeclara\u00e7\u00e3o \u00e9tnico-racial<\/a><\/p><p><a href=\"https:\/\/ftp.medicina.ufmg.br\/cpg\/programas\/saude_adulto\/2022\/FormulariodePontuacaoDoutorado.docx\">Formul\u00e1rio de Pontua\u00e7\u00e3o<\/a><\/p><p><a href=\"https:\/\/ftp.medicina.ufmg.br\/cpg\/programas\/saude_adulto\/2022\/Formulariodeinscricaodoutorado.xls\">Formul\u00e1rio de inscri\u00e7\u00e3o<\/a><\/p><p><a href=\"https:\/\/ftp.medicina.ufmg.br\/cpg\/programas\/saude_adulto\/2022\/EditalRegularSaudedoAdultoDoutorado.pdf\">Edital de sele\u00e7\u00e3o<\/a><\/p><p style=\"font-weight: 400;\"><a href=\"https:\/\/www.medicina.ufmg.br\/cpgsaudedoadulto\/wp-content\/uploads\/sites\/46\/2022\/02\/Resultadodaanalisedadocumentacaodoutorado-1.pdf\"><strong>Resultado\u00a0da\u00a0an\u00e1lise\u00a0da\u00a0documenta\u00e7\u00e3o\u00a0pelo Programa<\/strong><\/a><\/p><p><a href=\"https:\/\/www.medicina.ufmg.br\/cpgsaudedoadulto\/wp-content\/uploads\/sites\/46\/2022\/02\/Escalaarguicaooraldoutorado-2.pdf\">Escala de argui\u00e7\u00e3o oral<\/a><\/p><p><a href=\"https:\/\/www.medicina.ufmg.br\/cpgsaudedoadulto\/wp-content\/uploads\/sites\/46\/2022\/02\/Resultadoprimeiraetapadoutorado-3.pdf\">Resultado primeira etapa<\/a><\/p><p><a href=\"https:\/\/www.medicina.ufmg.br\/cpgsaudedoadulto\/wp-content\/uploads\/sites\/46\/2022\/02\/Declaracaodeinexistenciadeimpedimentooususpeicaodoutorado.pdf\">Declara\u00e7\u00e3o de inexist\u00eancia de impedimento ou suspei\u00e7\u00e3o<\/a><\/p><p><a href=\"https:\/\/www.medicina.ufmg.br\/cpgsaudedoadulto\/wp-content\/uploads\/sites\/46\/2022\/02\/Resultado-final-doutorado-saude-do-adulto-2022.pdf\">Resultado final\u00a0<\/a><\/p><\/div>\n\t\t\t\t<\/div>\n\t\t\t\t\t\t\t<div class=\"elementor-toggle-item\">\n\t\t\t\t\t<div id=\"elementor-tab-title-6942\" class=\"elementor-tab-title\" data-tab=\"2\" role=\"button\" aria-controls=\"elementor-tab-content-6942\" aria-expanded=\"false\">\n\t\t\t\t\t\t\t\t\t\t\t\t<span class=\"elementor-toggle-icon elementor-toggle-icon-left\" aria-hidden=\"true\">\n\t\t\t\t\t\t\t\t\t\t\t\t\t\t\t<span class=\"elementor-toggle-icon-closed\"><i class=\"fas fa-caret-right\"><\/i><\/span>\n\t\t\t\t\t\t\t\t<span class=\"elementor-toggle-icon-opened\"><i class=\"elementor-toggle-icon-opened fas fa-caret-up\"><\/i><\/span>\n\t\t\t\t\t\t\t\t\t\t\t\t\t<\/span>\n\t\t\t\t\t\t\t\t\t\t\t\t<a class=\"elementor-toggle-title\" tabindex=\"0\">Mestrado<\/a>\n\t\t\t\t\t<\/div>\n\n\t\t\t\t\t<div id=\"elementor-tab-content-6942\" class=\"elementor-tab-content elementor-clearfix\" data-tab=\"2\" role=\"region\" aria-labelledby=\"elementor-tab-title-6942\"><p><a href=\"https:\/\/ftp.medicina.ufmg.br\/cpg\/programas\/saude_adulto\/2022\/FormulariodeAutodeclaracaoEtnicoRacial.pdf\">Formul\u00e1rio de autodeclara\u00e7\u00e3o \u00e9tnico-racial<\/a><\/p><p><a href=\"https:\/\/ftp.medicina.ufmg.br\/cpg\/programas\/saude_adulto\/2022\/FormulariodePontuacaoMestrado.docx\">Formul\u00e1rio de Pontua\u00e7\u00e3o<\/a><\/p><p><a href=\"https:\/\/ftp.medicina.ufmg.br\/cpg\/programas\/saude_adulto\/2022\/Formulariodeinscricaomestrado.xls\">Formul\u00e1rio de inscri\u00e7\u00e3o<\/a><\/p><p><a href=\"https:\/\/ftp.medicina.ufmg.br\/cpg\/programas\/saude_adulto\/2022\/EditalRegularSaudedoAdultoMestrado.pdf\">Edital de sele\u00e7\u00e3o<\/a><\/p><p style=\"font-weight: 400;\"><a href=\"https:\/\/www.medicina.ufmg.br\/cpgsaudedoadulto\/wp-content\/uploads\/sites\/46\/2022\/02\/Resultadodaanalisedadocumentacaomestrado-1.pdf\"><strong>Resultado\u00a0da\u00a0an\u00e1lise\u00a0da\u00a0documenta\u00e7\u00e3o\u00a0pelo Programa<\/strong><\/a><\/p><p><a href=\"https:\/\/www.medicina.ufmg.br\/cpgsaudedoadulto\/wp-content\/uploads\/sites\/46\/2022\/02\/Escalaarguicaooralmestrado-2.pdf\">Escala de argui\u00e7\u00e3o oral<\/a><\/p><p><a href=\"https:\/\/www.medicina.ufmg.br\/cpgsaudedoadulto\/wp-content\/uploads\/sites\/46\/2022\/02\/Declaracaodeinexistenciadeimpedimentooususpeicaomestrado.pdf\">Declara\u00e7\u00e3o de inexist\u00eancia de impedimento ou suspei\u00e7\u00e3o<\/a><\/p><p><a href=\"https:\/\/www.medicina.ufmg.br\/cpgsaudedoadulto\/wp-content\/uploads\/sites\/46\/2022\/02\/Resultadoprimeiraetapamestrado-2.pdf\">Resultado primeira etapa<\/a><\/p><p><a href=\"https:\/\/www.medicina.ufmg.br\/cpgsaudedoadulto\/wp-content\/uploads\/sites\/46\/2022\/02\/Resultado-final-mestrado-saude-do-adulto-2022.pdf\">Resultado final<\/a><\/p><\/div>\n\t\t\t\t<\/div>\n\t\t\t\t\t\t\t<div class=\"elementor-toggle-item\">\n\t\t\t\t\t<div id=\"elementor-tab-title-6943\" class=\"elementor-tab-title\" data-tab=\"3\" role=\"button\" aria-controls=\"elementor-tab-content-6943\" aria-expanded=\"false\">\n\t\t\t\t\t\t\t\t\t\t\t\t<span class=\"elementor-toggle-icon elementor-toggle-icon-left\" aria-hidden=\"true\">\n\t\t\t\t\t\t\t\t\t\t\t\t\t\t\t<span class=\"elementor-toggle-icon-closed\"><i class=\"fas fa-caret-right\"><\/i><\/span>\n\t\t\t\t\t\t\t\t<span class=\"elementor-toggle-icon-opened\"><i class=\"elementor-toggle-icon-opened fas fa-caret-up\"><\/i><\/span>\n\t\t\t\t\t\t\t\t\t\t\t\t\t<\/span>\n\t\t\t\t\t\t\t\t\t\t\t\t<a class=\"elementor-toggle-title\" tabindex=\"0\">Suplementar<\/a>\n\t\t\t\t\t<\/div>\n\n\t\t\t\t\t<div id=\"elementor-tab-content-6943\" class=\"elementor-tab-content elementor-clearfix\" data-tab=\"3\" role=\"region\" aria-labelledby=\"elementor-tab-title-6943\"><p><a href=\"https:\/\/ftp.medicina.ufmg.br\/cpg\/programas\/saude_adulto\/2022\/Declara%e7%e3o%20de%20Resid%eancia%20Ind%edgena.pdf\">Formul\u00e1rio de declara\u00e7\u00e3o de resid\u00eancia em comunidade ind\u00edgena<\/a><\/p><p><a href=\"https:\/\/ftp.medicina.ufmg.br\/cpg\/programas\/saude_adulto\/2022\/Declara%e7%e3o%20de%20Lideran%e7a%20Ind%edgena.pdf\">Formul\u00e1rio de declara\u00e7\u00e3o de lideran\u00e7as ind\u00edgenas<\/a><\/p><p><a href=\"https:\/\/ftp.medicina.ufmg.br\/cpg\/programas\/saude_adulto\/2022\/Declara%e7%e3o%20de%20Autorreconhecimento%20Ind%edgena.pdf\">Formul\u00e1rio de autorreconhecimento ind\u00edgena<\/a><\/p><p><a href=\"https:\/\/ftp.medicina.ufmg.br\/cpg\/programas\/saude_adulto\/2022\/FORMUL%c1RIO%20DE%20SOLICITA%c7%c3O%20DE%20CONDI%c7%d5ES%20ESPECIAIS%20PARA%20A%20REALIZA%c7%c3O%20DA%20PROVAPG.pdf\">Formul\u00e1rio de solicita\u00e7\u00e3o de condi\u00e7\u00f5es especiais para realizar a prova<\/a><\/p><p><a href=\"https:\/\/ftp.medicina.ufmg.br\/cpg\/programas\/saude_adulto\/2022\/MODELO%20DE%20RELAT%d3RIO%20DO%20M%c9DICO%20ASSISTENTE.pdf\">Modelo de relat\u00f3rio do m\u00e9dico assistente<\/a><\/p><p><a href=\"https:\/\/ftp.medicina.ufmg.br\/cpg\/programas\/saude_adulto\/2022\/AUTODECLARA%c7%c3O%20DE%20PESSOA%20COM%20DEFICI%caNCIA.pdf\">Formul\u00e1rio autodeclara\u00e7\u00e3o de pessoa com defici\u00eancia<\/a><\/p><p><a href=\"https:\/\/ftp.medicina.ufmg.br\/cpg\/programas\/saude_adulto\/2022\/Formulariodeinscricaoaoeditalsuplementar.xlsx\">Formul\u00e1rio de inscri\u00e7\u00e3o<\/a><br \/><br \/><a href=\"https:\/\/ftp.medicina.ufmg.br\/cpg\/programas\/saude_adulto\/2022\/EditalSuplementarSaudedoAdultoMestradoeDoutorado.pdf\">Edital suplementar mestrado e doutorado (pessoas com defici\u00eancia e ind\u00edgenas)<\/a><\/p><\/div>\n\t\t\t\t<\/div>\n\t\t\t\t\t\t\t\t<\/div>\n\t\t\t\t\t\t<\/div>\n\t\t\t\t<\/div>\n\t\t\t\t\t<\/div>\n\t\t<\/div>\n\t\t\t\t\t<\/div>\n\t\t<\/section>\n\t\t\t\t<\/div>\n\t\t","protected":false},"excerpt":{"rendered":"<p>Processo Seletivo 2022\/2\u00ba Doutorado Formul\u00e1rio de autodeclara\u00e7\u00e3o \u00e9tnico-racialFormul\u00e1rio de Pontua\u00e7\u00e3oFormul\u00e1rio de inscri\u00e7\u00e3oCronogramaEdital de sele\u00e7\u00e3oResultado\u00a0da\u00a0an\u00e1lise\u00a0da\u00a0documenta\u00e7\u00e3o pelo ProgramaEscala de argui\u00e7\u00e3o oralResultado primeira etapaDeclara\u00e7\u00e3o de inexist\u00eancia de impedimento ou suspei\u00e7\u00e3oResultado finalResultado final ap\u00f3s remanejamento de vaga Mestrado Formul\u00e1rio de autodeclara\u00e7\u00e3o \u00e9tnico-racialFormul\u00e1rio de Pontua\u00e7\u00e3oFormul\u00e1rio de inscri\u00e7\u00e3oCronogramaEdital de sele\u00e7\u00e3oResultado\u00a0da\u00a0an\u00e1lise\u00a0da\u00a0documenta\u00e7\u00e3o\u00a0pelo ProgramaEscala\u00a0de\u00a0argui\u00e7\u00e3o\u00a0oralResultado\u00a0primeira etapaDeclara\u00e7\u00e3o de inexist\u00eancia de impedimento ou suspei\u00e7\u00e3oResultado final Processo Seletivo [&hellip;]<\/p>\n","protected":false},"author":17,"featured_media":0,"parent":0,"menu_order":0,"comment_status":"closed","ping_status":"closed","template":"","meta":{"footnotes":""},"class_list":["post-849","page","type-page","status-publish","hentry"],"_links":{"self":[{"href":"https:\/\/www.medicina.ufmg.br\/cpgsaudedoadulto\/wp-json\/wp\/v2\/pages\/849","targetHints":{"allow":["GET"]}}],"collection":[{"href":"https:\/\/www.medicina.ufmg.br\/cpgsaudedoadulto\/wp-json\/wp\/v2\/pages"}],"about":[{"href":"https:\/\/www.medicina.ufmg.br\/cpgsaudedoadulto\/wp-json\/wp\/v2\/types\/page"}],"author":[{"embeddable":true,"href":"https:\/\/www.medicina.ufmg.br\/cpgsaudedoadulto\/wp-json\/wp\/v2\/users\/17"}],"replies":[{"embeddable":true,"href":"https:\/\/www.medicina.ufmg.br\/cpgsaudedoadulto\/wp-json\/wp\/v2\/comments?post=849"}],"version-history":[{"count":18,"href":"https:\/\/www.medicina.ufmg.br\/cpgsaudedoadulto\/wp-json\/wp\/v2\/pages\/849\/revisions"}],"predecessor-version":[{"id":924,"href":"https:\/\/www.medicina.ufmg.br\/cpgsaudedoadulto\/wp-json\/wp\/v2\/pages\/849\/revisions\/924"}],"wp:attachment":[{"href":"https:\/\/www.medicina.ufmg.br\/cpgsaudedoadulto\/wp-json\/wp\/v2\/media?parent=849"}],"curies":[{"name":"wp","href":"https:\/\/api.w.org\/{rel}","templated":true}]}}