
{"id":1664,"date":"2024-04-08T13:00:38","date_gmt":"2024-04-08T13:00:38","guid":{"rendered":"https:\/\/www.medicina.ufmg.br\/cpgsaudepublica\/?page_id=1664"},"modified":"2026-02-11T16:20:23","modified_gmt":"2026-02-11T16:20:23","slug":"oportunidades","status":"publish","type":"page","link":"https:\/\/www.medicina.ufmg.br\/cpgsaudepublica\/oportunidades\/","title":{"rendered":"Editais Internos"},"content":{"rendered":"\n<p><a href=\"https:\/\/www.medicina.ufmg.br\/cpgsaudepublica\/chamadas-encerradas\/\"><strong>1.1&nbsp;Chamadas Encerradas<\/strong><\/a><br><strong>1.2&nbsp;Chamadas Abertas<\/strong><\/p>\n\n\n\n<p><a href=\"http:\/\/www.medicina.ufmg.br\/cpgsaudepublica\/wp-content\/uploads\/sites\/43\/2026\/02\/RESULTADO-FINAL-11-02-26.pdf\">Resultado Final \u2013 Doutorado Sandu\u00edche no Exterior (PDSE) da CAPES \u2013 11\/02\/2026- 2\u00ba chamada<br><\/a><a href=\"http:\/\/www.medicina.ufmg.br\/cpgsaudepublica\/wp-content\/uploads\/sites\/43\/2026\/02\/RESULTADO-PRELIMINAR-06-02-2026.pdf\">Resultado Preliminar \u2013 Doutorado Sandu\u00edche no Exterior (PDSE) da CAPES \u2013\u00a0\u00a006\/02\/2026- 2\u00ba chamada<br><\/a><a href=\"http:\/\/www.medicina.ufmg.br\/cpgsaudepublica\/wp-content\/uploads\/sites\/43\/2025\/09\/RESULTADO-FINAL-30-09-2025.pdf\">Resultado final \u2013 Doutorado Sandu\u00edche no Exterior (PDSE) da CAPES &#8211; 30-09-2025<\/a><br><a href=\"http:\/\/www.medicina.ufmg.br\/cpgsaudepublica\/wp-content\/uploads\/sites\/43\/2025\/09\/RESULTADO-PRELIMINAR-26-09-25.pdf\">Resultado Preliminar \u2013 Doutorado Sandu\u00edche no Exterior (PDSE) da CAPES &#8211; 26-09-2025<\/a><br><a href=\"http:\/\/www.medicina.ufmg.br\/cpgsaudepublica\/wp-content\/uploads\/sites\/43\/2025\/09\/Edital-17-2025-_-Selecao-interna-PDSE-CAPES-1.pdf\" target=\"_blank\" rel=\"noreferrer noopener\">Doutorado Sandu\u00edche no Exterior (Edital CAPES n\u00ba 17\/2025)\u00a0&#8211;\u00a0\u00a0EDITAL INTERNO 01\/2025<\/a><\/p>\n\n\n\n<hr class=\"wp-block-separator has-alpha-channel-opacity\"\/>\n\n\n\n<p><a href=\"https:\/\/www.medicina.ufmg.br\/editais\/?externo=bolsa-de-extensao-para-graduacao-e-pos-graduacao-democratizacao-e-popularizacao-das-producoes-cientificas-e-acoes-do-ppg-saude-publica-da-ufmg\"><strong>Bolsa de Extens\u00e3o para Gradua\u00e7\u00e3o e P\u00f3s-Gradua\u00e7\u00e3o &#8211; Democratiza\u00e7\u00e3o e populariza\u00e7\u00e3o das produ\u00e7\u00f5es cient\u00edficas e a\u00e7\u00f5es do PPG Sa\u00fade P\u00fablica da UFMG<\/strong><\/a><\/p>\n\n\n\n<p><a href=\"http:\/\/www.medicina.ufmg.br\/cpgsaudepublica\/wp-content\/uploads\/sites\/43\/2024\/09\/ORIENTACOES-PARA-SOLICITACAO-DE-AUXILIO-FINANCEIRO-PARA-PARTICIPACAO-EM-EVENTO-CIENTIFICO-\u2013-DISCENTE-E-DOCENTE.pdf\" target=\"_blank\" rel=\"noreferrer noopener\"><strong>ORIENTA\u00c7\u00d5ES PARA SOLICITA\u00c7\u00c3O DE AUX\u00cdLIO FINANCEIRO PARA PARTICIPA\u00c7\u00c3O EM EVENTO CIENT\u00cdFICO&nbsp;<\/strong>para os discentes e docentes do PPGSP<\/a><\/p>\n\n\n\n<p><a href=\"http:\/\/www.medicina.ufmg.br\/cpgsaudepublica\/wp-content\/uploads\/sites\/43\/2024\/06\/Edital-03_2024-Taxa-de-Inscricao-Congresso.docx_.pdf\"><strong>EDITAL PRPq \u2013 03\/2024 \u2013 PROGRAMA INSTITUCIONAL DE PAGAMENTO DE TAXA DE INSCRI\u00c7\u00c3O EM CONGRESSO CIENT\u00cdFICO INTERNACIONAL<\/strong><br><\/a><br>As solicita\u00e7\u00f5es ser\u00e3o recebidas em regime de fluxo cont\u00ednuo de 15 de janeiro<br>a 20 de novembro de 2024, ou at\u00e9 o limite or\u00e7ament\u00e1rio.<\/p>\n\n\n\n<p><a href=\"http:\/\/www.medicina.ufmg.br\/cpgsaudepublica\/wp-content\/uploads\/sites\/43\/2024\/06\/Edital-02_2024-Taxa-Publicacao.docx_.pdf\"><strong>EDITAL PRPq \u2013 02\/2024 \u2013 PROGRAMA INSTITUCIONAL DE PAGAMENTO DE TAXA DE PUBLICA\u00c7\u00c3O EM PERI\u00d3DICOS INDEXADOS<\/strong><br><\/a><br>As solicita\u00e7\u00f5es ser\u00e3o recebidas em regime de fluxo cont\u00ednuo a partir de 15 de<br>janeiro de 2024 at\u00e9 o dia 20 de novembro de 2024.<\/p>\n\n\n\n<p><a href=\"http:\/\/www.medicina.ufmg.br\/cpgsaudepublica\/wp-content\/uploads\/sites\/43\/2024\/06\/PRPG_PRPq_Chamada_Conjunta_01_2024_Taxa_Publicacao_final_Assinado.pdf\"><strong>CHAMADA CONJUNTA PRPq\/PRPG \u2013 01\/2024&nbsp; &#8211; PROGRAMA INSTITUCIONAL DE PAGAMENTO DE TAXA DE PUBLICA\u00c7\u00c3O COM PARCERIA INTERNACIONAL EM PERI\u00d3DICOS INDEXADOS<\/strong><br><\/a><br>As solicita\u00e7\u00f5es ser\u00e3o recebidas em regime de fluxo cont\u00ednuo a partir de 18 de mar\u00e7o de 2024 at\u00e9 o dia 6 de dezembro de 2024 ou at\u00e9 o limite or\u00e7ament\u00e1rio.<\/p>\n\n\n<\/p>\n\n\n<p><\/p>\n","protected":false},"excerpt":{"rendered":"<p>1.1&nbsp;Chamadas Encerradas1.2&nbsp;Chamadas Abertas Resultado Final \u2013 Doutorado Sandu\u00edche no Exterior (PDSE) da CAPES \u2013 11\/02\/2026- 2\u00ba chamadaResultado Preliminar \u2013 Doutorado Sandu\u00edche no Exterior (PDSE) da CAPES \u2013\u00a0\u00a006\/02\/2026- 2\u00ba chamadaResultado final \u2013 Doutorado Sandu\u00edche no Exterior (PDSE) da CAPES &#8211; 30-09-2025Resultado Preliminar \u2013 Doutorado Sandu\u00edche no Exterior (PDSE) da CAPES &#8211; 26-09-2025Doutorado Sandu\u00edche no Exterior (Edital [&hellip;]<\/p>\n","protected":false},"author":27,"featured_media":0,"parent":0,"menu_order":0,"comment_status":"closed","ping_status":"closed","template":"","meta":{"footnotes":""},"class_list":["post-1664","page","type-page","status-publish","hentry"],"_links":{"self":[{"href":"https:\/\/www.medicina.ufmg.br\/cpgsaudepublica\/wp-json\/wp\/v2\/pages\/1664","targetHints":{"allow":["GET"]}}],"collection":[{"href":"https:\/\/www.medicina.ufmg.br\/cpgsaudepublica\/wp-json\/wp\/v2\/pages"}],"about":[{"href":"https:\/\/www.medicina.ufmg.br\/cpgsaudepublica\/wp-json\/wp\/v2\/types\/page"}],"author":[{"embeddable":true,"href":"https:\/\/www.medicina.ufmg.br\/cpgsaudepublica\/wp-json\/wp\/v2\/users\/27"}],"replies":[{"embeddable":true,"href":"https:\/\/www.medicina.ufmg.br\/cpgsaudepublica\/wp-json\/wp\/v2\/comments?post=1664"}],"version-history":[{"count":30,"href":"https:\/\/www.medicina.ufmg.br\/cpgsaudepublica\/wp-json\/wp\/v2\/pages\/1664\/revisions"}],"predecessor-version":[{"id":2543,"href":"https:\/\/www.medicina.ufmg.br\/cpgsaudepublica\/wp-json\/wp\/v2\/pages\/1664\/revisions\/2543"}],"wp:attachment":[{"href":"https:\/\/www.medicina.ufmg.br\/cpgsaudepublica\/wp-json\/wp\/v2\/media?parent=1664"}],"curies":[{"name":"wp","href":"https:\/\/api.w.org\/{rel}","templated":true}]}}