
{"id":2359,"date":"2025-05-15T17:24:49","date_gmt":"2025-05-15T17:24:49","guid":{"rendered":"https:\/\/www.medicina.ufmg.br\/cpgsaudepublica\/?page_id=2359"},"modified":"2025-05-15T17:24:49","modified_gmt":"2025-05-15T17:24:49","slug":"autoavaliacao-e-planejamento-do-ppgsp-ufmg","status":"publish","type":"page","link":"https:\/\/www.medicina.ufmg.br\/cpgsaudepublica\/autoavaliacao-e-planejamento-do-ppgsp-ufmg\/","title":{"rendered":"Autoavalia\u00e7\u00e3o e Planejamento do PPGSP-UFMG"},"content":{"rendered":"\n<p>O PPGSP-UFMG tem realizado, ao longo de sua trajet\u00f3ria, diversas iniciativas de autoavalia\u00e7\u00e3o e planejamento voltadas \u00e0 melhoria cont\u00ednua da forma\u00e7\u00e3o, da produ\u00e7\u00e3o de conhecimento e da inser\u00e7\u00e3o social do Programa. Em 2019, foi institu\u00edda a primeira Comiss\u00e3o de Autoavalia\u00e7\u00e3o e Planejamento, composta por representantes docentes, discentes e t\u00e9cnico-administrativos, com a miss\u00e3o de elaborar o Projeto de Autoavalia\u00e7\u00e3o Institucional. Desde ent\u00e3o, os resultados desse processo t\u00eam fornecido diagn\u00f3sticos importantes sobre as fortalezas e fragilidades do Programa, subsidiando o Planejamento Estrat\u00e9gico e impulsionando melhorias por meio da revis\u00e3o de processos e metas. A autoavalia\u00e7\u00e3o consolidou-se como uma ferramenta essencial para o aperfei\u00e7oamento cont\u00ednuo e o aprendizado institucional.<\/p>\n\n\n\n<p>A Autoavalia\u00e7\u00e3o Institucional do PPGSP-UFMG \u00e9 autogerida pela comunidade acad\u00eamica do Programa, assegurando a natureza qualitativa e contextualizada do processo. Permite ampla reflex\u00e3o sobre as trajet\u00f3rias e pol\u00edticas adotadas pelo PPGSP-UFMG e os aprendizados adquiridos, constituindo-se, assim, como instrumento para superar fragilidades e assegurar a qualidade do Programa. De car\u00e1ter formativo, a Autoavalia\u00e7\u00e3o Institucional proporciona ao Programa melhor compreens\u00e3o de suas pr\u00f3prias pr\u00e1ticas e orienta decis\u00f5es estrat\u00e9gicas, que contribuem para a melhoria cont\u00ednua do processo formativo e da produ\u00e7\u00e3o cient\u00edfica qualificada.<\/p>\n\n\n\n<p>Docentes, discentes, egressos e t\u00e9cnicos administrativos s\u00e3o os atores da Autoavalia\u00e7\u00e3o Institucional do Programa, cujo princ\u00edpio norteador \u00e9 o car\u00e1ter participativo. Espera-se que a tomada de decis\u00f5es seja fruto da reflex\u00e3o, do confronto de diferentes vis\u00f5es e ideais, no intuito de garantir a constru\u00e7\u00e3o compartilhada do processo. A autoavalia\u00e7\u00e3o \u00e9 tamb\u00e9m compreendida como uma responsabilidade social, profissional e p\u00fablica, norteada por princ\u00edpios \u00e9ticos, pela transpar\u00eancia e respeito \u00e0s individualidades e por seu car\u00e1ter n\u00e3o punitivo.<\/p>\n\n\n\n<p>O processo de autoavalia\u00e7\u00e3o do PPGSP-UFMG \u00e9 alinhado ao Plano de Desenvolvimento Institucional (PDI) 2024-2029 da UFMG, sendo implementado pela Comiss\u00e3o de Autoavalia\u00e7\u00e3o e Planejamento com o apoio do Colegiado de Curso. A abordagem metodol\u00f3gica envolve a an\u00e1lise e sistematiza\u00e7\u00e3o de dados provenientes de diversas fontes de informa\u00e7\u00e3o, incluindo: 1) Sistema Acad\u00eamico de P\u00f3s-Gradua\u00e7\u00e3o da UFMG; 2) Plataforma Sucupira; 3) Avalia\u00e7\u00e3o discente das disciplinas do PPGSP-UFMG, realizadas semestralmente; 4) Pesquisa de Autoavalia\u00e7\u00e3o do PPGSP-UFMG; 5) Coleta Sistem\u00e1tica de Informa\u00e7\u00f5es dos Curr\u00edculos Lattes de Egressos. O processo de autoavalia\u00e7\u00e3o prev\u00ea a an\u00e1lise dos indicadores das tr\u00eas primeiras fontes a cada dois anos, com discuss\u00e3o dos resultados no Semin\u00e1rio de Autoavalia\u00e7\u00e3o e Planejamento de Meio Termo, cuja finalidade \u00e9 monitorar a implementa\u00e7\u00e3o das a\u00e7\u00f5es e metas pactuadas no Planejamento Estrat\u00e9gico. J\u00e1 os indicadores das duas \u00faltimas fontes s\u00e3o coletados e analisados a cada quatro anos, com apresenta\u00e7\u00e3o e discuss\u00e3o dos resultados no Semin\u00e1rio de Autoavalia\u00e7\u00e3o e Planejamento realizado ao final do quadri\u00eanio.<\/p>\n\n\n\n<p><strong>2. Plano de Metas&nbsp;<\/strong><\/p>\n\n\n\n<p>O plano de metas do PPGSP-UFMG consiste em um instrumento de planejamento estrat\u00e9gico institucional que prev\u00ea metas e a\u00e7\u00f5es para analisar e gerir mudan\u00e7as, tra\u00e7ar vias de desenvolvimento coerente, aperfei\u00e7oar os processos, melhorar resultados, subsidiar o aprendizado e promover an\u00e1lise global dos caminhos trilhados pelo Programa. Ele possibilita o alinhamento entre planejamento e avalia\u00e7\u00e3o, ao sinalizar a dire\u00e7\u00e3o a ser seguida e registrar o caminho percorrido. O plano de metas 2025-2028 foi constru\u00eddo coletivamente com o objetivo principal de aprimorar a qualidade e a excel\u00eancia do PPGSP-UFMG.&nbsp;<\/p>\n\n\n\n<p><strong>META 1: <\/strong>Implementar projeto de reestrutura\u00e7\u00e3o do Programa, considerando uma \u00e1rea de concentra\u00e7\u00e3o (Sa\u00fade P\u00fablica) e tr\u00eas linhas de pesquisa (Pol\u00edticas, sistemas, avalia\u00e7\u00e3o e gest\u00e3o em sa\u00fade; Determinantes, carga e enfrentamento de doen\u00e7as e agravos nos ciclos de vida; e Sa\u00fade e ambiente: espa\u00e7o urbano, modos e condi\u00e7\u00f5es de vida) integradas por dois eixos transversais (equidade em sa\u00fade; e determinantes em sa\u00fade.<\/p>\n\n\n\n<p><strong>META 2: <\/strong>Estimular a matr\u00edcula de discentes em disciplinas complementares do Programa e em outras \u00e1reas do conhecimento com interface com a sa\u00fade coletiva, promovendo uma forma\u00e7\u00e3o mais ampla e interdisciplinar.<\/p>\n\n\n\n<p><strong>META 3: <\/strong>Aprimorar os processos de gest\u00e3o acad\u00eamica e administrativa do Programa.<\/p>\n\n\n\n<p><strong>META 4: <\/strong>Acompanhar o envolvimento do corpo docente com as atribui\u00e7\u00f5es de ensino, pesquisa e gest\u00e3o do Programa.<\/p>\n\n\n\n<p><strong>META 5: <\/strong>Consolidar a renova\u00e7\u00e3o docente com vistas \u00e0 sustentabilidade do Programa.<\/p>\n\n\n\n<p><strong>META 6: <\/strong>Incrementar a produ\u00e7\u00e3o intelectual qualificada do conjunto do corpo docente e discente do programa.<\/p>\n\n\n\n<p><strong>META 7: <\/strong>Ampliar a inser\u00e7\u00e3o internacional do Programa.<\/p>\n\n\n\n<p><strong>META 8:&nbsp; <\/strong>Ampliar a visibilidade da produ\u00e7\u00e3o intelectual do corpo docente e discente do Programa.<\/p>\n\n\n\n<p><strong>META 9: <\/strong>Aumentar a diversidade sociocultural do corpo discente, com especial aten\u00e7\u00e3o aos grupos historicamente exclu\u00eddos do ensino superior.<\/p>\n\n\n\n<p><strong>META 10: <\/strong>Ampliar a articula\u00e7\u00e3o do Programa com outras institui\u00e7\u00f5es e com o SUS.<br><br><strong>META 11:\u00a0 <\/strong>Consolidar a autoavalia\u00e7\u00e3o institucional do programa com a participa\u00e7\u00e3o de discentes, egressos, docentes e t\u00e9cnicos administrativos.<\/p>\n","protected":false},"excerpt":{"rendered":"<p>O PPGSP-UFMG tem realizado, ao longo de sua trajet\u00f3ria, diversas iniciativas de autoavalia\u00e7\u00e3o e planejamento voltadas \u00e0 melhoria cont\u00ednua da forma\u00e7\u00e3o, da produ\u00e7\u00e3o de conhecimento e da inser\u00e7\u00e3o social do Programa. Em 2019, foi institu\u00edda a primeira Comiss\u00e3o de Autoavalia\u00e7\u00e3o e Planejamento, composta por representantes docentes, discentes e t\u00e9cnico-administrativos, com a miss\u00e3o de elaborar o [&hellip;]<\/p>\n","protected":false},"author":105,"featured_media":0,"parent":0,"menu_order":0,"comment_status":"closed","ping_status":"closed","template":"","meta":{"footnotes":""},"class_list":["post-2359","page","type-page","status-publish","hentry"],"_links":{"self":[{"href":"https:\/\/www.medicina.ufmg.br\/cpgsaudepublica\/wp-json\/wp\/v2\/pages\/2359","targetHints":{"allow":["GET"]}}],"collection":[{"href":"https:\/\/www.medicina.ufmg.br\/cpgsaudepublica\/wp-json\/wp\/v2\/pages"}],"about":[{"href":"https:\/\/www.medicina.ufmg.br\/cpgsaudepublica\/wp-json\/wp\/v2\/types\/page"}],"author":[{"embeddable":true,"href":"https:\/\/www.medicina.ufmg.br\/cpgsaudepublica\/wp-json\/wp\/v2\/users\/105"}],"replies":[{"embeddable":true,"href":"https:\/\/www.medicina.ufmg.br\/cpgsaudepublica\/wp-json\/wp\/v2\/comments?post=2359"}],"version-history":[{"count":1,"href":"https:\/\/www.medicina.ufmg.br\/cpgsaudepublica\/wp-json\/wp\/v2\/pages\/2359\/revisions"}],"predecessor-version":[{"id":2360,"href":"https:\/\/www.medicina.ufmg.br\/cpgsaudepublica\/wp-json\/wp\/v2\/pages\/2359\/revisions\/2360"}],"wp:attachment":[{"href":"https:\/\/www.medicina.ufmg.br\/cpgsaudepublica\/wp-json\/wp\/v2\/media?parent=2359"}],"curies":[{"name":"wp","href":"https:\/\/api.w.org\/{rel}","templated":true}]}}

Autoavaliação e Planejamento do PPGSP-UFMG

<p>O PPGSP-UFMG tem realizado, ao longo de sua trajetória, diversas iniciativas de autoavaliação e planejamento voltadas à melhoria contínua da formação, da produção de conhecimento e da inserção social do Programa. Em 2019, foi instituída a primeira Comissão de Autoavaliação e Planejamento, composta por representantes docentes, discentes e técnico-administrativos, com a missão de elaborar o Projeto de Autoavaliação Institucional. Desde então, os resultados desse processo têm fornecido diagnósticos importantes sobre as fortalezas e fragilidades do Programa, subsidiando o Planejamento Estratégico e impulsionando melhorias por meio da revisão de processos e metas. A autoavaliação consolidou-se como uma ferramenta essencial para o aperfeiçoamento contínuo e o aprendizado institucional.</p>



<p>A Autoavaliação Institucional do PPGSP-UFMG é autogerida pela comunidade acadêmica do Programa, assegurando a natureza qualitativa e contextualizada do processo. Permite ampla reflexão sobre as trajetórias e políticas adotadas pelo PPGSP-UFMG e os aprendizados adquiridos, constituindo-se, assim, como instrumento para superar fragilidades e assegurar a qualidade do Programa. De caráter formativo, a Autoavaliação Institucional proporciona ao Programa melhor compreensão de suas próprias práticas e orienta decisões estratégicas, que contribuem para a melhoria contínua do processo formativo e da produção científica qualificada.</p>



<p>Docentes, discentes, egressos e técnicos administrativos são os atores da Autoavaliação Institucional do Programa, cujo princípio norteador é o caráter participativo. Espera-se que a tomada de decisões seja fruto da reflexão, do confronto de diferentes visões e ideais, no intuito de garantir a construção compartilhada do processo. A autoavaliação é também compreendida como uma responsabilidade social, profissional e pública, norteada por princípios éticos, pela transparência e respeito às individualidades e por seu caráter não punitivo.</p>



<p>O processo de autoavaliação do PPGSP-UFMG é alinhado ao Plano de Desenvolvimento Institucional (PDI) 2024-2029 da UFMG, sendo implementado pela Comissão de Autoavaliação e Planejamento com o apoio do Colegiado de Curso. A abordagem metodológica envolve a análise e sistematização de dados provenientes de diversas fontes de informação, incluindo: 1) Sistema Acadêmico de Pós-Graduação da UFMG; 2) Plataforma Sucupira; 3) Avaliação discente das disciplinas do PPGSP-UFMG, realizadas semestralmente; 4) Pesquisa de Autoavaliação do PPGSP-UFMG; 5) Coleta Sistemática de Informações dos Currículos Lattes de Egressos. O processo de autoavaliação prevê a análise dos indicadores das três primeiras fontes a cada dois anos, com discussão dos resultados no Seminário de Autoavaliação e Planejamento de Meio Termo, cuja finalidade é monitorar a implementação das ações e metas pactuadas no Planejamento Estratégico. Já os indicadores das duas últimas fontes são coletados e analisados a cada quatro anos, com apresentação e discussão dos resultados no Seminário de Autoavaliação e Planejamento realizado ao final do quadriênio.</p>



<p><strong>2. Plano de Metas&nbsp;</strong></p>



<p>O plano de metas do PPGSP-UFMG consiste em um instrumento de planejamento estratégico institucional que prevê metas e ações para analisar e gerir mudanças, traçar vias de desenvolvimento coerente, aperfeiçoar os processos, melhorar resultados, subsidiar o aprendizado e promover análise global dos caminhos trilhados pelo Programa. Ele possibilita o alinhamento entre planejamento e avaliação, ao sinalizar a direção a ser seguida e registrar o caminho percorrido. O plano de metas 2025-2028 foi construído coletivamente com o objetivo principal de aprimorar a qualidade e a excelência do PPGSP-UFMG.&nbsp;</p>



<p><strong>META 1: </strong>Implementar projeto de reestruturação do Programa, considerando uma área de concentração (Saúde Pública) e três linhas de pesquisa (Políticas, sistemas, avaliação e gestão em saúde; Determinantes, carga e enfrentamento de doenças e agravos nos ciclos de vida; e Saúde e ambiente: espaço urbano, modos e condições de vida) integradas por dois eixos transversais (equidade em saúde; e determinantes em saúde.</p>



<p><strong>META 2: </strong>Estimular a matrícula de discentes em disciplinas complementares do Programa e em outras áreas do conhecimento com interface com a saúde coletiva, promovendo uma formação mais ampla e interdisciplinar.</p>



<p><strong>META 3: </strong>Aprimorar os processos de gestão acadêmica e administrativa do Programa.</p>



<p><strong>META 4: </strong>Acompanhar o envolvimento do corpo docente com as atribuições de ensino, pesquisa e gestão do Programa.</p>



<p><strong>META 5: </strong>Consolidar a renovação docente com vistas à sustentabilidade do Programa.</p>



<p><strong>META 6: </strong>Incrementar a produção intelectual qualificada do conjunto do corpo docente e discente do programa.</p>



<p><strong>META 7: </strong>Ampliar a inserção internacional do Programa.</p>



<p><strong>META 8:&nbsp; </strong>Ampliar a visibilidade da produção intelectual do corpo docente e discente do Programa.</p>



<p><strong>META 9: </strong>Aumentar a diversidade sociocultural do corpo discente, com especial atenção aos grupos historicamente excluídos do ensino superior.</p>



<p><strong>META 10: </strong>Ampliar a articulação do Programa com outras instituições e com o SUS.<br><br><strong>META 11:  </strong>Consolidar a autoavaliação institucional do programa com a participação de discentes, egressos, docentes e técnicos administrativos.</p>

<p>O PPGSP-UFMG tem realizado, ao longo de sua trajetória, diversas iniciativas de autoavaliação e planejamento voltadas à melhoria contínua da formação, da produção de conhecimento e da inserção social do Programa. Em 2019, foi instituída a primeira Comissão de Autoavaliação e Planejamento, composta por representantes docentes, discentes e técnico-administrativos, com a missão de elaborar o [&hellip;]</p>
