
{"id":45,"date":"2016-02-19T16:21:38","date_gmt":"2016-02-19T16:21:38","guid":{"rendered":"https:\/\/www.medicina.ufmg.br\/cpgsaudepublica\/?page_id=45"},"modified":"2025-03-19T18:10:44","modified_gmt":"2025-03-19T18:10:44","slug":"objetivos","status":"publish","type":"page","link":"https:\/\/www.medicina.ufmg.br\/cpgsaudepublica\/objetivos\/","title":{"rendered":"Apresenta\u00e7\u00e3o"},"content":{"rendered":"<p>O Programa de P\u00f3s-Gradua\u00e7\u00e3o em Sa\u00fade P\u00fablica da Universidade Federal de Minas Gerais (PPGSP-UFMG), ao longo de seus 32 anos, destaca-se pela forma\u00e7\u00e3o de pesquisadores e docentes que t\u00eam contribu\u00eddo significativamente para o desenvolvimento da sa\u00fade coletiva no Brasil. Seus egressos s\u00e3o amplamente absorvidos por universidades, centros de pesquisa, secretarias estaduais e municipais de sa\u00fade e pelo Minist\u00e9rio da Sa\u00fade. A produ\u00e7\u00e3o cient\u00edfica do programa aborda os principais problemas de sa\u00fade do pa\u00eds, considerando seus determinantes sociais, econ\u00f4micos, culturais e biol\u00f3gicos, al\u00e9m de possuir um forte compromisso em fornecer evid\u00eancias para subsidiar pol\u00edticas p\u00fablicas, fortalecer o Sistema \u00danico de Sa\u00fade (SUS) e reduzir desigualdades sociais em sa\u00fade. O programa mant\u00e9m coopera\u00e7\u00e3o acad\u00eamica e cient\u00edfica com diversas institui\u00e7\u00f5es nacionais e internacionais, enriquecendo suas investiga\u00e7\u00f5es e produ\u00e7\u00e3o cient\u00edfica.<\/p>\n<p>Desde 2010, o PPGSP-UFMG \u00e9 avaliado como um programa de excel\u00eancia pela Coordena\u00e7\u00e3o de Aperfei\u00e7oamento de Pessoal de N\u00edvel Superior (CAPES), recebendo Nota 6. Em 2022, o programa atingiu a nota m\u00e1xima, 7, destacando-se como um dos melhores do pa\u00eds e alcan\u00e7ando um padr\u00e3o internacional de qualidade. Essa conquista refor\u00e7a a import\u00e2ncia, relev\u00e2ncia e impacto do PPGSP-UFMG na forma\u00e7\u00e3o de profissionais altamente qualificados e na produ\u00e7\u00e3o de conhecimento cient\u00edfico de fronteira, contribuindo de maneira significativa para a sa\u00fade p\u00fablica no Brasil.<\/p>\n<p><strong>Miss\u00e3o<\/strong><\/p>\n<p>A miss\u00e3o do PPGSP-UFMG \u00e9 gerar e difundir conhecimentos cient\u00edficos, sociais e tecnol\u00f3gicos, destacando-se pela excel\u00eancia na forma\u00e7\u00e3o de profissionais comprometidos com a sa\u00fade das popula\u00e7\u00f5es, a consolida\u00e7\u00e3o do SUS e a redu\u00e7\u00e3o das desigualdades em sa\u00fade.<\/p>\n<p><strong>Objetivos<\/strong><\/p>\n<p>O compromisso do PPGSP-UFMG com a forma\u00e7\u00e3o de docentes, pesquisadores e profissionais cr\u00edticos, \u00e9ticos e de excel\u00eancia s\u00e3o expressos em seus objetivos:\u00a0<\/p>\n<ol class=\"wp-block-list\">\n<li>Produzir e disseminar conhecimento e evid\u00eancias voltados para o avan\u00e7o cient\u00edfico, social e tecnol\u00f3gico;\u00a0<\/li>\n<li>Desenvolver e aplicar recursos te\u00f3ricos e metodol\u00f3gicos para ampliar a compreens\u00e3o dos determinantes do processo sa\u00fade-doen\u00e7a na perspectiva da sa\u00fade coletiva;\u00a0<\/li>\n<li>Propor e subsidiar pol\u00edticas p\u00fablicas visando a melhoria das condi\u00e7\u00f5es de vida das coletividades, redu\u00e7\u00e3o das desigualdades em sa\u00fade e consolida\u00e7\u00e3o do SUS;\u00a0<\/li>\n<li>\u00a0Contribuir para aprimorar a forma\u00e7\u00e3o de novos discentes nas diversas \u00e1reas da sa\u00fade.<\/li>\n<\/ol>\n\n\n<p><\/p>\n","protected":false},"excerpt":{"rendered":"<p>O Programa de P\u00f3s-Gradua\u00e7\u00e3o em Sa\u00fade P\u00fablica da Universidade Federal de Minas Gerais (PPGSP-UFMG), ao longo de seus 32 anos, destaca-se pela forma\u00e7\u00e3o de pesquisadores e docentes que t\u00eam contribu\u00eddo significativamente para o desenvolvimento da sa\u00fade coletiva no Brasil. Seus egressos s\u00e3o amplamente absorvidos por universidades, centros de pesquisa, secretarias estaduais e municipais de sa\u00fade [&hellip;]<\/p>\n","protected":false},"author":17,"featured_media":0,"parent":0,"menu_order":0,"comment_status":"closed","ping_status":"closed","template":"","meta":{"footnotes":""},"class_list":["post-45","page","type-page","status-publish","hentry"],"_links":{"self":[{"href":"https:\/\/www.medicina.ufmg.br\/cpgsaudepublica\/wp-json\/wp\/v2\/pages\/45","targetHints":{"allow":["GET"]}}],"collection":[{"href":"https:\/\/www.medicina.ufmg.br\/cpgsaudepublica\/wp-json\/wp\/v2\/pages"}],"about":[{"href":"https:\/\/www.medicina.ufmg.br\/cpgsaudepublica\/wp-json\/wp\/v2\/types\/page"}],"author":[{"embeddable":true,"href":"https:\/\/www.medicina.ufmg.br\/cpgsaudepublica\/wp-json\/wp\/v2\/users\/17"}],"replies":[{"embeddable":true,"href":"https:\/\/www.medicina.ufmg.br\/cpgsaudepublica\/wp-json\/wp\/v2\/comments?post=45"}],"version-history":[{"count":10,"href":"https:\/\/www.medicina.ufmg.br\/cpgsaudepublica\/wp-json\/wp\/v2\/pages\/45\/revisions"}],"predecessor-version":[{"id":2178,"href":"https:\/\/www.medicina.ufmg.br\/cpgsaudepublica\/wp-json\/wp\/v2\/pages\/45\/revisions\/2178"}],"wp:attachment":[{"href":"https:\/\/www.medicina.ufmg.br\/cpgsaudepublica\/wp-json\/wp\/v2\/media?parent=45"}],"curies":[{"name":"wp","href":"https:\/\/api.w.org\/{rel}","templated":true}]}}