
{"id":55,"date":"2016-02-19T16:27:09","date_gmt":"2016-02-19T16:27:09","guid":{"rendered":"https:\/\/www.medicina.ufmg.br\/cpgsaudepublica\/?page_id=55"},"modified":"2025-03-19T18:02:47","modified_gmt":"2025-03-19T18:02:47","slug":"areas-de-concentracao","status":"publish","type":"page","link":"https:\/\/www.medicina.ufmg.br\/cpgsaudepublica\/areas-de-concentracao\/","title":{"rendered":"Cursos ofertados"},"content":{"rendered":"\n<h2 class=\"wp-block-heading\"><strong>Mestrado Acad\u00eamico<\/strong><\/h2>\n\n\n\n<p>O Mestrado Acad\u00eamico no PPGSP-UFMG visa aprofundar o conhecimento profissional e acad\u00eamico na \u00e1rea de Sa\u00fade P\u00fablica. Nosso curso \u00e9 estruturado para desenvolver habilidades de pesquisa, capacitando os alunos a executar estudos que respondam a quest\u00f5es cient\u00edficas fundamentadas, com rigor metodol\u00f3gico, cujos resultados t\u00eam o potencial de oferecer contribui\u00e7\u00f5es significativas para compreender e enfrentar os diversos desafios na \u00e1rea da Sa\u00fade P\u00fablica. O Mestrado Acad\u00eamico no PPGSP-UFMG \u00e9 voltado para graduados na \u00e1rea da sa\u00fade ou profissionais de outras \u00e1reas com experi\u00eancia comprovada em sa\u00fade. O PPGSP-UFMG oferece o curso de Mestrado Acad\u00eamico em duas \u00e1reas de concentra\u00e7\u00e3o:<\/p>\n\n\n\n<ul class=\"wp-block-list\">\n<li>Sa\u00fade P\u00fablica\u00a0<\/li>\n<\/ul>\n\n\n\n<p>T\u00edtulo obtido: Mestre em Sa\u00fade P\u00fablica.<\/p>\n\n\n\n<ul class=\"wp-block-list\">\n<li>Epidemiologia<\/li>\n<\/ul>\n\n\n\n<p>T\u00edtulo obtido: Mestre em Sa\u00fade P\u00fablica com \u00e1rea de concentra\u00e7\u00e3o em Epidemiologia&nbsp;<\/p>\n\n\n\n<p>A escolha do tema da disserta\u00e7\u00e3o pode ser feita de acordo com o interesse e a afinidade de cada aluno, observando as <strong>Linhas de Pesquisa<\/strong> do PPGSP-UFMG. A produ\u00e7\u00e3o textual dos resultados da disserta\u00e7\u00e3o de mestrado \u00e9 feita a partir do projeto de pesquisa e de resultados da pesquisa que devem ser compat\u00edveis com a publica\u00e7\u00e3o de pelo menos um artigo cient\u00edfico com qualidade suficiente para ser publicado em revistas nacionais e internacionais.<\/p>\n\n\n\n<p>O curso tem uma <strong>Estrutura&nbsp; Curricular<\/strong> formada por disciplinas nucleares que s\u00e3o obrigat\u00f3rias ou fortemente recomendas a todos os alunos. A escolha das demais disciplinas, consideradas do n\u00facleo completar e de integra\u00e7\u00e3o ou ainda das disciplinas eletivas, pode ser feita de acordo com o interesse e a afinidade de cada aluno. Todas as disciplinas ofertadas no PPGSP-UFMG s\u00e3o realizadas na modalidade presencial com aulas no turno da manh\u00e3 ou tarde<\/p>\n\n\n\n<p>Para a obten\u00e7\u00e3o do grau de Mestre em Sa\u00fade P\u00fablica o aluno necessita cursar no m\u00ednimo 19 cr\u00e9ditos em disciplinas (equivalente a 285 horas-aula) e de ter sua disserta\u00e7\u00e3o aprovada na defesa de trabalho final em um prazo m\u00ednimo de 12 meses e m\u00e1ximo de 24 meses.<\/p>\n\n\n\n<p>&nbsp;Para informa\u00e7\u00f5es sobre o Processo Seletivo, <a href=\"https:\/\/www.medicina.ufmg.br\/cpgsaudepublica\/processo-seletivo\"><strong>clique aqui.<\/strong><\/a><\/p>\n\n\n\n<h2 class=\"wp-block-heading\"><strong>Doutorado Acad\u00eamico<\/strong><\/h2>\n\n\n\n<p>O Doutorado Acad\u00eamico no PPGSP-UFMG \u00e9 projetado para proporcionar o desenvolvimento avan\u00e7ado da habilidade de conduzir pesquisa original e independente, utilizando m\u00e9todos robustos e inovadores que permitem a gera\u00e7\u00e3o de conhecimento in\u00e9dito na \u00e1rea da Sa\u00fade P\u00fablica, contribuindo significativamente para a compreens\u00e3o e enfrentamento dos desafios do setor. Al\u00e9m disso, o PPGSP-UFMG prepara os doutorandos para atuarem como docentes no ensino superior e na p\u00f3s-gradua\u00e7\u00e3o.&nbsp;<\/p>\n\n\n\n<p>O Doutorado Acad\u00eamico no PPGSP-UFMG \u00e9 voltado para egressos de mestrado em \u00e1rea da sa\u00fade ou outras \u00e1reas afins, com gradua\u00e7\u00e3o na \u00e1rea da sa\u00fade, ou portadores de diploma em outra \u00e1rea com comprovada experi\u00eancia na \u00e1rea da sa\u00fade. O PPGSP-UFMG oferece o curso de Doutorad Acad\u00eamico em uma \u00e1rea de concentra\u00e7\u00e3o:<\/p>\n\n\n\n<ul class=\"wp-block-list\">\n<li>Sa\u00fade P\u00fablica\u00a0<\/li>\n<\/ul>\n\n\n\n<p>T\u00edtulo obtido: Doutoro em Sa\u00fade P\u00fablica.<\/p>\n\n\n\n<p>A escolha do tema da tese pode ser feita de acordo com o interesse e a afinidade de cada aluno, observando as <strong>Linhas de Pesquisa<\/strong> do PPGSP-UFMG. A produ\u00e7\u00e3o textual dos resultados da tese de doutorado \u00e9 feita a partir do projeto de pesquisa e de resultados da pesquisa que devem ser compat\u00edveis com a publica\u00e7\u00e3o de pelo menos dois artigos cient\u00edficos com qualidade suficiente para serem publicados em revistas nacionais e internacionais.<\/p>\n\n\n\n<p>O curso tem uma <strong>Estrutura&nbsp; Curricular<\/strong> formada por disciplinas nucleares que s\u00e3o obrigat\u00f3rias ou fortemente recomendas a todos os alunos. A escolha das demais disciplinas, consideradas do n\u00facleo completar e de integra\u00e7\u00e3o ou ainda das disciplinas eletivas, pode ser feita de acordo com o interesse e a afinidade de cada aluno. Todas as disciplinas ofertadas no PPGSP-UFMG s\u00e3o realizadas na modalidade presencial com aulas no turno da manh\u00e3 ou tarde<\/p>\n\n\n\n<p>Para a obten\u00e7\u00e3o do grau de Doutor em Sa\u00fade P\u00fablica o aluno necessita cursar no m\u00ednimo 23 cr\u00e9ditos em disciplinas (equivalente a 345 horas-aula) e ter sua tese aprovada na defesa de trabalho final em um prazo m\u00ednimo de 24 meses e m\u00e1ximo de 48 meses.Para informa\u00e7\u00f5es sobre o Processo Seletivo, <a href=\"https:\/\/www.medicina.ufmg.br\/cpgsaudepublica\/processo-seletivo\"><strong>clique aqui.<\/strong><\/a><\/p>\n","protected":false},"excerpt":{"rendered":"<p>Mestrado Acad\u00eamico O Mestrado Acad\u00eamico no PPGSP-UFMG visa aprofundar o conhecimento profissional e acad\u00eamico na \u00e1rea de Sa\u00fade P\u00fablica. Nosso curso \u00e9 estruturado para desenvolver habilidades de pesquisa, capacitando os alunos a executar estudos que respondam a quest\u00f5es cient\u00edficas fundamentadas, com rigor metodol\u00f3gico, cujos resultados t\u00eam o potencial de oferecer contribui\u00e7\u00f5es significativas para compreender e [&hellip;]<\/p>\n","protected":false},"author":17,"featured_media":0,"parent":0,"menu_order":0,"comment_status":"closed","ping_status":"closed","template":"","meta":{"footnotes":""},"class_list":["post-55","page","type-page","status-publish","hentry"],"_links":{"self":[{"href":"https:\/\/www.medicina.ufmg.br\/cpgsaudepublica\/wp-json\/wp\/v2\/pages\/55","targetHints":{"allow":["GET"]}}],"collection":[{"href":"https:\/\/www.medicina.ufmg.br\/cpgsaudepublica\/wp-json\/wp\/v2\/pages"}],"about":[{"href":"https:\/\/www.medicina.ufmg.br\/cpgsaudepublica\/wp-json\/wp\/v2\/types\/page"}],"author":[{"embeddable":true,"href":"https:\/\/www.medicina.ufmg.br\/cpgsaudepublica\/wp-json\/wp\/v2\/users\/17"}],"replies":[{"embeddable":true,"href":"https:\/\/www.medicina.ufmg.br\/cpgsaudepublica\/wp-json\/wp\/v2\/comments?post=55"}],"version-history":[{"count":6,"href":"https:\/\/www.medicina.ufmg.br\/cpgsaudepublica\/wp-json\/wp\/v2\/pages\/55\/revisions"}],"predecessor-version":[{"id":2167,"href":"https:\/\/www.medicina.ufmg.br\/cpgsaudepublica\/wp-json\/wp\/v2\/pages\/55\/revisions\/2167"}],"wp:attachment":[{"href":"https:\/\/www.medicina.ufmg.br\/cpgsaudepublica\/wp-json\/wp\/v2\/media?parent=55"}],"curies":[{"name":"wp","href":"https:\/\/api.w.org\/{rel}","templated":true}]}}