
{"id":84,"date":"2016-02-22T17:40:33","date_gmt":"2016-02-22T17:40:33","guid":{"rendered":"https:\/\/www.medicina.ufmg.br\/cpgsaudepublica\/?page_id=84"},"modified":"2016-07-05T20:08:06","modified_gmt":"2016-07-05T20:08:06","slug":"processo-seletivo-2016","status":"publish","type":"page","link":"https:\/\/www.medicina.ufmg.br\/cpgsaudepublica\/processo-seletivo-2016\/","title":{"rendered":"Processo Seletivo 2016"},"content":{"rendered":"<p>&nbsp;<\/p>\n<p><a href=\"https:\/\/www.medicina.ufmg.br\/cpgsaudepublica\/wp-content\/uploads\/sites\/43\/2016\/02\/Resultados-Sa\u00fade-P\u00fablica-2016-2-05-07-2016.pdf\" target=\"_blank\">Resultado Final &#8211; Doutorado<\/a><\/p>\n<p><a href=\"https:\/\/www.medicina.ufmg.br\/cpgsaudepublica\/wp-content\/uploads\/sites\/43\/2016\/02\/Escalas-de-argui\u00e7\u00e3o-Sa\u00fade-Publica.pdf\">Escala de Argui\u00e7\u00e3o \u2013 Doutorado<\/a><\/p>\n<p><a href=\"https:\/\/www.medicina.ufmg.br\/cpgsaudepublica\/wp-content\/uploads\/sites\/43\/2016\/02\/Resultado-1-Etapa-Sa\u00fade-P\u00fablica.pdf\">Resultado \u2013 1\u00aa Etapa \u2013 Doutorado<\/a><\/p>\n<p><a href=\"https:\/\/www.medicina.ufmg.br\/cpgsaudepublica\/wp-content\/uploads\/sites\/43\/2016\/02\/Declara\u00e7\u00e3o-de-inexist\u00eancia-de-impedimento-e-suspei\u00e7\u00e3o-16-06-2016.pdf\" target=\"_blank\"><b>Declara\u00e7\u00e3o de inexist\u00eancia de impedimento e suspei\u00e7\u00e3o dos membros da banca examinadora<\/b><\/a><\/p>\n<p><a href=\"https:\/\/www.medicina.ufmg.br\/cpgsaudepublica\/wp-content\/uploads\/sites\/43\/2016\/05\/Edital-Doutorado-09-05-2016.pdf\" target=\"_blank\">Edital de Sele\u00e7\u00e3o \u2013 Doutorado Fluxo Cont\u00ednuo<\/a><\/p>\n<p><a href=\"https:\/\/www.medicina.ufmg.br\/cpgsaudepublica\/wp-content\/uploads\/sites\/43\/2016\/02\/Cronograma-de-sele\u00e7\u00e3o-do-doutorado-fluxo-cont\u00ednuo-SP-CORRIGIDO-19-05-2016.pdf\" target=\"_blank\">Cronograma de Sele\u00e7\u00e3o \u2013 Doutorado Fluxo Cont\u00ednuo<br \/>\n<\/a>*atualizado em 20\/05\/2016<\/p>\n<p><a href=\"http:\/\/ftp.medicina.ufmg.br\/cpg\/programas\/saude_publica\/2016\/formulario_de_inscricao-Saude_Publica_2016_2_09052016.xls\">Formul\u00e1rio de Inscri\u00e7\u00e3o 2016\/2<\/a><\/p>\n<p>&nbsp;<\/p>\n<p>&#8220;A Coordena\u00e7\u00e3o do Programa de P\u00f3s-gradua\u00e7\u00e3o em Sa\u00fade P\u00fablica da UFMG esclarece que foram feitas 03 (tr\u00eas) corre\u00e7\u00f5es no Resultado Final para a Sele\u00e7\u00e3o de Mestrado-2016, divulgado no \u00faltimo dia 11 de dezembro de 2015. S\u00c3O ELAS:<\/p>\n<p>1.QUEST\u00c3O N\u00ba 11 \u2013 CORRE\u00c7\u00c3O NO GABARITO &#8211; OP\u00c7\u00c3O CORRETA: LETRA C<\/p>\n<p>2.QUEST\u00c3O N\u00ba 17 \u2013 ANULADA<\/p>\n<p>3.QUEST\u00c3O N\u00ba 27 \u2013 ANULADA<\/p>\n<p>Mais uma vez, pedimos desculpas pelo transtorno.&#8221;<\/p>\n<p><a href=\"https:\/\/www.medicina.ufmg.br\/cpg\/wp-content\/uploads\/sites\/14\/2015\/12\/Mestrado17122015.pdf\">RESULTADO FINAL DE SELE\u00c7\u00c3O DE MESTRADO 2016\/1 SA\u00daDE P\u00daBLICA &#8211; CORRIGIDO<\/a><\/p>\n<p><a href=\"https:\/\/www.medicina.ufmg.br\/cpg\/wp-content\/uploads\/sites\/14\/2015\/12\/Epidemiologia17122015.pdf\">RESULTADO FINAL DE SELE\u00c7\u00c3O DE MESTRADO 2016\/1 EPIDEMIOLOGIA &#8211; CORRIGIDO<\/a><\/p>\n<p><a href=\"https:\/\/www.medicina.ufmg.br\/cpg\/wp-content\/uploads\/sites\/14\/2015\/11\/escala30112015.pdf\">ESCALA DE ARGUI\u00c7\u00d5ES ORAIS<\/a><\/p>\n<p>Comiss\u00e3o de Sele\u00e7\u00e3o \u2013 Doutorado 2016\/1<\/p>\n<p>Prof. Francisco de Assis Acurcio<br \/>\nProfa. Elisabeth Barboza Fran\u00e7a<br \/>\nProf. Pedro Guatimosim Vidigal<br \/>\nProfa. S\u00edlvia Nascimento De Freitas<\/p>\n<p>Comiss\u00e3o de Sele\u00e7\u00e3o \u2013 Mestrado 2016\/1<\/p>\n<p>Profa. Eli Iola Gurgel Andrade<br \/>\nProfa. Waleska Teixeira Caiaffa<br \/>\nProfa. Veneza Berenice de Oliveira<br \/>\nProfa. Lidyane do Valle Camelo<br \/>\nProf. Rodrigo Citton Padilha dos Reis<br \/>\nProfa. Roseli Gomes Andrade\u200b<\/p>\n<p><a href=\"https:\/\/www.medicina.ufmg.br\/cpg\/wp-content\/uploads\/sites\/14\/2015\/11\/Local-de-prova.pdf\">LOCAL DE PROVA -MESTRADO<\/a><\/p>\n<p><a href=\"https:\/\/www.medicina.ufmg.br\/cpg\/wp-content\/uploads\/sites\/14\/2015\/11\/Deferimento.pdf\">DEFERIMENTO DE INSCRI\u00c7\u00d5ES -MESTRADO <\/a><\/p>\n<p><a href=\"https:\/\/www.medicina.ufmg.br\/cpg\/wp-content\/uploads\/sites\/14\/2015\/11\/1%C2%BA-ETAPA-DOUTORADO.pdf\">Resultado 1\u00ba Etapa Doutorado <\/a><\/p>\n<p><a href=\"https:\/\/www.medicina.ufmg.br\/cpginfectologia\/wp-content\/uploads\/sites\/15\/2015\/09\/ERRATA13112015.pdf\">ERRATA DO EDITAL DE SELE\u00c7\u00c3O 2016 -MESTRADO 13\/11\/2015<\/a><\/p>\n<p><a href=\"http:\/\/ftp.medicina.ufmg.br\/cpg\/programas\/saude_publica\/2015\/Formulario_de_inscricao-Saude_Publica_2016_1_22102015.xls\">Formul\u00e1rio de Inscri\u00e7\u00e3o<\/a><\/p>\n<p><a href=\"http:\/\/ftp.medicina.ufmg.br\/cpg\/programas\/saude_publica\/2015\/EXAMESDEPROFICIENCIA_21_08_2015.pdf\">Pontua\u00e7\u00f5es m\u00ednimas &#8211; TOEFL, TOEIC, IELTS<\/a><\/p>\n<p><a href=\"http:\/\/ftp.medicina.ufmg.br\/cpg\/programas\/saude_publica\/2015\/Edital-Mestrado_03082015.pdf\">Edital de Sele\u00e7\u00e3o 2016 \u2013 Mestrado<\/a><\/p>\n<p><a href=\"http:\/\/ftp.medicina.ufmg.br\/cpg\/programas\/saude_publica\/2015\/Edital-Doutorado_03082015.pdf\">Edital de Sele\u00e7\u00e3o 2016 \u2013 Doutorado<\/a><\/p>\n<div class=\"box_avisos\">\n<p>OBS.: Caso n\u00e3o consiga visualizar o arquivo PDF, clique com o <em>bot\u00e3o direito<\/em> do mouse sobre o link, selecione a op\u00e7\u00e3o <em>Salvar destino como <\/em>\/ <em>Salvar link como <\/em>e salve o arquivo em seu computador.<\/p>\n<p>** Para visualizar os arquivos \u00e9 necess\u00e1rio que voc\u00ea tenha instalado em seu computador o Acrobat Reader.<\/p>\n<p><a href=\"http:\/\/get.adobe.com\/br\/reader\/\" target=\"_blank\">Instalar Acrobat Reader<\/a><\/p>\n<p>OBS.1: Confira se seu navegador est\u00e1 atualizado.<\/p>\n<p>** Para melhor visualiza\u00e7\u00e3o do site, sugerimos a instala\u00e7\u00e3o do navegador Chrome.<\/p>\n<p><a href=\"http:\/\/www.google.com\/intl\/pt-BR\/chrome\/\" target=\"_blank\">Instalar Chrome<\/a><\/p>\n<\/div>\n","protected":false},"excerpt":{"rendered":"<p>&nbsp; Resultado Final &#8211; Doutorado Escala de Argui\u00e7\u00e3o \u2013 Doutorado Resultado \u2013 1\u00aa Etapa \u2013 Doutorado Declara\u00e7\u00e3o de inexist\u00eancia de impedimento e suspei\u00e7\u00e3o dos membros da banca examinadora Edital de Sele\u00e7\u00e3o \u2013 Doutorado Fluxo Cont\u00ednuo Cronograma de Sele\u00e7\u00e3o \u2013 Doutorado Fluxo Cont\u00ednuo *atualizado em 20\/05\/2016 Formul\u00e1rio de Inscri\u00e7\u00e3o 2016\/2 &nbsp; &#8220;A Coordena\u00e7\u00e3o do Programa de [&hellip;]<\/p>\n","protected":false},"author":17,"featured_media":0,"parent":0,"menu_order":0,"comment_status":"closed","ping_status":"closed","template":"","meta":{"footnotes":""},"class_list":["post-84","page","type-page","status-publish","hentry"],"_links":{"self":[{"href":"https:\/\/www.medicina.ufmg.br\/cpgsaudepublica\/wp-json\/wp\/v2\/pages\/84","targetHints":{"allow":["GET"]}}],"collection":[{"href":"https:\/\/www.medicina.ufmg.br\/cpgsaudepublica\/wp-json\/wp\/v2\/pages"}],"about":[{"href":"https:\/\/www.medicina.ufmg.br\/cpgsaudepublica\/wp-json\/wp\/v2\/types\/page"}],"author":[{"embeddable":true,"href":"https:\/\/www.medicina.ufmg.br\/cpgsaudepublica\/wp-json\/wp\/v2\/users\/17"}],"replies":[{"embeddable":true,"href":"https:\/\/www.medicina.ufmg.br\/cpgsaudepublica\/wp-json\/wp\/v2\/comments?post=84"}],"version-history":[{"count":11,"href":"https:\/\/www.medicina.ufmg.br\/cpgsaudepublica\/wp-json\/wp\/v2\/pages\/84\/revisions"}],"predecessor-version":[{"id":128,"href":"https:\/\/www.medicina.ufmg.br\/cpgsaudepublica\/wp-json\/wp\/v2\/pages\/84\/revisions\/128"}],"wp:attachment":[{"href":"https:\/\/www.medicina.ufmg.br\/cpgsaudepublica\/wp-json\/wp\/v2\/media?parent=84"}],"curies":[{"name":"wp","href":"https:\/\/api.w.org\/{rel}","templated":true}]}}