
{"id":29,"date":"2023-09-22T15:33:00","date_gmt":"2023-09-22T18:33:00","guid":{"rendered":"https:\/\/www.medicina.ufmg.br\/cpq\/?page_id=29"},"modified":"2026-04-22T09:25:50","modified_gmt":"2026-04-22T12:25:50","slug":"equipe","status":"publish","type":"page","link":"https:\/\/www.medicina.ufmg.br\/cpq\/equipe\/","title":{"rendered":"Equipe"},"content":{"rendered":"\n<p><strong>Coordenador<\/strong><br>Prof. Cristiano Xavier Lima<br>Departamento de Cirurgia<\/p>\n\n\n\n<p><strong>Subcoordenador<br><\/strong>Prof\u00aa. Luciana Mendon\u00e7a Alves<br>Departamento de Fonoaudiologia<br><br><strong>T\u00e9cnica do laborat\u00f3rio<\/strong><br>Simone Ferreira Pio<br><a href=\"mailto:laboratoriomultiusuarios@medicina.ufmg.br\" target=\"_blank\" rel=\"noreferrer noopener\">laboratoriomultiusuarios@medicina.ufmg.br<\/a><\/p>\n\n\n\n<p><strong>Secretaria Administrativa<br><\/strong><a href=\"mailto:napq@medicina.ufmg.br\" target=\"_blank\" rel=\"noreferrer noopener\">napq@medicina.ufmg.br<\/a><\/p>\n","protected":false},"excerpt":{"rendered":"<p>CoordenadorProf. Cristiano Xavier LimaDepartamento de Cirurgia SubcoordenadorProf\u00aa. Luciana Mendon\u00e7a AlvesDepartamento de Fonoaudiologia T\u00e9cnica do laborat\u00f3rioSimone Ferreira Piolaboratoriomultiusuarios@medicina.ufmg.br Secretaria Administrativanapq@medicina.ufmg.br<\/p>\n","protected":false},"author":105,"featured_media":0,"parent":0,"menu_order":0,"comment_status":"closed","ping_status":"closed","template":"","meta":{"footnotes":""},"class_list":["post-29","page","type-page","status-publish","hentry"],"_links":{"self":[{"href":"https:\/\/www.medicina.ufmg.br\/cpq\/wp-json\/wp\/v2\/pages\/29","targetHints":{"allow":["GET"]}}],"collection":[{"href":"https:\/\/www.medicina.ufmg.br\/cpq\/wp-json\/wp\/v2\/pages"}],"about":[{"href":"https:\/\/www.medicina.ufmg.br\/cpq\/wp-json\/wp\/v2\/types\/page"}],"author":[{"embeddable":true,"href":"https:\/\/www.medicina.ufmg.br\/cpq\/wp-json\/wp\/v2\/users\/105"}],"replies":[{"embeddable":true,"href":"https:\/\/www.medicina.ufmg.br\/cpq\/wp-json\/wp\/v2\/comments?post=29"}],"version-history":[{"count":2,"href":"https:\/\/www.medicina.ufmg.br\/cpq\/wp-json\/wp\/v2\/pages\/29\/revisions"}],"predecessor-version":[{"id":797,"href":"https:\/\/www.medicina.ufmg.br\/cpq\/wp-json\/wp\/v2\/pages\/29\/revisions\/797"}],"wp:attachment":[{"href":"https:\/\/www.medicina.ufmg.br\/cpq\/wp-json\/wp\/v2\/media?parent=29"}],"curies":[{"name":"wp","href":"https:\/\/api.w.org\/{rel}","templated":true}]}}