{"id":39,"date":"2015-02-11T16:02:53","date_gmt":"2015-02-11T16:02:53","guid":{"rendered":"https:\/\/www.medicina.ufmg.br\/ima\/?page_id=39"},"modified":"2019-02-27T18:40:02","modified_gmt":"2019-02-27T18:40:02","slug":"ensino","status":"publish","type":"page","link":"https:\/\/www.medicina.ufmg.br\/ima\/ensino\/","title":{"rendered":"Ensino"},"content":{"rendered":"<h2>Gradua\u00e7\u00e3o<\/h2>\n<p><strong>Medicina<\/strong><\/p>\n<table>\n<tbody>\n<tr>\n<td><strong>Disciplina<\/strong><\/td>\n<td><strong>Categoria<\/strong><\/td>\n<td><strong>Per\u00edodo<\/strong><\/td>\n<td><strong>Coordenador<\/strong><\/td>\n<td><strong>Arquivos<\/strong><\/td>\n<\/tr>\n<tr>\n<td>Anatomia Sist\u00eamica<\/td>\n<td>Obrigat\u00f3ria<\/td>\n<td>1\u00ba<\/td>\n<td>Prof. Mauro Augusto Tostes Ferreira<\/td>\n<td><\/td>\n<\/tr>\n<tr>\n<td>Anatomia Topogr\u00e1fica e Imagem<\/td>\n<td>Obrigat\u00f3ria<\/td>\n<td>4\u00ba<\/td>\n<td>Prof. Cassius Vinicius Corr\u00eaa dos Reis<\/td>\n<td><\/td>\n<\/tr>\n<tr>\n<td>Imagem I<\/td>\n<td>Obrigat\u00f3ria<\/td>\n<td>5\u00ba<\/td>\n<td>\u00a0Profa. Andrea de Lima Bastos<\/td>\n<td><\/td>\n<\/tr>\n<tr>\n<td>Imagem II<\/td>\n<td>Obrigat\u00f3ria<\/td>\n<td>6\u00ba<\/td>\n<td>\u00a0Profa. Andrea de Lima Bastos<\/td>\n<td><\/td>\n<\/tr>\n<tr>\n<td>Proped\u00eautica Contextualizada I<\/td>\n<td>Obrigat\u00f3ria<\/td>\n<td>9\u00ba<\/td>\n<td>\u00a0Profa. Andrea de Lima Bastos<\/td>\n<td><\/td>\n<\/tr>\n<tr>\n<td>Proped\u00eautica Contextualizada II<\/td>\n<td>Obrigat\u00f3ria<\/td>\n<td>9\u00ba<\/td>\n<td>\u00a0Profa. Jovita Lane S. Santos Zanini<\/td>\n<td><\/td>\n<\/tr>\n<tr>\n<td>Proped\u00eautica Contextualizada III<\/td>\n<td>\u00a0Obrigat\u00f3ria<\/td>\n<td>\u00a010\u00ba<\/td>\n<td>Profa. Jesiana Ferreira Pedrosa<\/td>\n<td><\/td>\n<\/tr>\n<tr>\n<td>Proped\u00eautica Contextualizada IV<\/td>\n<td>\u00a0Obrigat\u00f3ria<\/td>\n<td>\u00a010\u00ba<\/td>\n<td>Profa. Jesiana Ferreira Pedrosa<\/td>\n<td><\/td>\n<\/tr>\n<tr>\n<td>Medicina Nuclear<\/td>\n<td>Optativa<\/td>\n<td><\/td>\n<td>Profa. Sandra Monetti D. Sanche<\/td>\n<td><\/td>\n<\/tr>\n<tr>\n<td>Est\u00e1gio Curricular(Medicina Nuclear)<\/td>\n<td>Optativa<\/td>\n<td><\/td>\n<td><\/td>\n<td><\/td>\n<\/tr>\n<\/tbody>\n<\/table>\n<p><strong>Curso Superior Tecnologia em Radiologia<\/strong><a href=\"https:\/\/www.medicina.ufmg.br\/cegrad\/tecnologia-em-radiologia\/\"><br \/>\nSite do curso<\/a><\/p>\n<h2><strong>P\u00f3s-Gradua\u00e7\u00e3o<\/strong><\/h2>\n<p><a href=\"https:\/\/www.medicina.ufmg.br\/ima\/residencia-medica-em-radiologia\/\">&#8211; Resid\u00eancia M\u00e9dica em Radiologia e Diagn\u00f3stico por Imagem<\/a><\/p>\n","protected":false},"excerpt":{"rendered":"<p>Gradua\u00e7\u00e3o Medicina Disciplina Categoria Per\u00edodo Coordenador Arquivos Anatomia Sist\u00eamica Obrigat\u00f3ria 1\u00ba Prof. Mauro Augusto Tostes Ferreira Anatomia Topogr\u00e1fica e Imagem Obrigat\u00f3ria 4\u00ba Prof. Cassius Vinicius Corr\u00eaa dos Reis Imagem I Obrigat\u00f3ria 5\u00ba \u00a0Profa. Andrea de Lima Bastos Imagem II Obrigat\u00f3ria 6\u00ba \u00a0Profa. Andrea de Lima Bastos Proped\u00eautica Contextualizada I Obrigat\u00f3ria 9\u00ba \u00a0Profa. Andrea de Lima [&hellip;]<\/p>\n","protected":false},"author":27,"featured_media":0,"parent":0,"menu_order":0,"comment_status":"closed","ping_status":"closed","template":"","meta":{"footnotes":""},"class_list":["post-39","page","type-page","status-publish","hentry"],"_links":{"self":[{"href":"https:\/\/www.medicina.ufmg.br\/ima\/wp-json\/wp\/v2\/pages\/39","targetHints":{"allow":["GET"]}}],"collection":[{"href":"https:\/\/www.medicina.ufmg.br\/ima\/wp-json\/wp\/v2\/pages"}],"about":[{"href":"https:\/\/www.medicina.ufmg.br\/ima\/wp-json\/wp\/v2\/types\/page"}],"author":[{"embeddable":true,"href":"https:\/\/www.medicina.ufmg.br\/ima\/wp-json\/wp\/v2\/users\/27"}],"replies":[{"embeddable":true,"href":"https:\/\/www.medicina.ufmg.br\/ima\/wp-json\/wp\/v2\/comments?post=39"}],"version-history":[{"count":25,"href":"https:\/\/www.medicina.ufmg.br\/ima\/wp-json\/wp\/v2\/pages\/39\/revisions"}],"predecessor-version":[{"id":379,"href":"https:\/\/www.medicina.ufmg.br\/ima\/wp-json\/wp\/v2\/pages\/39\/revisions\/379"}],"wp:attachment":[{"href":"https:\/\/www.medicina.ufmg.br\/ima\/wp-json\/wp\/v2\/media?parent=39"}],"curies":[{"name":"wp","href":"https:\/\/api.w.org\/{rel}","templated":true}]}}

<h2>Graduação</h2>
<p><strong>Medicina</strong></p>
<table>
<tbody>
<tr>
<td><strong>Disciplina</strong></td>
<td><strong>Categoria</strong></td>
<td><strong>Período</strong></td>
<td><strong>Coordenador</strong></td>
<td><strong>Arquivos</strong></td>
</tr>
<tr>
<td>Anatomia Sistêmica</td>
<td>Obrigatória</td>
<td>1º</td>
<td>Prof. Mauro Augusto Tostes Ferreira</td>
<td></td>
</tr>
<tr>
<td>Anatomia Topográfica e Imagem</td>
<td>Obrigatória</td>
<td>4º</td>
<td>Prof. Cassius Vinicius Corrêa dos Reis</td>
<td></td>
</tr>
<tr>
<td>Imagem I</td>
<td>Obrigatória</td>
<td>5º</td>
<td> Profa. Andrea de Lima Bastos</td>
<td></td>
</tr>
<tr>
<td>Imagem II</td>
<td>Obrigatória</td>
<td>6º</td>
<td> Profa. Andrea de Lima Bastos</td>
<td></td>
</tr>
<tr>
<td>Propedêutica Contextualizada I</td>
<td>Obrigatória</td>
<td>9º</td>
<td> Profa. Andrea de Lima Bastos</td>
<td></td>
</tr>
<tr>
<td>Propedêutica Contextualizada II</td>
<td>Obrigatória</td>
<td>9º</td>
<td> Profa. Jovita Lane S. Santos Zanini</td>
<td></td>
</tr>
<tr>
<td>Propedêutica Contextualizada III</td>
<td> Obrigatória</td>
<td> 10º</td>
<td>Profa. Jesiana Ferreira Pedrosa</td>
<td></td>
</tr>
<tr>
<td>Propedêutica Contextualizada IV</td>
<td> Obrigatória</td>
<td> 10º</td>
<td>Profa. Jesiana Ferreira Pedrosa</td>
<td></td>
</tr>
<tr>
<td>Medicina Nuclear</td>
<td>Optativa</td>
<td></td>
<td>Profa. Sandra Monetti D. Sanche</td>
<td></td>
</tr>
<tr>
<td>Estágio Curricular(Medicina Nuclear)</td>
<td>Optativa</td>
<td></td>
<td></td>
<td></td>
</tr>
</tbody>
</table>
<p><strong>Curso Superior Tecnologia em Radiologia</strong><a href="https://www.medicina.ufmg.br/cegrad/tecnologia-em-radiologia/"><br />
Site do curso</a></p>
<h2><strong>Pós-Graduação</strong></h2>
<p><a href="https://www.medicina.ufmg.br/ima/residencia-medica-em-radiologia/">&#8211; Residência Médica em Radiologia e Diagnóstico por Imagem</a></p>

<p>Graduação Medicina Disciplina Categoria Período Coordenador Arquivos Anatomia Sistêmica Obrigatória 1º Prof. Mauro Augusto Tostes Ferreira Anatomia Topográfica e Imagem Obrigatória 4º Prof. Cassius Vinicius Corrêa dos Reis Imagem I Obrigatória 5º  Profa. Andrea de Lima Bastos Imagem II Obrigatória 6º  Profa. Andrea de Lima Bastos Propedêutica Contextualizada I Obrigatória 9º  Profa. Andrea de Lima [&hellip;]</p>
