{"id":45,"date":"2015-02-11T16:03:21","date_gmt":"2015-02-11T16:03:21","guid":{"rendered":"https:\/\/www.medicina.ufmg.br\/ima\/?page_id=45"},"modified":"2025-07-07T13:20:53","modified_gmt":"2025-07-07T13:20:53","slug":"sobre","status":"publish","type":"page","link":"https:\/\/www.medicina.ufmg.br\/ima\/sobre\/","title":{"rendered":"Sobre"},"content":{"rendered":"\n<p>O Departamento de Anatomia e Imagem (IMA) foi idealizado, no ano de 2008, pelos professores Carlos Jorge Simal Rodrigues, Jo\u00e3o Paulo Kawaoka Matushita e Viviane Santuari Parisotto Marino, com o apoio do ent\u00e3o diretor da Faculdade de Medicina da Universidade Federal de Minas Gerais (FM-UFMG), Prof. Francisco Jos\u00e9 Penna.<\/p>\n\n\n\n<p>Era consenso, \u00e0 \u00e9poca, de que o ensino das disciplinas na \u00e1rea do Diagn\u00f3stico por Imagem exigia uma readequa\u00e7\u00e3o compat\u00edvel com os avan\u00e7os desta especialidade, de modo \u00e0 melhor preparar os egressos da Faculdade de Medicina para atuarem como m\u00e9dicos generalistas, contemplando uma forma\u00e7\u00e3o ampla e agu\u00e7ado esp\u00edrito cr\u00edtico.<\/p>\n\n\n\n<p>Ainda, no ano de 2008, com a ades\u00e3o da FM-UFMG ao projeto REUNI-UFMG, o Prof. Jo\u00e3o Paulo Kawaoka Matushita prop\u00f3s a cria\u00e7\u00e3o do Curso Superior de Tecnologia em Radiologia. Al\u00e9m do Prof. Jo\u00e3o Paulo, trabalharam neste projeto os professores Carlos Jorge Simal Rodrigues e Viviane Santuari Parisotto Marino.<\/p>\n\n\n\n<p>No per\u00edodo de implanta\u00e7\u00e3o do Curso Superior de Tecnologia em Radiologia instituiu-se uma ampla comiss\u00e3o que contou com a colabora\u00e7\u00e3o dos professores Cecil Bruno Buldrini Filog\u00f4nio, Jos\u00e9 Nelson Mendes Vieira e Reginaldo Figueiredo, com o objetivo de apresentar sugest\u00f5es que visassem \u00e0 consolida\u00e7\u00e3o do referido curso. Cabe salientar que todos os membros desta comiss\u00e3o eram ligados ao Departamento de Proped\u00eautica Complementar.<\/p>\n\n\n\n<p>Em 2009, em raz\u00e3o dos avan\u00e7os tecnol\u00f3gicos e entendendo-se que as disciplinas de Anatomia e Imagem tornam-se cada vez mais interligadas, e que se beneficiam quando se mostram integradas, propiciando significativa melhoria no ensino m\u00e9dico, \u00e0 semelhan\u00e7a do que vem ocorrendo em renomadas universidades do exterior, prop\u00f4s-se a cria\u00e7\u00e3o do Departamento de Anatomia e Imagem (IMA).<\/p>\n\n\n\n<p>Enquanto se aguardava a cria\u00e7\u00e3o do novo departamento, a UFMG promoveu o primeiro vestibular para o Curso Superior de Tecnologia em Radiologia e os candidatos aprovados foram recebidos pela FM-UFMG em janeiro de 2010. Nesta \u00e9poca o Prof. Carlos Jorge Simal Rodrigues foi nomeado Coordenador&nbsp;<em>pr\u00f3-tempore<\/em>&nbsp;do referido curso, sendo posteriormente substitu\u00eddo pela Prof.\u00aa Viviane Santuari Parisotto Marino.<\/p>\n\n\n\n<p>A cria\u00e7\u00e3o do Curso Superior de Tecnologia em Radiologia permitiu a contrata\u00e7\u00e3o de 23 professores que de forma decisiva contribu\u00edram para a inser\u00e7\u00e3o dos alunos na UFMG.<\/p>\n\n\n\n<p>Finalmente, em julho de 2012, o Departamento de Anatomia e Imagem (IMA) foi homologado, tendo como primeiro Chefe o Prof. Humberto Jos\u00e9 Alves e como Subchefe o Prof. Marcelo Henrique Mamede Lewer e conta com 30 (trinta) docentes.<\/p>\n\n\n\n<p><strong>Administra\u00e7\u00e3o<\/strong><\/p>\n\n\n\n<p><strong>Chefe do Departamento<\/strong><br>Prof. Paulo M\u00e1rcio Campos de Oliveira (15\/04\/2025 a 15\/04\/2027)<\/p>\n\n\n\n<p><strong>Subchefe do Departamento<\/strong><br>Prof.\u00aa Jesiana Ferreira Pedrosa (15\/04\/2025 a 15\/04\/2027)<\/p>\n\n\n\n<p><strong>Secret\u00e1ria Administrativa&nbsp;<\/strong><br>Ana Cl\u00e1udia Rodrigues Lima<\/p>\n\n\n\n<p><strong>Assistente Administrativa&nbsp;<\/strong><br>Sirlene Lopes Corr\u00eaa<\/p>\n\n\n\n<h2 class=\"wp-block-heading\">C\u00e2mara Departamental<\/h2>\n\n\n\n<figure class=\"wp-block-table\"><table><tbody><tr><td><strong>Nome<\/strong><\/td><td><strong>Mandato<\/strong><\/td><\/tr><tr><td><span style=\"font-weight: 400;\">Prof. Paulo M\u00e1rcio Campos de Oliveira (Chefe do departamento)<\/span><\/td><td><span style=\"font-weight: 400;\">28\/05\/2025 a 28\/05\/2027<\/span><\/td><\/tr><tr><td><span style=\"font-weight: 400;\">Prof.\u00aa Jesiana Ferreira Pedrosa (Subchefe&nbsp;do Departamento)<\/span><\/td><td><span style=\"font-weight: 400;\">28\/05\/2025 a 28\/05\/2027<\/span><\/td><\/tr><\/tbody><\/table><\/figure>\n\n\n\n<h2 class=\"wp-block-heading\">Representantes dos Professores N\u00e3o Titulares<\/h2>\n\n\n\n<figure class=\"wp-block-table\"><table><tbody><tr><td><strong>Titular<\/strong><\/td><td><strong>Suplente<\/strong><\/td><td><strong>Mandato<\/strong><\/td><\/tr><tr><td>Paulo M\u00e1rcio Campos De Oliveira<\/td><td>Chefe do Departamento<\/td><td>28\/05\/2025 a 28\/05\/2027<\/td><\/tr><tr><td>Jesiana Ferreira Pedrosa<\/td><td>Subchefe do Departamento<\/td><td>28\/05\/2025 a 28\/05\/2027<\/td><\/tr><tr><td>Luciene das Gra\u00e7as Mota&nbsp;<\/td><td>T\u00falio C\u00e9zar de Souza Bernardino<\/td><td>28\/05\/2025 a 28\/05\/2027<\/td><\/tr><tr><td>Priscila do Carmo Santana&nbsp;<\/td><td>Jony Marques Geraldo<\/td><td>28\/05\/2025 a 28\/05\/2027<\/td><\/tr><tr><td>Luiz Cl\u00e1udio De Souza<\/td><td>Alexei Manso Correa Machado<\/td><td>28\/05\/2025 a 28\/05\/2027<\/td><\/tr><tr><td>Cr\u00edssia Carem Paiva Fontainha<\/td><td>Luciana Batista Nogueira<\/td><td>28\/05\/2025 a 28\/05\/2027<\/td><\/tr><tr><td>Rafael Leite Alves<\/td><td>Kennedy Martinez De Oliveira<\/td><td>28\/05\/2025 a 28\/05\/2027<\/td><\/tr><tr><td>Daniel Silva Calheiro<\/td><td>Sandra Monetti Dumont Sanches<\/td><td>28\/05\/2025 a 28\/05\/2027<\/td><\/tr><tr><td>Talita De Oliveira Santos&nbsp;<\/td><td>Lucas Paixao Reis<\/td><td>28\/05\/2025 a 28\/05\/2027<\/td><\/tr><tr><td>Giovanni Ant\u00f4nio Paiva De Oliveira<\/td><td>Adriana De Souza Medeiros Batista<\/td><td>28\/05\/2025 a 28\/05\/2027<\/td><\/tr><tr><td>Andr\u00e9a de Lima Bastos<\/td><td>Rodrigo Modesto Gadelha Gontijo<\/td><td>28\/05\/2025 a 28\/05\/2027<\/td><\/tr><\/tbody><\/table><\/figure>\n\n\n\n<h2 class=\"wp-block-heading\">Representantes dos Discentes<\/h2>\n\n\n\n<p><strong>Curso de Medicina<\/strong><br>Priscila Aparecidad Braga Tuzani (Titular)<br>Sara Regina Silva Cupertino (Suplente)<\/p>\n\n\n\n<p><\/p>\n\n\n\n<h2 class=\"wp-block-heading\">Representantes dos Servidores T\u00e9cnico-Administrativos<\/h2>\n\n\n\n<figure class=\"wp-block-table\"><table><tbody><tr><td><strong>Titular<\/strong><\/td><td><strong>Suplente<\/strong><\/td><td><strong>Mandato<\/strong><\/td><\/tr><tr><td>Jos\u00e9 Eust\u00e1quio Pereira Barboza<\/td><td><\/td><td>28\/05\/2025 a 28\/05\/2027<\/td><\/tr><\/tbody><\/table><\/figure>\n\n\n\n<h2 class=\"wp-block-heading\"><\/h2>\n","protected":false},"excerpt":{"rendered":"<p>O Departamento de Anatomia e Imagem (IMA) foi idealizado, no ano de 2008, pelos professores Carlos Jorge Simal Rodrigues, Jo\u00e3o Paulo Kawaoka Matushita e Viviane Santuari Parisotto Marino, com o apoio do ent\u00e3o diretor da Faculdade de Medicina da Universidade Federal de Minas Gerais (FM-UFMG), Prof. Francisco Jos\u00e9 Penna. Era consenso, \u00e0 \u00e9poca, de que [&hellip;]<\/p>\n","protected":false},"author":27,"featured_media":0,"parent":0,"menu_order":0,"comment_status":"closed","ping_status":"closed","template":"","meta":{"footnotes":""},"class_list":["post-45","page","type-page","status-publish","hentry"],"_links":{"self":[{"href":"https:\/\/www.medicina.ufmg.br\/ima\/wp-json\/wp\/v2\/pages\/45","targetHints":{"allow":["GET"]}}],"collection":[{"href":"https:\/\/www.medicina.ufmg.br\/ima\/wp-json\/wp\/v2\/pages"}],"about":[{"href":"https:\/\/www.medicina.ufmg.br\/ima\/wp-json\/wp\/v2\/types\/page"}],"author":[{"embeddable":true,"href":"https:\/\/www.medicina.ufmg.br\/ima\/wp-json\/wp\/v2\/users\/27"}],"replies":[{"embeddable":true,"href":"https:\/\/www.medicina.ufmg.br\/ima\/wp-json\/wp\/v2\/comments?post=45"}],"version-history":[{"count":22,"href":"https:\/\/www.medicina.ufmg.br\/ima\/wp-json\/wp\/v2\/pages\/45\/revisions"}],"predecessor-version":[{"id":631,"href":"https:\/\/www.medicina.ufmg.br\/ima\/wp-json\/wp\/v2\/pages\/45\/revisions\/631"}],"wp:attachment":[{"href":"https:\/\/www.medicina.ufmg.br\/ima\/wp-json\/wp\/v2\/media?parent=45"}],"curies":[{"name":"wp","href":"https:\/\/api.w.org\/{rel}","templated":true}]}}