{"id":56,"date":"2015-02-12T16:03:05","date_gmt":"2015-02-12T16:03:05","guid":{"rendered":"https:\/\/www.medicina.ufmg.br\/ima\/?page_id=56"},"modified":"2015-04-16T15:32:35","modified_gmt":"2015-04-16T15:32:35","slug":"residencia-medica-em-radiologia","status":"publish","type":"page","link":"https:\/\/www.medicina.ufmg.br\/ima\/residencia-medica-em-radiologia\/","title":{"rendered":"Resid\u00eancia M\u00e9dica em Radiologia"},"content":{"rendered":"<p>Servi\u00e7o de Radiologia do Hospital das Cl\u00ednicas \u2013 1\u00ba andar.<br \/>\nDepartamento de Proped\u00eautica Complementar da Faculdade de Medicina \u2013 4\u00ba andar.<\/p>\n<p>Dura\u00e7\u00e3o: 3 anos.<\/p>\n<p>O programa \u00e9 desenvolvido no Servi\u00e7o de Radiologia do Hospital das Cl\u00ednicas, respons\u00e1vel pela proped\u00eautica por m\u00e9todos de imagem, realizando mais de 80 mil procedimentos anualmente. Este Servi\u00e7o atende a toda comunidade do Hospital das Cl\u00ednicas da UFMG abrangendo Radiologia convencional\u00a0e especializada, mamografias, tomografia computadorizada, ultrassonografia, exames hemodin\u00e2micos, cintilografia, e resson\u00e2ncia magn\u00e9tica.<\/p>\n<p>O setor conta com a colabora\u00e7\u00e3o de v\u00e1rios radiologistas com reconhecida compet\u00eancia nas diversas modalidades de imagem.<\/p>\n<p><strong>Coordenador<\/strong><br \/>\nProf. Reginaldo Figueiredo<\/p>\n<p><strong>Preceptores<\/strong><\/p>\n<p>Cecil Bruno Buldrini Filog\u00f4nio<br \/>\nCid S\u00e9rgio Ferreira<br \/>\nJesiana Pedrosa<br \/>\nJo\u00e3o Paulo Kawaoka Matushita<br \/>\nJovita Lane<br \/>\nM\u00e1rcio Campos<br \/>\nReginaldo Figueiredo<br \/>\nRog\u00e9rio Augusto Pinto da Silva<br \/>\nWilson Tavares Campos<\/p>\n<p>&nbsp;<\/p>\n","protected":false},"excerpt":{"rendered":"<p>Servi\u00e7o de Radiologia do Hospital das Cl\u00ednicas \u2013 1\u00ba andar. Departamento de Proped\u00eautica Complementar da Faculdade de Medicina \u2013 4\u00ba andar. Dura\u00e7\u00e3o: 3 anos. O programa \u00e9 desenvolvido no Servi\u00e7o de Radiologia do Hospital das Cl\u00ednicas, respons\u00e1vel pela proped\u00eautica por m\u00e9todos de imagem, realizando mais de 80 mil procedimentos anualmente. Este Servi\u00e7o atende a toda [&hellip;]<\/p>\n","protected":false},"author":16,"featured_media":0,"parent":0,"menu_order":0,"comment_status":"closed","ping_status":"closed","template":"","meta":{"footnotes":""},"class_list":["post-56","page","type-page","status-publish","hentry"],"_links":{"self":[{"href":"https:\/\/www.medicina.ufmg.br\/ima\/wp-json\/wp\/v2\/pages\/56","targetHints":{"allow":["GET"]}}],"collection":[{"href":"https:\/\/www.medicina.ufmg.br\/ima\/wp-json\/wp\/v2\/pages"}],"about":[{"href":"https:\/\/www.medicina.ufmg.br\/ima\/wp-json\/wp\/v2\/types\/page"}],"author":[{"embeddable":true,"href":"https:\/\/www.medicina.ufmg.br\/ima\/wp-json\/wp\/v2\/users\/16"}],"replies":[{"embeddable":true,"href":"https:\/\/www.medicina.ufmg.br\/ima\/wp-json\/wp\/v2\/comments?post=56"}],"version-history":[{"count":2,"href":"https:\/\/www.medicina.ufmg.br\/ima\/wp-json\/wp\/v2\/pages\/56\/revisions"}],"predecessor-version":[{"id":125,"href":"https:\/\/www.medicina.ufmg.br\/ima\/wp-json\/wp\/v2\/pages\/56\/revisions\/125"}],"wp:attachment":[{"href":"https:\/\/www.medicina.ufmg.br\/ima\/wp-json\/wp\/v2\/media?parent=56"}],"curies":[{"name":"wp","href":"https:\/\/api.w.org\/{rel}","templated":true}]}}

Residência Médica em Radiologia

<p>Serviço de Radiologia do Hospital das Clínicas – 1º andar.<br />
Departamento de Propedêutica Complementar da Faculdade de Medicina – 4º andar.</p>
<p>Duração: 3 anos.</p>
<p>O programa é desenvolvido no Serviço de Radiologia do Hospital das Clínicas, responsável pela propedêutica por métodos de imagem, realizando mais de 80 mil procedimentos anualmente. Este Serviço atende a toda comunidade do Hospital das Clínicas da UFMG abrangendo Radiologia convencional e especializada, mamografias, tomografia computadorizada, ultrassonografia, exames hemodinâmicos, cintilografia, e ressonância magnética.</p>
<p>O setor conta com a colaboração de vários radiologistas com reconhecida competência nas diversas modalidades de imagem.</p>
<p><strong>Coordenador</strong><br />
Prof. Reginaldo Figueiredo</p>
<p><strong>Preceptores</strong></p>
<p>Cecil Bruno Buldrini Filogônio<br />
Cid Sérgio Ferreira<br />
Jesiana Pedrosa<br />
João Paulo Kawaoka Matushita<br />
Jovita Lane<br />
Márcio Campos<br />
Reginaldo Figueiredo<br />
Rogério Augusto Pinto da Silva<br />
Wilson Tavares Campos</p>
<p>&nbsp;</p>

<p>Serviço de Radiologia do Hospital das Clínicas – 1º andar. Departamento de Propedêutica Complementar da Faculdade de Medicina – 4º andar. Duração: 3 anos. O programa é desenvolvido no Serviço de Radiologia do Hospital das Clínicas, responsável pela propedêutica por métodos de imagem, realizando mais de 80 mil procedimentos anualmente. Este Serviço atende a toda [&hellip;]</p>
