{"id":22,"date":"2018-11-23T16:16:14","date_gmt":"2018-11-23T18:16:14","guid":{"rendered":"https:\/\/www.medicina.ufmg.br\/mostraiaps\/?page_id=22"},"modified":"2019-06-17T14:38:26","modified_gmt":"2019-06-17T17:38:26","slug":"1a-mostra","status":"publish","type":"page","link":"https:\/\/www.medicina.ufmg.br\/mostraaps\/1a-mostra\/","title":{"rendered":"1\u00aa Mostra"},"content":{"rendered":"<p>Clique na(s) aba(s) para ver o(s) v\u00eddeo(s) da mostra.<\/p>\n<div class=\"otw-sc-toggle\"><h3 class=\"toggle-trigger widget-title closed\"><i class=\"general foundicon-video\"> <\/i>V\u00eddeo 1: A UNIVERSALIDADE DA ASSIST\u00caNCIA A SA\u00daDE NO \u00c2MBITO DO SUS: RELATO DA APLICABILIDADE DESSE PRINC\u00cdPIO NA ATEN\u00c7\u00c3O PRIM\u00c1RIA SOB A \u00d3PTICA DA INTERA\u00c7\u00c3O ENTRE UMA ALUNA INTERCAMBISTA DO CURSO DE MEDICINA DA UNIVERSIDADE DE MASSACHUSETTS E OS ESTUDANTES DA FACULDADE DE MEDICINA DA UFMG<span class=\"icon\"><\/span><\/h3><div class=\"toggle-content\"><p><iframe src=\"https:\/\/www.youtube.com\/embed\/QHBJWFffxow\" width=\"100%\" height=\"315\" frameborder=\"0\" allowfullscreen=\"allowfullscreen\"><\/iframe><\/p><\/div><\/div>\n<div class=\"otw-sc-toggle\"><h3 class=\"toggle-trigger widget-title closed\"><i class=\"general foundicon-video\"> <\/i>V\u00eddeo 2: Aspectos biopsicossociais e sua import\u00e2ncia na constru\u00e7\u00e3o de uma linha de cuidado humanizada na Aten\u00e7\u00e3o Prim\u00e1ria \u00e0 Sa\u00fade<span class=\"icon\"><\/span><\/h3><div class=\"toggle-content\"><p><iframe src=\"https:\/\/www.youtube.com\/embed\/BpH5QNJV76U\" width=\"100%\" height=\"315\" frameborder=\"0\" allowfullscreen=\"allowfullscreen\"><\/iframe><\/p><\/div><\/div>\n<div class=\"otw-sc-toggle\"><h3 class=\"toggle-trigger widget-title closed\"><i class=\"general foundicon-video\"> <\/i>V\u00eddeo 3: Opini\u00f5es sobre o impacto do IAPS 1 na rotina da UBS e na forma\u00e7\u00e3o dos alunos<span class=\"icon\"><\/span><\/h3><div class=\"toggle-content\"><p><iframe src=\"https:\/\/www.youtube.com\/embed\/V_UkTUBstwA\" width=\"100%\" height=\"315\" frameborder=\"0\" allowfullscreen=\"allowfullscreen\"><\/iframe><\/p><\/div><\/div>\n<div class=\"otw-sc-toggle\"><h3 class=\"toggle-trigger widget-title closed\"><i class=\"general foundicon-video\"> <\/i>V\u00eddeo 4: De M\u00e3os Dadas com a Comunidade<span class=\"icon\"><\/span><\/h3><div class=\"toggle-content\"><p><iframe src=\"https:\/\/www.youtube.com\/embed\/GP4vRCB3pSo\" width=\"100%\" height=\"315\" frameborder=\"0\" allowfullscreen=\"allowfullscreen\"><\/iframe><\/p><\/div><\/div>\n<div class=\"otw-sc-toggle\"><h3 class=\"toggle-trigger widget-title closed\"><i class=\"general foundicon-video\"> <\/i>V\u00eddeo 5: Praticas Integrativas Complementares<span class=\"icon\"><\/span><\/h3><div class=\"toggle-content\"><p><iframe src=\"https:\/\/www.youtube.com\/embed\/FrjfSGi4YQs\" width=\"100%\" height=\"315\" frameborder=\"0\" allowfullscreen=\"allowfullscreen\"><\/iframe><\/p><\/div><\/div>\n<div class=\"otw-sc-toggle\"><h3 class=\"toggle-trigger widget-title closed\"><i class=\"general foundicon-video\"> <\/i>V\u00eddeo 6: A Academia da Cidade como promotora da sa\u00fade integral<span class=\"icon\"><\/span><\/h3><div class=\"toggle-content\"><p><iframe src=\"https:\/\/www.youtube.com\/embed\/Rl-yPlYb6p4\" width=\"100%\" height=\"315\" frameborder=\"0\" allowfullscreen=\"allowfullscreen\"><\/iframe><\/p><\/div><\/div>\n<div class=\"otw-sc-toggle\"><h3 class=\"toggle-trigger widget-title closed\"><i class=\"general foundicon-video\"> <\/i>V\u00eddeo 7: Centro de Sa\u00fade Cidade Ozanan: um exemplo de alcance de metas nas campanhas de vacina\u00e7\u00e3o<span class=\"icon\"><\/span><\/h3><div class=\"toggle-content\"><p><iframe src=\"https:\/\/www.youtube.com\/embed\/OAXdVj06UiM\" width=\"100%\" height=\"315\" frameborder=\"0\" allowfullscreen=\"allowfullscreen\"><\/iframe><\/p><\/div><\/div>\n<div class=\"otw-sc-toggle\"><h3 class=\"toggle-trigger widget-title closed\"><i class=\"general foundicon-video\"> <\/i>V\u00eddeo 8: Sr. Barbosa, uma viv\u00eancia salutar no Centro de Sa\u00fade Alcides Lins<span class=\"icon\"><\/span><\/h3><div class=\"toggle-content\"><p><iframe src=\"https:\/\/www.youtube.com\/embed\/6RJbK4GheDw\" width=\"100%\" height=\"315\" frameborder=\"0\" allowfullscreen=\"allowfullscreen\"><\/iframe><\/p><\/div><\/div>\n<div class=\"otw-sc-toggle\"><h3 class=\"toggle-trigger widget-title closed\"><i class=\"general foundicon-video\"> <\/i>V\u00eddeo 9: Integralidade e coordena\u00e7\u00e3o do cuidado no Centro de Sa\u00fade S\u00e3o Bernardo<span class=\"icon\"><\/span><\/h3><div class=\"toggle-content\"><p><iframe src=\"https:\/\/www.youtube.com\/embed\/A75UPIBhLps\" width=\"100%\" height=\"315\" frameborder=\"0\" allowfullscreen=\"allowfullscreen\"><\/iframe><\/p><\/div><\/div>\n<div class=\"otw-sc-toggle\"><h3 class=\"toggle-trigger widget-title closed\"><i class=\"general foundicon-video\"> <\/i>V\u00eddeo 10: CSCC: Acolher bem para melhor servir<span class=\"icon\"><\/span><\/h3><div class=\"toggle-content\"><p><iframe src=\"https:\/\/www.youtube.com\/embed\/Ks1RLZnJ_8s\" width=\"100%\" height=\"315\" frameborder=\"0\" allowfullscreen=\"allowfullscreen\"><\/iframe><\/p><\/div><\/div>\n<div class=\"otw-sc-toggle\"><h3 class=\"toggle-trigger widget-title closed\"><i class=\"general foundicon-video\"> <\/i>V\u00eddeo 11: Experi\u00eancia exitosa no centro de sa\u00fade provid\u00eancia<span class=\"icon\"><\/span><\/h3><div class=\"toggle-content\"><p><iframe src=\"https:\/\/www.youtube.com\/embed\/rCAEg2ei74E\" width=\"100%\" height=\"315\" frameborder=\"0\" allowfullscreen=\"allowfullscreen\"><\/iframe><\/p><\/div><\/div>\n<div class=\"otw-sc-toggle\"><h3 class=\"toggle-trigger widget-title closed\"><i class=\"general foundicon-video\"> <\/i>V\u00eddeo 12: Atendimento de caso agudo em Unidade B\u00e1sica de Sa\u00fade: princ\u00edpios, setores e procedimentos<span class=\"icon\"><\/span><\/h3><div class=\"toggle-content\"><p><iframe src=\"https:\/\/www.youtube.com\/embed\/61NYJS4-Rfo\" width=\"100%\" height=\"315\" frameborder=\"0\" allowfullscreen=\"allowfullscreen\"><\/iframe><\/p><\/div><\/div>\n<div class=\"otw-sc-toggle\"><h3 class=\"toggle-trigger widget-title closed\"><i class=\"general foundicon-video\"> <\/i>V\u00eddeo 13: Academia da Cidade: Produzindo cuidado na aten\u00e7\u00e3o prim\u00e1ria em sa\u00fade<span class=\"icon\"><\/span><\/h3><div class=\"toggle-content\"><p><iframe src=\"https:\/\/www.youtube.com\/embed\/TEkfxilfMDs\" width=\"100%\" height=\"315\" frameborder=\"0\" allowfullscreen=\"allowfullscreen\"><\/iframe><\/p><\/div><\/div>\n<div class=\"otw-sc-toggle\"><h3 class=\"toggle-trigger widget-title closed\"><i class=\"general foundicon-video\"> <\/i>V\u00eddeo 14: Academia da Cidade: Sa\u00fade em Movimento<span class=\"icon\"><\/span><\/h3><div class=\"toggle-content\"><p><iframe src=\"https:\/\/www.youtube.com\/embed\/ddDiNyRzMM4\" width=\"100%\" height=\"315\" frameborder=\"0\" allowfullscreen=\"allowfullscreen\"><\/iframe><\/p><\/div><\/div>\n<div class=\"otw-sc-toggle\"><h3 class=\"toggle-trigger widget-title closed\"><i class=\"general foundicon-video\"> <\/i>V\u00eddeo 15: Conhecendo o SUS por de tr\u00e1s do balc\u00e3o de atendimento de uma UBS<span class=\"icon\"><\/span><\/h3><div class=\"toggle-content\"><p><iframe src=\"https:\/\/www.youtube.com\/embed\/XN_4LwlBdL0\" width=\"100%\" height=\"315\" frameborder=\"0\" allowfullscreen=\"allowfullscreen\"><\/iframe><\/p><\/div><\/div>\n","protected":false},"excerpt":{"rendered":"<p>Clique na(s) aba(s) para ver o(s) v\u00eddeo(s) da mostra.<\/p>\n","protected":false},"author":33,"featured_media":0,"parent":0,"menu_order":0,"comment_status":"closed","ping_status":"closed","template":"","meta":{"footnotes":""},"class_list":["post-22","page","type-page","status-publish","hentry"],"_links":{"self":[{"href":"https:\/\/www.medicina.ufmg.br\/mostraaps\/wp-json\/wp\/v2\/pages\/22","targetHints":{"allow":["GET"]}}],"collection":[{"href":"https:\/\/www.medicina.ufmg.br\/mostraaps\/wp-json\/wp\/v2\/pages"}],"about":[{"href":"https:\/\/www.medicina.ufmg.br\/mostraaps\/wp-json\/wp\/v2\/types\/page"}],"author":[{"embeddable":true,"href":"https:\/\/www.medicina.ufmg.br\/mostraaps\/wp-json\/wp\/v2\/users\/33"}],"replies":[{"embeddable":true,"href":"https:\/\/www.medicina.ufmg.br\/mostraaps\/wp-json\/wp\/v2\/comments?post=22"}],"version-history":[{"count":16,"href":"https:\/\/www.medicina.ufmg.br\/mostraaps\/wp-json\/wp\/v2\/pages\/22\/revisions"}],"predecessor-version":[{"id":93,"href":"https:\/\/www.medicina.ufmg.br\/mostraaps\/wp-json\/wp\/v2\/pages\/22\/revisions\/93"}],"wp:attachment":[{"href":"https:\/\/www.medicina.ufmg.br\/mostraaps\/wp-json\/wp\/v2\/media?parent=22"}],"curies":[{"name":"wp","href":"https:\/\/api.w.org\/{rel}","templated":true}]}}