{"id":25,"date":"2018-11-23T16:16:56","date_gmt":"2018-11-23T18:16:56","guid":{"rendered":"https:\/\/www.medicina.ufmg.br\/mostraiaps\/?page_id=25"},"modified":"2019-10-31T16:49:14","modified_gmt":"2019-10-31T19:49:14","slug":"sobre","status":"publish","type":"page","link":"https:\/\/www.medicina.ufmg.br\/mostraaps\/sobre\/","title":{"rendered":"O que \u00e9"},"content":{"rendered":"\n<p>A 3\u00aa Mostra de Aten\u00e7\u00e3o Prim\u00e1ria \u00e0 Sa\u00fade da Faculdade de Medicina da UFMG contar\u00e1 com v\u00eddeos produzidos pelos pr\u00f3prios alunos\u00a0\u00a0atrav\u00e9s das disciplinas de Introdu\u00e7\u00e3o \u00e0 Aten\u00e7\u00e3o Prim\u00e1ria \u00e0 Sa\u00fade I, II e III\u00a0 relatando\u00a0uma experi\u00eancia exitosa em aten\u00e7\u00e3o prim\u00e1ria \u00e0 sa\u00fade identificada em seu centro de sa\u00fade, podendo envolver alunos, profissionais e gestores de sa\u00fade e usu\u00e1rios do Sistema \u00danico de Sa\u00fade (SUS) de Belo Horizonte (MG).<\/p>\n\n\n\n<p>As diretrizes curriculares nacionais do curso de medicina preconizam que a forma\u00e7\u00e3o dos novos profissionais m\u00e9dicos ocorra na Aten\u00e7\u00e3o Prim\u00e1ria \u00e0 Sa\u00fade ao longo dos seis anos da gradua\u00e7\u00e3o. A Faculdade de Medicina desde 2014 tem realizado um esfor\u00e7o, atrav\u00e9s da mudan\u00e7a curricular, para implementar essas diretrizes.<\/p>\n\n\n\n<!--more-->\n\n\n\n<p>Atualmente, desde o 2\u00ba per\u00edodo do curso m\u00e9dico, os alunos integram-se \u00e0s Equipes de Sa\u00fade da Fam\u00edlia da rede SUS de Belo Horizonte, atrav\u00e9s das disciplinas de Introdu\u00e7\u00e3o \u00e0 Aten\u00e7\u00e3o Prim\u00e1ria \u00e0 Sa\u00fade I, II e III. Estas disciplinas t\u00eam como campo de pr\u00e1tica 16 Centros de Sa\u00fade. Dessa maneira, um conjunto de professores dos Departamentos de Cl\u00ednica M\u00e9dica, Ginecologia-Obstetr\u00edcia, Medicina Preventiva e Social e Pediatria, aliado aos profissionais dos Centros de Sa\u00fade se co-responsabilizam pelo desenvolvimento de compet\u00eancias em cuidados, gest\u00e3o e educa\u00e7\u00e3o em sa\u00fade de novas gera\u00e7\u00f5es de m\u00e9dicas e m\u00e9dicos para o SUS.<\/p>\n\n\n\n<p>A rede de Aten\u00e7\u00e3o Prim\u00e1ria \u00e0 Sa\u00fade em Belo Horizonte \u00e9 bem estruturada, sendo refer\u00eancia nacional de qualidade.<\/p>\n\n\n\n<p>No segundo semestre de 2018, ocorreu a 1\u00aa Mostra de Aten\u00e7\u00e3o Prim\u00e1ria \u00e0 Sa\u00fade&nbsp;da FMUFMG, onde os alunos do IAPS I apresentaram para mais de 5000 pessoas da comunidade acad\u00eamica e do p\u00fablico externo as belas experi\u00eancias vivenciadas nos centros de sa\u00fade onde atuam. <\/p>\n\n\n\n<p>No segundo semestre de 2019, realizaremos a 2\u00aa Mostra de Aten\u00e7\u00e3o Prim\u00e1ria \u00e0 Sa\u00fade da FMUFMG, que contar\u00e1 com 16 v\u00eddeos produzidos pelos pr\u00f3prios alunos de uma experi\u00eancia exitosa em APS identificada nos 16 Centros de Sa\u00fade parceiros, podendo envolver alunos, profissionais e gestores de sa\u00fade e usu\u00e1rios do SUS.<\/p>\n\n\n\n<p>Cada v\u00eddeo conter\u00e1 uma apresenta\u00e7\u00e3o da tem\u00e1tica abordada, a descri\u00e7\u00e3o e detalhamento da experi\u00eancia em si e uma reflex\u00e3o sobre a contribui\u00e7\u00e3o da mesma para a APS.<\/p>\n\n\n\n<p>Esse v\u00eddeo, al\u00e9m de ser parte do processo avaliativo da disciplina, ir\u00e1 compor o conjunto de trabalhos da&nbsp;2\u00aa Mostra de Aten\u00e7\u00e3o Prim\u00e1ria \u00e0 Sa\u00fade&nbsp;apresentados pelos alunos para a comunidade acad\u00eamica da Faculdade de Medicina da UFMG (FMUFMG) no per\u00edodo de 26\/06 a 03\/07\/2019.<\/p>\n\n\n\n<p>Todos os v\u00eddeos ficar\u00e3o expostos nesse per\u00edodo em telas eletr\u00f4nicas no sagu\u00e3o da Faculdade de Medicina e hospedado na internet atrav\u00e9s do site organizado para o evento pelo Centro de Comunica\u00e7\u00e3o Social da FMUFMG.<\/p>\n\n\n\n<p>Todos os v\u00eddeos passar\u00e3o por duas avalia\u00e7\u00f5es:&nbsp;uma popular atrav\u00e9s do site do evento onde os v\u00eddeos poder\u00e3o receber vota\u00e7\u00e3o aberta (divulgada entre a comunidade acad\u00eamica, profissionais de sa\u00fade e gestores da SMS da PBH e outros); e uma segunda&nbsp;feita por uma comiss\u00e3o cient\u00edfica composta de docentes, gerentes dos Centros de Sa\u00fade e gestores da Ger\u00eancia em Aten\u00e7\u00e3o Prim\u00e1ria \u00e0 Sa\u00fade da Prefeitura Municipal de Belo Horizonte e \/ou especialistas do campo da sa\u00fade. Os quatro melhores v\u00eddeos na categoria cient\u00edfica e os tr\u00eas mais votados na popular receber\u00e3o premia\u00e7\u00e3o como vencedores da Mostra.&nbsp;O projeto ser\u00e1 cadastrado no Cenex e todos os alunos receber\u00e3o certificados de apresenta\u00e7\u00e3o \/ participa\u00e7\u00e3o na 2\u00aa Mostra da APS da FMUFMG.<\/p>\n\n\n\n<p>Tamb\u00e9m estar\u00e3o no sagu\u00e3o fotos dos Centros de Sa\u00fade onde as atividades pr\u00e1ticas dos alunos s\u00e3o realizadas.<\/p>\n\n\n\n<p>A 3a Mostra da APS\u2014 faz parte do esfor\u00e7o da Faculdade de Medicina da UFMG em contribuir para a forma\u00e7\u00e3o dos novos m\u00e9dicos na Aten\u00e7\u00e3o Prim\u00e1ria \u00e0 Sa\u00fade e de apresentar para as comunidades acad\u00eamica e extena as experi\u00eancias significativas que est\u00e3o ocorrendo no \u00e2mbito da Aten\u00e7\u00e3o Prim\u00e1ria \u00e0 Sa\u00fade na rede SUS de Belo Horizonte (MG).<\/p>\n\n\n\n<p>Que venham as experi\u00eancias da Aten\u00e7\u00e3o Prim\u00e1ria \u00e0 Sa\u00fade para serem apresentadas na Faculdade de Medicina. Boa Mostra para todos. Votem na sua experi\u00eancia preferida.<br><\/p>\n","protected":false},"excerpt":{"rendered":"<p>A 3\u00aa Mostra de Aten\u00e7\u00e3o Prim\u00e1ria \u00e0 Sa\u00fade da Faculdade de Medicina da UFMG contar\u00e1 com v\u00eddeos produzidos pelos pr\u00f3prios alunos\u00a0\u00a0atrav\u00e9s das disciplinas de Introdu\u00e7\u00e3o \u00e0 Aten\u00e7\u00e3o Prim\u00e1ria \u00e0 Sa\u00fade I, II e III\u00a0 relatando\u00a0uma experi\u00eancia exitosa em aten\u00e7\u00e3o prim\u00e1ria \u00e0 sa\u00fade identificada em seu centro de sa\u00fade, podendo envolver alunos, profissionais e gestores de [&hellip;]<\/p>\n","protected":false},"author":33,"featured_media":0,"parent":0,"menu_order":0,"comment_status":"closed","ping_status":"closed","template":"","meta":{"footnotes":""},"class_list":["post-25","page","type-page","status-publish","hentry"],"_links":{"self":[{"href":"https:\/\/www.medicina.ufmg.br\/mostraaps\/wp-json\/wp\/v2\/pages\/25","targetHints":{"allow":["GET"]}}],"collection":[{"href":"https:\/\/www.medicina.ufmg.br\/mostraaps\/wp-json\/wp\/v2\/pages"}],"about":[{"href":"https:\/\/www.medicina.ufmg.br\/mostraaps\/wp-json\/wp\/v2\/types\/page"}],"author":[{"embeddable":true,"href":"https:\/\/www.medicina.ufmg.br\/mostraaps\/wp-json\/wp\/v2\/users\/33"}],"replies":[{"embeddable":true,"href":"https:\/\/www.medicina.ufmg.br\/mostraaps\/wp-json\/wp\/v2\/comments?post=25"}],"version-history":[{"count":6,"href":"https:\/\/www.medicina.ufmg.br\/mostraaps\/wp-json\/wp\/v2\/pages\/25\/revisions"}],"predecessor-version":[{"id":146,"href":"https:\/\/www.medicina.ufmg.br\/mostraaps\/wp-json\/wp\/v2\/pages\/25\/revisions\/146"}],"wp:attachment":[{"href":"https:\/\/www.medicina.ufmg.br\/mostraaps\/wp-json\/wp\/v2\/media?parent=25"}],"curies":[{"name":"wp","href":"https:\/\/api.w.org\/{rel}","templated":true}]}}

O que é

<p>A 3ª Mostra de Atenção Primária à Saúde da Faculdade de Medicina da UFMG contará com vídeos produzidos pelos próprios alunos  através das disciplinas de Introdução à Atenção Primária à Saúde I, II e III  relatando uma experiência exitosa em atenção primária à saúde identificada em seu centro de saúde, podendo envolver alunos, profissionais e gestores de saúde e usuários do Sistema Único de Saúde (SUS) de Belo Horizonte (MG).</p>



<p>As diretrizes curriculares nacionais do curso de medicina preconizam que a formação dos novos profissionais médicos ocorra na Atenção Primária à Saúde ao longo dos seis anos da graduação. A Faculdade de Medicina desde 2014 tem realizado um esforço, através da mudança curricular, para implementar essas diretrizes.</p>



<!--more-->



<p>Atualmente, desde o 2º período do curso médico, os alunos integram-se às Equipes de Saúde da Família da rede SUS de Belo Horizonte, através das disciplinas de Introdução à Atenção Primária à Saúde I, II e III. Estas disciplinas têm como campo de prática 16 Centros de Saúde. Dessa maneira, um conjunto de professores dos Departamentos de Clínica Médica, Ginecologia-Obstetrícia, Medicina Preventiva e Social e Pediatria, aliado aos profissionais dos Centros de Saúde se co-responsabilizam pelo desenvolvimento de competências em cuidados, gestão e educação em saúde de novas gerações de médicas e médicos para o SUS.</p>



<p>A rede de Atenção Primária à Saúde em Belo Horizonte é bem estruturada, sendo referência nacional de qualidade.</p>



<p>No segundo semestre de 2018, ocorreu a 1ª Mostra de Atenção Primária à Saúde&nbsp;da FMUFMG, onde os alunos do IAPS I apresentaram para mais de 5000 pessoas da comunidade acadêmica e do público externo as belas experiências vivenciadas nos centros de saúde onde atuam. </p>



<p>No segundo semestre de 2019, realizaremos a 2ª Mostra de Atenção Primária à Saúde da FMUFMG, que contará com 16 vídeos produzidos pelos próprios alunos de uma experiência exitosa em APS identificada nos 16 Centros de Saúde parceiros, podendo envolver alunos, profissionais e gestores de saúde e usuários do SUS.</p>



<p>Cada vídeo conterá uma apresentação da temática abordada, a descrição e detalhamento da experiência em si e uma reflexão sobre a contribuição da mesma para a APS.</p>



<p>Esse vídeo, além de ser parte do processo avaliativo da disciplina, irá compor o conjunto de trabalhos da&nbsp;2ª Mostra de Atenção Primária à Saúde&nbsp;apresentados pelos alunos para a comunidade acadêmica da Faculdade de Medicina da UFMG (FMUFMG) no período de 26/06 a 03/07/2019.</p>



<p>Todos os vídeos ficarão expostos nesse período em telas eletrônicas no saguão da Faculdade de Medicina e hospedado na internet através do site organizado para o evento pelo Centro de Comunicação Social da FMUFMG.</p>



<p>Todos os vídeos passarão por duas avaliações:&nbsp;uma popular através do site do evento onde os vídeos poderão receber votação aberta (divulgada entre a comunidade acadêmica, profissionais de saúde e gestores da SMS da PBH e outros); e uma segunda&nbsp;feita por uma comissão científica composta de docentes, gerentes dos Centros de Saúde e gestores da Gerência em Atenção Primária à Saúde da Prefeitura Municipal de Belo Horizonte e /ou especialistas do campo da saúde. Os quatro melhores vídeos na categoria científica e os três mais votados na popular receberão premiação como vencedores da Mostra.&nbsp;O projeto será cadastrado no Cenex e todos os alunos receberão certificados de apresentação / participação na 2ª Mostra da APS da FMUFMG.</p>



<p>Também estarão no saguão fotos dos Centros de Saúde onde as atividades práticas dos alunos são realizadas.</p>



<p>A 3a Mostra da APS— faz parte do esforço da Faculdade de Medicina da UFMG em contribuir para a formação dos novos médicos na Atenção Primária à Saúde e de apresentar para as comunidades acadêmica e extena as experiências significativas que estão ocorrendo no âmbito da Atenção Primária à Saúde na rede SUS de Belo Horizonte (MG).</p>



<p>Que venham as experiências da Atenção Primária à Saúde para serem apresentadas na Faculdade de Medicina. Boa Mostra para todos. Votem na sua experiência preferida.<br></p>

<p>A 3ª Mostra de Atenção Primária à Saúde da Faculdade de Medicina da UFMG contará com vídeos produzidos pelos próprios alunos  através das disciplinas de Introdução à Atenção Primária à Saúde I, II e III  relatando uma experiência exitosa em atenção primária à saúde identificada em seu centro de saúde, podendo envolver alunos, profissionais e gestores de [&hellip;]</p>
