{"id":28,"date":"2018-11-23T16:17:46","date_gmt":"2018-11-23T18:17:46","guid":{"rendered":"https:\/\/www.medicina.ufmg.br\/mostraiaps\/?page_id=28"},"modified":"2019-11-01T10:32:30","modified_gmt":"2019-11-01T13:32:30","slug":"area-do-aluno","status":"publish","type":"page","link":"https:\/\/www.medicina.ufmg.br\/mostraaps\/area-do-aluno\/","title":{"rendered":""},"content":{"rendered":"<h1>Orienta\u00e7\u00f5es para alunos<\/h1>\n<p>Baixe o texto que traz orienta\u00e7\u00f5es para os alunos.<\/p>\n<p><a class=\"botao\" href=\"https:\/\/www.medicina.ufmg.br\/mostraaps\/wp-content\/uploads\/sites\/80\/2019\/11\/3\u00aa-Mostra-de-Aten\u00e7\u00e3o-Prim\u00e1ria-\u00e0-Sa\u00fade-01-11-2019.pdf\" target=\"_blank\" rel=\"noopener noreferrer\" download=\"\">Download<\/a><\/p>\n<h1>AUTORIZA\u00c7\u00c3O DE USO DE IMAGEM<\/h1>\n<p>Baixe o modelo do termo que deve ser utilizado por todas as pessoas que tiverem sua imagem veiculada nos v\u00eddeos.<\/p>\n<p><a class=\"botao\" href=\"https:\/\/www.medicina.ufmg.br\/mostraaps\/wp-content\/uploads\/sites\/80\/2018\/11\/AUTORIZA\u00c7\u00c3O-DE-USO-DE-IMAGEM-26-11-2018.pdf\" target=\"_blank\" rel=\"noopener noreferrer\" download=\"\">Download<\/a><\/p>\n<h1>MOLDURA PARA V\u00cdDEO<\/h1>\n<p>Baixe o arquivo que deve ser inserido no seu v\u00eddeo, na edi\u00e7\u00e3o, como moldura caracter\u00edstica da Mostra.<\/p>\n<p><a class=\"botao\" href=\"https:\/\/www.medicina.ufmg.br\/mostraaps\/wp-content\/uploads\/sites\/80\/2019\/11\/E-poster-3\u00aa-Mostra-de-Aten\u00e7\u00e3o-Prim\u00e1ria-\u00e0-Sa\u00fade.png\" target=\"_blank\" rel=\"noopener noreferrer\" download=\"\">Download<\/a><\/p>\n","protected":false},"excerpt":{"rendered":"<p>Orienta\u00e7\u00f5es para alunos Baixe o texto que traz orienta\u00e7\u00f5es para os alunos. Download AUTORIZA\u00c7\u00c3O DE USO DE IMAGEM Baixe o modelo do termo que deve ser utilizado por todas as pessoas que tiverem sua imagem veiculada nos v\u00eddeos. Download MOLDURA PARA V\u00cdDEO Baixe o arquivo que deve ser inserido no seu v\u00eddeo, na edi\u00e7\u00e3o, como [&hellip;]<\/p>\n","protected":false},"author":33,"featured_media":0,"parent":0,"menu_order":0,"comment_status":"closed","ping_status":"closed","template":"","meta":{"footnotes":""},"class_list":["post-28","page","type-page","status-publish","hentry"],"_links":{"self":[{"href":"https:\/\/www.medicina.ufmg.br\/mostraaps\/wp-json\/wp\/v2\/pages\/28","targetHints":{"allow":["GET"]}}],"collection":[{"href":"https:\/\/www.medicina.ufmg.br\/mostraaps\/wp-json\/wp\/v2\/pages"}],"about":[{"href":"https:\/\/www.medicina.ufmg.br\/mostraaps\/wp-json\/wp\/v2\/types\/page"}],"author":[{"embeddable":true,"href":"https:\/\/www.medicina.ufmg.br\/mostraaps\/wp-json\/wp\/v2\/users\/33"}],"replies":[{"embeddable":true,"href":"https:\/\/www.medicina.ufmg.br\/mostraaps\/wp-json\/wp\/v2\/comments?post=28"}],"version-history":[{"count":9,"href":"https:\/\/www.medicina.ufmg.br\/mostraaps\/wp-json\/wp\/v2\/pages\/28\/revisions"}],"predecessor-version":[{"id":150,"href":"https:\/\/www.medicina.ufmg.br\/mostraaps\/wp-json\/wp\/v2\/pages\/28\/revisions\/150"}],"wp:attachment":[{"href":"https:\/\/www.medicina.ufmg.br\/mostraaps\/wp-json\/wp\/v2\/media?parent=28"}],"curies":[{"name":"wp","href":"https:\/\/api.w.org\/{rel}","templated":true}]}}

<h1>Orientações para alunos</h1>
<p>Baixe o texto que traz orientações para os alunos.</p>
<p><a class="botao" href="https://www.medicina.ufmg.br/mostraaps/wp-content/uploads/sites/80/2019/11/3ª-Mostra-de-Atenção-Primária-à-Saúde-01-11-2019.pdf" target="_blank" rel="noopener noreferrer" download="">Download</a></p>
<h1>AUTORIZAÇÃO DE USO DE IMAGEM</h1>
<p>Baixe o modelo do termo que deve ser utilizado por todas as pessoas que tiverem sua imagem veiculada nos vídeos.</p>
<p><a class="botao" href="https://www.medicina.ufmg.br/mostraaps/wp-content/uploads/sites/80/2018/11/AUTORIZAÇÃO-DE-USO-DE-IMAGEM-26-11-2018.pdf" target="_blank" rel="noopener noreferrer" download="">Download</a></p>
<h1>MOLDURA PARA VÍDEO</h1>
<p>Baixe o arquivo que deve ser inserido no seu vídeo, na edição, como moldura característica da Mostra.</p>
<p><a class="botao" href="https://www.medicina.ufmg.br/mostraaps/wp-content/uploads/sites/80/2019/11/E-poster-3ª-Mostra-de-Atenção-Primária-à-Saúde.png" target="_blank" rel="noopener noreferrer" download="">Download</a></p>

<p>Orientações para alunos Baixe o texto que traz orientações para os alunos. Download AUTORIZAÇÃO DE USO DE IMAGEM Baixe o modelo do termo que deve ser utilizado por todas as pessoas que tiverem sua imagem veiculada nos vídeos. Download MOLDURA PARA VÍDEO Baixe o arquivo que deve ser inserido no seu vídeo, na edição, como [&hellip;]</p>
